{"id":2083,"date":"2022-02-09T13:32:56","date_gmt":"2022-02-09T12:32:56","guid":{"rendered":"https:\/\/www.univ-lorraine.fr\/culture\/?page_id=2083"},"modified":"2022-02-17T15:33:16","modified_gmt":"2022-02-17T14:33:16","slug":"ariel","status":"publish","type":"page","link":"https:\/\/www.univ-lorraine.fr\/culture\/residences-dauteurs-et-prix-litteraires\/ariel\/","title":{"rendered":"ARIEL &#8211; Auteur.e en R\u00e9sidence Internationale En Lorraine"},"content":{"rendered":"\n<figure class=\"wp-block-image alignwide size-large\"><img loading=\"lazy\" decoding=\"async\" width=\"1024\" height=\"341\" src=\"https:\/\/www.univ-lorraine.fr\/culture\/wp-content\/uploads\/sites\/10\/2022\/02\/banniere_ariel-1024x341.png\" alt=\"\" class=\"wp-image-2082\" srcset=\"https:\/\/www.univ-lorraine.fr\/culture\/wp-content\/uploads\/sites\/10\/2022\/02\/banniere_ariel-1024x341.png 1024w, https:\/\/www.univ-lorraine.fr\/culture\/wp-content\/uploads\/sites\/10\/2022\/02\/banniere_ariel-300x100.png 300w, https:\/\/www.univ-lorraine.fr\/culture\/wp-content\/uploads\/sites\/10\/2022\/02\/banniere_ariel-768x256.png 768w, https:\/\/www.univ-lorraine.fr\/culture\/wp-content\/uploads\/sites\/10\/2022\/02\/banniere_ariel.png 1083w\" sizes=\"auto, (max-width: 1024px) 100vw, 1024px\" \/><figcaption><em>Banni\u00e8re par L\u00e9a DEISS<\/em><\/figcaption><\/figure>\n\n\n<div class=\"gb-container gb-container-6730683e\"><div class=\"gb-inside-container\">\n\n<p><strong>ARIEL<\/strong>&nbsp;(Auteur.e en R\u00e9sidence Internationale En Lorraine), r\u00e9sidence d\u2019auteurs cr\u00e9\u00e9e en 2018, accueille chaque ann\u00e9e pour quatre mois un.e auteur.e international.e \u00e0 Nancy. La r\u00e9sidence, port\u00e9e par l\u2019UFR Arts, Lettres et Langues de Nancy et l\u2019IUT Nancy-Charlemagne, repose sur de nombreux partenariats culturels et \u00e9ducatifs dans le Grand-Est et au-del\u00e0. Elle met au centre du dispositif les \u00e9tudiants de l\u2019Universit\u00e9 de Lorraine, dont les talents linguistiques, artistiques ou organisationnels sont mis en valeur. Chaque r\u00e9sidence donne lieu \u00e0 un programme vari\u00e9 d\u2019\u00e9v\u00e9nements de m\u00e9diation culturelle dans les \u00e9tablissements scolaires, \u00e0 l\u2019universit\u00e9 et aupr\u00e8s du grand public, mais aussi \u00e0 la traduction collective d\u2019un in\u00e9dit de l\u2019auteur, \u00e0 la publication d\u2019un livre-m\u00e9moire de la r\u00e9sidence aux PUN-EDULOR, au tournage d\u2019une interview dans un lieu choisi par l\u2019auteur.e et \u00e0 de nombreux projets \u00e9tudiants autour de sa pr\u00e9sence en Lorraine. <\/p>\n\n\n\n<div class=\"wp-block-buttons is-content-justification-center is-layout-flex wp-container-core-buttons-is-layout-16018d1d wp-block-buttons-is-layout-flex\">\n<div class=\"wp-block-button\"><a class=\"wp-block-button__link\" href=\"https:\/\/ariel.univ-lorraine.fr\/\">Visitez le site d&rsquo;ARIEL<\/a><\/div>\n\n\n\n<div class=\"wp-block-button\"><a class=\"wp-block-button__link\" href=\"https:\/\/linktr.ee\/ARIEL_ul_\">Suivez ARIEL sur les r\u00e9seaux sociaux<\/a><\/div>\n<\/div>\n\n\n<div class=\"gb-grid-wrapper gb-grid-wrapper-43cb9a4b\">\n<div class=\"gb-grid-column gb-grid-column-ce61997d\"><div class=\"gb-container gb-container-ce61997d\"><div class=\"gb-inside-container\">\n\n<figure class=\"wp-block-image size-large\"><img loading=\"lazy\" decoding=\"async\" width=\"1024\" height=\"576\" src=\"https:\/\/www.univ-lorraine.fr\/culture\/wp-content\/uploads\/sites\/10\/2022\/02\/mohale_mashigo_jean_jaures-1024x576.png\" alt=\"\" class=\"wp-image-2090\" srcset=\"https:\/\/www.univ-lorraine.fr\/culture\/wp-content\/uploads\/sites\/10\/2022\/02\/mohale_mashigo_jean_jaures-1024x576.png 1024w, https:\/\/www.univ-lorraine.fr\/culture\/wp-content\/uploads\/sites\/10\/2022\/02\/mohale_mashigo_jean_jaures-300x169.png 300w, https:\/\/www.univ-lorraine.fr\/culture\/wp-content\/uploads\/sites\/10\/2022\/02\/mohale_mashigo_jean_jaures-768x432.png 768w, https:\/\/www.univ-lorraine.fr\/culture\/wp-content\/uploads\/sites\/10\/2022\/02\/mohale_mashigo_jean_jaures.png 1140w\" sizes=\"auto, (max-width: 1024px) 100vw, 1024px\" \/><figcaption>Mohale Mashigo \u00e0 l&rsquo;\u00e9cole Jean Jaur\u00e8s en 2020<\/figcaption><\/figure>\n\n<\/div><\/div><\/div>\n\n<div class=\"gb-grid-column gb-grid-column-3b8b032b\"><div class=\"gb-container gb-container-3b8b032b\"><div class=\"gb-inside-container\">\n\n<figure class=\"wp-block-image size-large\"><img loading=\"lazy\" decoding=\"async\" width=\"1024\" height=\"576\" src=\"https:\/\/www.univ-lorraine.fr\/culture\/wp-content\/uploads\/sites\/10\/2022\/02\/Atoutlire-SaFranko-1024x576.jpg\" alt=\"\" class=\"wp-image-2088\" srcset=\"https:\/\/www.univ-lorraine.fr\/culture\/wp-content\/uploads\/sites\/10\/2022\/02\/Atoutlire-SaFranko-1024x576.jpg 1024w, https:\/\/www.univ-lorraine.fr\/culture\/wp-content\/uploads\/sites\/10\/2022\/02\/Atoutlire-SaFranko-300x169.jpg 300w, https:\/\/www.univ-lorraine.fr\/culture\/wp-content\/uploads\/sites\/10\/2022\/02\/Atoutlire-SaFranko-768x432.jpg 768w, https:\/\/www.univ-lorraine.fr\/culture\/wp-content\/uploads\/sites\/10\/2022\/02\/Atoutlire-SaFranko.jpg 1140w\" sizes=\"auto, (max-width: 1024px) 100vw, 1024px\" \/><figcaption>Mark SaFranKo  \u00e0 la librairie <em>\u00c0 tout lire<\/em>  &#8211; Metz, novembre 2018<\/figcaption><\/figure>\n\n<\/div><\/div><\/div>\n<\/div>\n<\/div><\/div>\n\n\n<h2 class=\"gb-headline gb-headline-e1ca61ed gb-headline-text\">L&rsquo;\u00e9dition 2022-2023 : Jan Carson<\/h2>\n\n\n<div class=\"gb-grid-wrapper gb-grid-wrapper-687d6ba8\">\n<div class=\"gb-grid-column gb-grid-column-efa505a5\"><div class=\"gb-container gb-container-efa505a5\"><div class=\"gb-inside-container\">\n\n<figure class=\"wp-block-image size-full\"><img decoding=\"async\" src=\"https:\/\/www.univ-lorraine.fr\/culture\/wp-content\/uploads\/sites\/10\/2022\/02\/jan_carson_ariel-1.jpeg\" alt=\"\" class=\"wp-image-2080\"\/><\/figure>\n\n<\/div><\/div><\/div>\n\n<div class=\"gb-grid-column gb-grid-column-f9d767cf\"><div class=\"gb-container gb-container-f9d767cf\"><div class=\"gb-inside-container\">\n\n<p>L\u2019auteure choisie par le jury ARIEL pour la r\u00e9sidence 2022-23 (1er octobre au 31 janvier) est Jan Carson, romanci\u00e8re et nouvelliste d\u2019Irlande du nord, dont le roman&nbsp;<em>The Fire Starters<\/em>&nbsp;(2019) a re\u00e7u le Prix litt\u00e9raire de l\u2019Union Europ\u00e9enne pour l\u2019Irlande et doit \u00eatre prochainement adapt\u00e9 pour la BBC. Sa traduction fran\u00e7aise,&nbsp;<em>Les Lanceurs de Feu<\/em>,&nbsp;aux \u00e9ditions Sabine Wespieser, conna\u00eet \u00e9galement un beau succ\u00e8s en France. Jan Carson se d\u00e9finit aussi comme&nbsp;\u00ab&nbsp;community arts facilitator&nbsp;\u00bb&nbsp;: elle utilise l\u2019art comme medium pour rapprocher les communaut\u00e9s fragiles ou divis\u00e9es. Sa biographie et sa bibliographie sont disponibles sur le&nbsp;<a href=\"https:\/\/ariel.univ-lorraine.fr\/jancarson\/\"><strong>site ARIEL<\/strong>.<\/a><\/p>\n\n<\/div><\/div><\/div>\n<\/div>","protected":false},"excerpt":{"rendered":"<p>ARIEL&nbsp;(Auteur.e en R\u00e9sidence Internationale En Lorraine), r\u00e9sidence d\u2019auteurs cr\u00e9\u00e9e en 2018, accueille chaque ann\u00e9e pour quatre mois un.e auteur.e international.e \u00e0 Nancy. La r\u00e9sidence, port\u00e9e par l\u2019UFR Arts, Lettres et Langues de Nancy et l\u2019IUT Nancy-Charlemagne, repose sur de nombreux partenariats culturels et \u00e9ducatifs dans le Grand-Est et au-del\u00e0. Elle met au centre du dispositif &#8230; <a title=\"ARIEL &#8211; Auteur.e en R\u00e9sidence Internationale En Lorraine\" class=\"read-more\" href=\"https:\/\/www.univ-lorraine.fr\/culture\/residences-dauteurs-et-prix-litteraires\/ariel\/\" aria-label=\"En savoir plus sur ARIEL &#8211; Auteur.e en R\u00e9sidence Internationale En Lorraine\">Lire plus<\/a><\/p>\n","protected":false},"author":15,"featured_media":0,"parent":2109,"menu_order":0,"comment_status":"closed","ping_status":"closed","template":"","meta":{"inline_featured_image":false,"footnotes":""},"class_list":["post-2083","page","type-page","status-publish"],"yoast_head":"<!-- This site is optimized with the Yoast SEO plugin v27.4 - https:\/\/yoast.com\/product\/yoast-seo-wordpress\/ -->\n<title>ARIEL - Auteur.e en R\u00e9sidence Internationale En Lorraine - Culture<\/title>\n<meta name=\"description\" content=\"ARIEL - Auteur\u00b7e en R\u00e9sidence Internationale en Lorraine depuis 2018. auteurs accueillis : Jan Carson, Mohale Mashigo, Laura Fusco, Mark SaFranko.\" \/>\n<meta name=\"robots\" content=\"index, follow, max-snippet:-1, max-image-preview:large, max-video-preview:-1\" \/>\n<link rel=\"canonical\" href=\"https:\/\/www.univ-lorraine.fr\/culture\/residences-dauteurs-et-prix-litteraires\/ariel\/\" \/>\n<meta property=\"og:locale\" content=\"fr_FR\" \/>\n<meta property=\"og:type\" content=\"article\" \/>\n<meta property=\"og:title\" content=\"ARIEL - Auteur.e en R\u00e9sidence Internationale En Lorraine - Culture\" \/>\n<meta property=\"og:description\" content=\"ARIEL - Auteur\u00b7e en R\u00e9sidence Internationale en Lorraine depuis 2018. auteurs accueillis : Jan Carson, Mohale Mashigo, Laura Fusco, Mark SaFranko.\" \/>\n<meta property=\"og:url\" content=\"https:\/\/www.univ-lorraine.fr\/culture\/residences-dauteurs-et-prix-litteraires\/ariel\/\" \/>\n<meta property=\"og:site_name\" content=\"Culture\" \/>\n<meta property=\"article:modified_time\" content=\"2022-02-17T14:33:16+00:00\" \/>\n<meta property=\"og:image\" content=\"https:\/\/www.univ-lorraine.fr\/culture\/wp-content\/uploads\/sites\/10\/2022\/02\/banniere_ariel-1024x341.png\" \/>\n<meta name=\"twitter:card\" content=\"summary_large_image\" \/>\n<meta name=\"twitter:label1\" content=\"Dur\u00e9e de lecture estim\u00e9e\" \/>\n\t<meta name=\"twitter:data1\" content=\"3 minutes\" \/>\n<script type=\"application\/ld+json\" class=\"yoast-schema-graph\">{\"@context\":\"https:\\\/\\\/schema.org\",\"@graph\":[{\"@type\":\"WebPage\",\"@id\":\"https:\\\/\\\/www.univ-lorraine.fr\\\/culture\\\/residences-dauteurs-et-prix-litteraires\\\/ariel\\\/\",\"url\":\"https:\\\/\\\/www.univ-lorraine.fr\\\/culture\\\/residences-dauteurs-et-prix-litteraires\\\/ariel\\\/\",\"name\":\"ARIEL - Auteur.e en R\u00e9sidence Internationale En Lorraine - Culture\",\"isPartOf\":{\"@id\":\"https:\\\/\\\/www.univ-lorraine.fr\\\/culture\\\/#website\"},\"primaryImageOfPage\":{\"@id\":\"https:\\\/\\\/www.univ-lorraine.fr\\\/culture\\\/residences-dauteurs-et-prix-litteraires\\\/ariel\\\/#primaryimage\"},\"image\":{\"@id\":\"https:\\\/\\\/www.univ-lorraine.fr\\\/culture\\\/residences-dauteurs-et-prix-litteraires\\\/ariel\\\/#primaryimage\"},\"thumbnailUrl\":\"https:\\\/\\\/www.univ-lorraine.fr\\\/culture\\\/wp-content\\\/uploads\\\/sites\\\/10\\\/2022\\\/02\\\/banniere_ariel-1024x341.png\",\"datePublished\":\"2022-02-09T12:32:56+00:00\",\"dateModified\":\"2022-02-17T14:33:16+00:00\",\"description\":\"ARIEL - Auteur\u00b7e en R\u00e9sidence Internationale en Lorraine depuis 2018. auteurs accueillis : Jan Carson, Mohale Mashigo, Laura Fusco, Mark SaFranko.\",\"breadcrumb\":{\"@id\":\"https:\\\/\\\/www.univ-lorraine.fr\\\/culture\\\/residences-dauteurs-et-prix-litteraires\\\/ariel\\\/#breadcrumb\"},\"inLanguage\":\"fr-FR\",\"potentialAction\":[{\"@type\":\"ReadAction\",\"target\":[\"https:\\\/\\\/www.univ-lorraine.fr\\\/culture\\\/residences-dauteurs-et-prix-litteraires\\\/ariel\\\/\"]}]},{\"@type\":\"ImageObject\",\"inLanguage\":\"fr-FR\",\"@id\":\"https:\\\/\\\/www.univ-lorraine.fr\\\/culture\\\/residences-dauteurs-et-prix-litteraires\\\/ariel\\\/#primaryimage\",\"url\":\"https:\\\/\\\/www.univ-lorraine.fr\\\/culture\\\/wp-content\\\/uploads\\\/sites\\\/10\\\/2022\\\/02\\\/banniere_ariel.png\",\"contentUrl\":\"https:\\\/\\\/www.univ-lorraine.fr\\\/culture\\\/wp-content\\\/uploads\\\/sites\\\/10\\\/2022\\\/02\\\/banniere_ariel.png\",\"width\":1083,\"height\":361},{\"@type\":\"BreadcrumbList\",\"@id\":\"https:\\\/\\\/www.univ-lorraine.fr\\\/culture\\\/residences-dauteurs-et-prix-litteraires\\\/ariel\\\/#breadcrumb\",\"itemListElement\":[{\"@type\":\"ListItem\",\"position\":1,\"name\":\"Accueil\",\"item\":\"https:\\\/\\\/www.univ-lorraine.fr\\\/culture\\\/\"},{\"@type\":\"ListItem\",\"position\":2,\"name\":\"R\u00e9sidences d&rsquo;auteurs et prix litt\u00e9raires\",\"item\":\"https:\\\/\\\/www.univ-lorraine.fr\\\/culture\\\/residences-dauteurs-et-prix-litteraires\\\/\"},{\"@type\":\"ListItem\",\"position\":3,\"name\":\"ARIEL &#8211; Auteur.e en R\u00e9sidence Internationale En Lorraine\"}]},{\"@type\":\"WebSite\",\"@id\":\"https:\\\/\\\/www.univ-lorraine.fr\\\/culture\\\/#website\",\"url\":\"https:\\\/\\\/www.univ-lorraine.fr\\\/culture\\\/\",\"name\":\"Culture\",\"description\":\"\",\"publisher\":{\"@id\":\"https:\\\/\\\/www.univ-lorraine.fr\\\/culture\\\/#organization\"},\"potentialAction\":[{\"@type\":\"SearchAction\",\"target\":{\"@type\":\"EntryPoint\",\"urlTemplate\":\"https:\\\/\\\/www.univ-lorraine.fr\\\/culture\\\/?s={search_term_string}\"},\"query-input\":{\"@type\":\"PropertyValueSpecification\",\"valueRequired\":true,\"valueName\":\"search_term_string\"}}],\"inLanguage\":\"fr-FR\"},{\"@type\":\"Organization\",\"@id\":\"https:\\\/\\\/www.univ-lorraine.fr\\\/culture\\\/#organization\",\"name\":\"Universit\u00e9 de Lorraine\",\"url\":\"https:\\\/\\\/www.univ-lorraine.fr\\\/culture\\\/\",\"logo\":{\"@type\":\"ImageObject\",\"inLanguage\":\"fr-FR\",\"@id\":\"https:\\\/\\\/www.univ-lorraine.fr\\\/culture\\\/#\\\/schema\\\/logo\\\/image\\\/\",\"url\":\"https:\\\/\\\/www.univ-lorraine.fr\\\/culture\\\/wp-content\\\/uploads\\\/sites\\\/10\\\/2021\\\/01\\\/LOGO_UL.png\",\"contentUrl\":\"https:\\\/\\\/www.univ-lorraine.fr\\\/culture\\\/wp-content\\\/uploads\\\/sites\\\/10\\\/2021\\\/01\\\/LOGO_UL.png\",\"width\":138,\"height\":48,\"caption\":\"Universit\u00e9 de Lorraine\"},\"image\":{\"@id\":\"https:\\\/\\\/www.univ-lorraine.fr\\\/culture\\\/#\\\/schema\\\/logo\\\/image\\\/\"}}]}<\/script>\n<!-- \/ Yoast SEO plugin. -->","yoast_head_json":{"title":"ARIEL - Auteur.e en R\u00e9sidence Internationale En Lorraine - Culture","description":"ARIEL - Auteur\u00b7e en R\u00e9sidence Internationale en Lorraine depuis 2018. auteurs accueillis : Jan Carson, Mohale Mashigo, Laura Fusco, Mark SaFranko.","robots":{"index":"index","follow":"follow","max-snippet":"max-snippet:-1","max-image-preview":"max-image-preview:large","max-video-preview":"max-video-preview:-1"},"canonical":"https:\/\/www.univ-lorraine.fr\/culture\/residences-dauteurs-et-prix-litteraires\/ariel\/","og_locale":"fr_FR","og_type":"article","og_title":"ARIEL - Auteur.e en R\u00e9sidence Internationale En Lorraine - Culture","og_description":"ARIEL - Auteur\u00b7e en R\u00e9sidence Internationale en Lorraine depuis 2018. auteurs accueillis : Jan Carson, Mohale Mashigo, Laura Fusco, Mark SaFranko.","og_url":"https:\/\/www.univ-lorraine.fr\/culture\/residences-dauteurs-et-prix-litteraires\/ariel\/","og_site_name":"Culture","article_modified_time":"2022-02-17T14:33:16+00:00","og_image":[{"url":"https:\/\/www.univ-lorraine.fr\/culture\/wp-content\/uploads\/sites\/10\/2022\/02\/banniere_ariel-1024x341.png","type":"","width":"","height":""}],"twitter_card":"summary_large_image","twitter_misc":{"Dur\u00e9e de lecture estim\u00e9e":"3 minutes"},"schema":{"@context":"https:\/\/schema.org","@graph":[{"@type":"WebPage","@id":"https:\/\/www.univ-lorraine.fr\/culture\/residences-dauteurs-et-prix-litteraires\/ariel\/","url":"https:\/\/www.univ-lorraine.fr\/culture\/residences-dauteurs-et-prix-litteraires\/ariel\/","name":"ARIEL - Auteur.e en R\u00e9sidence Internationale En Lorraine - Culture","isPartOf":{"@id":"https:\/\/www.univ-lorraine.fr\/culture\/#website"},"primaryImageOfPage":{"@id":"https:\/\/www.univ-lorraine.fr\/culture\/residences-dauteurs-et-prix-litteraires\/ariel\/#primaryimage"},"image":{"@id":"https:\/\/www.univ-lorraine.fr\/culture\/residences-dauteurs-et-prix-litteraires\/ariel\/#primaryimage"},"thumbnailUrl":"https:\/\/www.univ-lorraine.fr\/culture\/wp-content\/uploads\/sites\/10\/2022\/02\/banniere_ariel-1024x341.png","datePublished":"2022-02-09T12:32:56+00:00","dateModified":"2022-02-17T14:33:16+00:00","description":"ARIEL - Auteur\u00b7e en R\u00e9sidence Internationale en Lorraine depuis 2018. auteurs accueillis : Jan Carson, Mohale Mashigo, Laura Fusco, Mark SaFranko.","breadcrumb":{"@id":"https:\/\/www.univ-lorraine.fr\/culture\/residences-dauteurs-et-prix-litteraires\/ariel\/#breadcrumb"},"inLanguage":"fr-FR","potentialAction":[{"@type":"ReadAction","target":["https:\/\/www.univ-lorraine.fr\/culture\/residences-dauteurs-et-prix-litteraires\/ariel\/"]}]},{"@type":"ImageObject","inLanguage":"fr-FR","@id":"https:\/\/www.univ-lorraine.fr\/culture\/residences-dauteurs-et-prix-litteraires\/ariel\/#primaryimage","url":"https:\/\/www.univ-lorraine.fr\/culture\/wp-content\/uploads\/sites\/10\/2022\/02\/banniere_ariel.png","contentUrl":"https:\/\/www.univ-lorraine.fr\/culture\/wp-content\/uploads\/sites\/10\/2022\/02\/banniere_ariel.png","width":1083,"height":361},{"@type":"BreadcrumbList","@id":"https:\/\/www.univ-lorraine.fr\/culture\/residences-dauteurs-et-prix-litteraires\/ariel\/#breadcrumb","itemListElement":[{"@type":"ListItem","position":1,"name":"Accueil","item":"https:\/\/www.univ-lorraine.fr\/culture\/"},{"@type":"ListItem","position":2,"name":"R\u00e9sidences d&rsquo;auteurs et prix litt\u00e9raires","item":"https:\/\/www.univ-lorraine.fr\/culture\/residences-dauteurs-et-prix-litteraires\/"},{"@type":"ListItem","position":3,"name":"ARIEL &#8211; Auteur.e en R\u00e9sidence Internationale En Lorraine"}]},{"@type":"WebSite","@id":"https:\/\/www.univ-lorraine.fr\/culture\/#website","url":"https:\/\/www.univ-lorraine.fr\/culture\/","name":"Culture","description":"","publisher":{"@id":"https:\/\/www.univ-lorraine.fr\/culture\/#organization"},"potentialAction":[{"@type":"SearchAction","target":{"@type":"EntryPoint","urlTemplate":"https:\/\/www.univ-lorraine.fr\/culture\/?s={search_term_string}"},"query-input":{"@type":"PropertyValueSpecification","valueRequired":true,"valueName":"search_term_string"}}],"inLanguage":"fr-FR"},{"@type":"Organization","@id":"https:\/\/www.univ-lorraine.fr\/culture\/#organization","name":"Universit\u00e9 de Lorraine","url":"https:\/\/www.univ-lorraine.fr\/culture\/","logo":{"@type":"ImageObject","inLanguage":"fr-FR","@id":"https:\/\/www.univ-lorraine.fr\/culture\/#\/schema\/logo\/image\/","url":"https:\/\/www.univ-lorraine.fr\/culture\/wp-content\/uploads\/sites\/10\/2021\/01\/LOGO_UL.png","contentUrl":"https:\/\/www.univ-lorraine.fr\/culture\/wp-content\/uploads\/sites\/10\/2021\/01\/LOGO_UL.png","width":138,"height":48,"caption":"Universit\u00e9 de Lorraine"},"image":{"@id":"https:\/\/www.univ-lorraine.fr\/culture\/#\/schema\/logo\/image\/"}}]}},"_links":{"self":[{"href":"https:\/\/www.univ-lorraine.fr\/culture\/wp-json\/wp\/v2\/pages\/2083","targetHints":{"allow":["GET"]}}],"collection":[{"href":"https:\/\/www.univ-lorraine.fr\/culture\/wp-json\/wp\/v2\/pages"}],"about":[{"href":"https:\/\/www.univ-lorraine.fr\/culture\/wp-json\/wp\/v2\/types\/page"}],"author":[{"embeddable":true,"href":"https:\/\/www.univ-lorraine.fr\/culture\/wp-json\/wp\/v2\/users\/15"}],"replies":[{"embeddable":true,"href":"https:\/\/www.univ-lorraine.fr\/culture\/wp-json\/wp\/v2\/comments?post=2083"}],"version-history":[{"count":22,"href":"https:\/\/www.univ-lorraine.fr\/culture\/wp-json\/wp\/v2\/pages\/2083\/revisions"}],"predecessor-version":[{"id":2130,"href":"https:\/\/www.univ-lorraine.fr\/culture\/wp-json\/wp\/v2\/pages\/2083\/revisions\/2130"}],"up":[{"embeddable":true,"href":"https:\/\/www.univ-lorraine.fr\/culture\/wp-json\/wp\/v2\/pages\/2109"}],"wp:attachment":[{"href":"https:\/\/www.univ-lorraine.fr\/culture\/wp-json\/wp\/v2\/media?parent=2083"}],"curies":[{"name":"wp","href":"https:\/\/api.w.org\/{rel}","templated":true}]}}