{"id":3127,"date":"2023-06-16T12:05:27","date_gmt":"2023-06-16T10:05:27","guid":{"rendered":"https:\/\/www.univ-lorraine.fr\/culture\/?page_id=3127"},"modified":"2025-02-07T13:54:41","modified_gmt":"2025-02-07T12:54:41","slug":"programmes-territoires","status":"publish","type":"page","link":"https:\/\/www.univ-lorraine.fr\/culture\/culturesci\/programmes-territoires\/","title":{"rendered":"Programmes en territoires"},"content":{"rendered":"<div class=\"gb-container gb-container-3a8a9378\">\n\n<p><strong>L&rsquo;Universit\u00e9 de Lorraine travaille avec ses partenaires scientifiques et de nombreux territoires pour proposer des actions de m\u00e9diation au plus proche des publics. Retrouvez ici les actions et programmes sp\u00e9cifiques.<\/strong><\/p>\n\n\n<div class=\"gb-grid-wrapper gb-grid-wrapper-24127330\">\n<div class=\"gb-grid-column gb-grid-column-56169282\"><div class=\"gb-container gb-container-56169282\">\n\n<figure class=\"gb-block-image gb-block-image-66094066\"><img loading=\"lazy\" decoding=\"async\" width=\"4500\" height=\"4500\" class=\"gb-image gb-image-66094066\" src=\"https:\/\/www.univ-lorraine.fr\/culture\/wp-content\/uploads\/sites\/10\/2023\/11\/pour-site-web-ex-utl-1.png\" alt=\"\" title=\"pour-site-web-ex-utl-1\" srcset=\"https:\/\/www.univ-lorraine.fr\/culture\/wp-content\/uploads\/sites\/10\/2023\/11\/pour-site-web-ex-utl-1.png 4500w, https:\/\/www.univ-lorraine.fr\/culture\/wp-content\/uploads\/sites\/10\/2023\/11\/pour-site-web-ex-utl-1-300x300.png 300w, https:\/\/www.univ-lorraine.fr\/culture\/wp-content\/uploads\/sites\/10\/2023\/11\/pour-site-web-ex-utl-1-1024x1024.png 1024w, https:\/\/www.univ-lorraine.fr\/culture\/wp-content\/uploads\/sites\/10\/2023\/11\/pour-site-web-ex-utl-1-150x150.png 150w, https:\/\/www.univ-lorraine.fr\/culture\/wp-content\/uploads\/sites\/10\/2023\/11\/pour-site-web-ex-utl-1-768x768.png 768w, https:\/\/www.univ-lorraine.fr\/culture\/wp-content\/uploads\/sites\/10\/2023\/11\/pour-site-web-ex-utl-1-1536x1536.png 1536w, https:\/\/www.univ-lorraine.fr\/culture\/wp-content\/uploads\/sites\/10\/2023\/11\/pour-site-web-ex-utl-1-2048x2048.png 2048w\" sizes=\"auto, (max-width: 4500px) 100vw, 4500px\" \/><\/figure>\n\n\n\n<h3 class=\"gb-headline gb-headline-a0166cc3 gb-headline-text\"><a href=\"https:\/\/www.univ-lorraine.fr\/culture\/culturesci\/ateliers-conferences-et-visites\/\">Rencontres en moselle<\/a><\/h3>\n\n\n\n<p>Gratuite et ouverte \u00e0 tous, sans distinction d\u2019\u00e2ge, ni de dipl\u00f4me, la programmation Sciences \/ Soci\u00e9t\u00e9 en Moselle offre \u00e0 tous le potentiel des connaissances de l\u2019universit\u00e9.<\/p>\n\n<\/div><\/div>\n\n<div class=\"gb-grid-column gb-grid-column-0bbaf804\"><div class=\"gb-container gb-container-0bbaf804\">\n\n<figure class=\"gb-block-image gb-block-image-01fa822e\"><a href=\"https:\/\/www.univ-lorraine.fr\/culture\/culturesci\/programmes-territoires\/escales-des-sciences\/\" target=\"_blank\" rel=\"noopener noreferrer\"><img loading=\"lazy\" decoding=\"async\" width=\"1080\" height=\"1080\" class=\"gb-image gb-image-01fa822e\" src=\"https:\/\/www.univ-lorraine.fr\/culture\/wp-content\/uploads\/sites\/10\/2021\/05\/visuel_catalogue_escales.jpg\" alt=\"\" title=\"visuel_catalogue_escales\" srcset=\"https:\/\/www.univ-lorraine.fr\/culture\/wp-content\/uploads\/sites\/10\/2021\/05\/visuel_catalogue_escales.jpg 1080w, https:\/\/www.univ-lorraine.fr\/culture\/wp-content\/uploads\/sites\/10\/2021\/05\/visuel_catalogue_escales-300x300.jpg 300w, https:\/\/www.univ-lorraine.fr\/culture\/wp-content\/uploads\/sites\/10\/2021\/05\/visuel_catalogue_escales-1024x1024.jpg 1024w, https:\/\/www.univ-lorraine.fr\/culture\/wp-content\/uploads\/sites\/10\/2021\/05\/visuel_catalogue_escales-150x150.jpg 150w, https:\/\/www.univ-lorraine.fr\/culture\/wp-content\/uploads\/sites\/10\/2021\/05\/visuel_catalogue_escales-768x768.jpg 768w\" sizes=\"auto, (max-width: 1080px) 100vw, 1080px\" \/><\/a><\/figure>\n\n\n\n<h3 class=\"gb-headline gb-headline-b2880780 gb-headline-text\"><a href=\"https:\/\/www.univ-lorraine.fr\/culture\/culturesci\/programmes-territoires\/escales-des-sciences\/\" target=\"_blank\" rel=\"noreferrer noopener\">ESCALES DES SCIENCES<\/a><\/h3>\n\n\n\n<p>En partenariat avec Accustica et la Nef des sciences, l\u2019Universit\u00e9 de Lorraine organise l\u2019itin\u00e9rance d\u2019expositions et de malles p\u00e9dagogiques qui abordent des th\u00e8mes scientifiques g\u00e9n\u00e9raux.<\/p>\n\n<\/div><\/div>\n\n<div class=\"gb-grid-column gb-grid-column-0fe67cb4\"><div class=\"gb-container gb-container-0fe67cb4\">\n\n<figure class=\"gb-block-image gb-block-image-64719618\"><a href=\"https:\/\/www.univ-lorraine.fr\/culture\/culturesci\/les-sciences-sagitent-sur-les-territoires\/\" target=\"_blank\" rel=\"noopener noreferrer\"><img loading=\"lazy\" decoding=\"async\" width=\"1280\" height=\"1280\" class=\"gb-image gb-image-64719618\" src=\"https:\/\/www.univ-lorraine.fr\/culture\/wp-content\/uploads\/sites\/10\/2024\/09\/balade-paleo.jpg\" alt=\"\" title=\"balade-paleo\" srcset=\"https:\/\/www.univ-lorraine.fr\/culture\/wp-content\/uploads\/sites\/10\/2024\/09\/balade-paleo.jpg 1280w, https:\/\/www.univ-lorraine.fr\/culture\/wp-content\/uploads\/sites\/10\/2024\/09\/balade-paleo-300x300.jpg 300w, https:\/\/www.univ-lorraine.fr\/culture\/wp-content\/uploads\/sites\/10\/2024\/09\/balade-paleo-1024x1024.jpg 1024w, https:\/\/www.univ-lorraine.fr\/culture\/wp-content\/uploads\/sites\/10\/2024\/09\/balade-paleo-150x150.jpg 150w, https:\/\/www.univ-lorraine.fr\/culture\/wp-content\/uploads\/sites\/10\/2024\/09\/balade-paleo-768x768.jpg 768w\" sizes=\"auto, (max-width: 1280px) 100vw, 1280px\" \/><\/a><\/figure>\n\n\n\n<h3 class=\"gb-headline gb-headline-a481c9bb gb-headline-text\"><a href=\"https:\/\/www.univ-lorraine.fr\/culture\/culturesci\/les-sciences-sagitent-sur-les-territoires\/\" target=\"_blank\" rel=\"noreferrer noopener\">Les SCIENCES S&rsquo;AGITENT SUR LES TERRITOIRES !<\/a><\/h3>\n\n\n\n<p>Entre avril et octobre 2024, les chercheur\u00b7e\u00b7s s\u2019animent \u00e0 travers la Lorraine pour \u00e9changer avec les citoyens des territoires ruraux.<\/p>\n\n<\/div><\/div>\n\n<div class=\"gb-grid-column gb-grid-column-4eb6a68d\"><div class=\"gb-container gb-container-4eb6a68d\">\n\n<figure class=\"gb-block-image gb-block-image-d12aaf68\"><a href=\"https:\/\/soundcloud.com\/culturesci\/sets\/la-recherche-en-chanson\" target=\"_blank\" rel=\"noopener noreferrer\"><img loading=\"lazy\" decoding=\"async\" width=\"1094\" height=\"1096\" class=\"gb-image gb-image-d12aaf68\" src=\"https:\/\/www.univ-lorraine.fr\/culture\/wp-content\/uploads\/sites\/10\/2021\/05\/La-recherche-en-chanson-visuel-sans-logo-carre-web-1Mo.jpg\" alt=\"\" title=\"La recherche en chanson visuel sans logo 15x15 cm\" srcset=\"https:\/\/www.univ-lorraine.fr\/culture\/wp-content\/uploads\/sites\/10\/2021\/05\/La-recherche-en-chanson-visuel-sans-logo-carre-web-1Mo.jpg 1094w, https:\/\/www.univ-lorraine.fr\/culture\/wp-content\/uploads\/sites\/10\/2021\/05\/La-recherche-en-chanson-visuel-sans-logo-carre-web-1Mo-300x300.jpg 300w, https:\/\/www.univ-lorraine.fr\/culture\/wp-content\/uploads\/sites\/10\/2021\/05\/La-recherche-en-chanson-visuel-sans-logo-carre-web-1Mo-1022x1024.jpg 1022w, https:\/\/www.univ-lorraine.fr\/culture\/wp-content\/uploads\/sites\/10\/2021\/05\/La-recherche-en-chanson-visuel-sans-logo-carre-web-1Mo-150x150.jpg 150w, https:\/\/www.univ-lorraine.fr\/culture\/wp-content\/uploads\/sites\/10\/2021\/05\/La-recherche-en-chanson-visuel-sans-logo-carre-web-1Mo-768x769.jpg 768w\" sizes=\"auto, (max-width: 1094px) 100vw, 1094px\" \/><\/a><\/figure>\n\n\n\n<h3 class=\"gb-headline gb-headline-df914bd8 gb-headline-text\"><a href=\"https:\/\/soundcloud.com\/culturesci\/sets\/la-recherche-en-chanson\">La recherche<br>en chanso<\/a><a href=\"https:\/\/soundcloud.com\/culturesci\/sets\/la-recherche-en-chanson\" target=\"_blank\" rel=\"noreferrer noopener\">n<\/a><\/h3>\n\n\n\n<p>L\u2019Universit\u00e9 de Lorraine a command\u00e9 \u00e0 la compagnie Crache-Texte, des chansons pour mettre en r\u00e9cit la recherche. Les textes produits balancent entre humour, m\u00e9diation des savoirs et engagement.<\/p>\n\n\n\n<p style=\"font-size:15px\"><a href=\"https:\/\/soundcloud.com\/culturesci\/sets\/la-recherche-en-chanson\">\u00c9coutez sur Soundclo<\/a><a href=\"https:\/\/soundcloud.com\/culturesci\/sets\/la-recherche-en-chanson\" target=\"_blank\" rel=\"noreferrer noopener\">ud<\/a> \u2197<\/p>\n\n<\/div><\/div>\n\n<div class=\"gb-grid-column gb-grid-column-6767cf8a\"><div class=\"gb-container gb-container-6767cf8a\">\n\n<figure class=\"gb-block-image gb-block-image-69ea120e\"><a href=\"https:\/\/www.univ-lorraine.fr\/culture\/culturesci\/programmes-territoires\/cherche-et-recherche\/\" target=\"_blank\" rel=\"noopener noreferrer\"><img loading=\"lazy\" decoding=\"async\" width=\"851\" height=\"851\" class=\"gb-image gb-image-69ea120e\" src=\"https:\/\/www.univ-lorraine.fr\/culture\/wp-content\/uploads\/sites\/10\/2021\/05\/Cherche-recherche-carre-web-3.jpg\" alt=\"\" title=\"Cherche &amp; recherche - sticker 15x15 cm\" srcset=\"https:\/\/www.univ-lorraine.fr\/culture\/wp-content\/uploads\/sites\/10\/2021\/05\/Cherche-recherche-carre-web-3.jpg 851w, https:\/\/www.univ-lorraine.fr\/culture\/wp-content\/uploads\/sites\/10\/2021\/05\/Cherche-recherche-carre-web-3-300x300.jpg 300w, https:\/\/www.univ-lorraine.fr\/culture\/wp-content\/uploads\/sites\/10\/2021\/05\/Cherche-recherche-carre-web-3-150x150.jpg 150w, https:\/\/www.univ-lorraine.fr\/culture\/wp-content\/uploads\/sites\/10\/2021\/05\/Cherche-recherche-carre-web-3-768x768.jpg 768w\" sizes=\"auto, (max-width: 851px) 100vw, 851px\" \/><\/a><\/figure>\n\n\n\n<h3 class=\"gb-headline gb-headline-946890c4 gb-headline-text\"><a href=\"https:\/\/www.univ-lorraine.fr\/culture\/culturesci\/programmes-territoires\/cherche-et-recherche\/\" target=\"_blank\" rel=\"noreferrer noopener\">CHERCHe<br>&amp; RECHERCHE<\/a><\/h3>\n\n\n\n<p>Cherche &amp; Recherche<strong>&nbsp;<\/strong>est un recueil d\u2019illustrations grand format mettant en sc\u00e8ne les sciences sous la forme de petits personnages \u00e0 identifier dans des d\u00e9cors surpeupl\u00e9s.<\/p>\n\n<\/div><\/div>\n\n<div class=\"gb-grid-column gb-grid-column-82225b52\"><div class=\"gb-container gb-container-82225b52\">\n\n<figure class=\"gb-block-image gb-block-image-1cefcf8a\"><a href=\"https:\/\/herolinks.ca\/CNRS_Centre-Est\" target=\"_blank\" rel=\"noopener noreferrer\"><img loading=\"lazy\" decoding=\"async\" width=\"1250\" height=\"1250\" class=\"gb-image gb-image-1cefcf8a\" src=\"https:\/\/www.univ-lorraine.fr\/culture\/wp-content\/uploads\/sites\/10\/2024\/09\/lumiere-sur.-cnrs_centre-est.jpg\" alt=\"\" title=\"Lumi\u00e8re sur... CNRS_Centre-Est\" srcset=\"https:\/\/www.univ-lorraine.fr\/culture\/wp-content\/uploads\/sites\/10\/2024\/09\/lumiere-sur.-cnrs_centre-est.jpg 1250w, https:\/\/www.univ-lorraine.fr\/culture\/wp-content\/uploads\/sites\/10\/2024\/09\/lumiere-sur.-cnrs_centre-est-300x300.jpg 300w, https:\/\/www.univ-lorraine.fr\/culture\/wp-content\/uploads\/sites\/10\/2024\/09\/lumiere-sur.-cnrs_centre-est-1024x1024.jpg 1024w, https:\/\/www.univ-lorraine.fr\/culture\/wp-content\/uploads\/sites\/10\/2024\/09\/lumiere-sur.-cnrs_centre-est-150x150.jpg 150w, https:\/\/www.univ-lorraine.fr\/culture\/wp-content\/uploads\/sites\/10\/2024\/09\/lumiere-sur.-cnrs_centre-est-768x768.jpg 768w\" sizes=\"auto, (max-width: 1250px) 100vw, 1250px\" \/><\/a><\/figure>\n\n\n\n<h3 class=\"gb-headline gb-headline-16b51e64 gb-headline-text\"><a href=\"https:\/\/herolinks.ca\/CNRS_Centre-Est\" target=\"_blank\" rel=\"noreferrer noopener\">Lumi\u00e8re sur&#8230;<\/a><\/h3>\n\n\n\n<p>Le podcast du CNRS Centre-Est vous invite \u00e0 plonger dans la recherche en cours gr\u00e2ce \u00e0 des \u00e9changes passionnants avec des scientifiques, tout en d\u00e9couvrant leurs parcours inspirants.<\/p>\n\n\n\n<p style=\"font-size:15px\"><em><a href=\"https:\/\/herolinks.ca\/CNRS_Centre-Est\" target=\"_blank\" rel=\"noreferrer noopener\">Disponible sur toutes les plateformes de streaming<\/a><\/em> \u2197<\/p>\n\n<\/div><\/div>\n\n<div class=\"gb-grid-column gb-grid-column-79b0d480\"><div class=\"gb-container gb-container-79b0d480\">\n\n<figure class=\"gb-block-image gb-block-image-dde37e9f\"><a href=\"https:\/\/conferences-sciences-et-societe.univ-lorraine.fr\/\" target=\"_blank\" rel=\"noopener noreferrer\"><img loading=\"lazy\" decoding=\"async\" width=\"680\" height=\"680\" class=\"gb-image gb-image-dde37e9f\" src=\"https:\/\/www.univ-lorraine.fr\/culture\/wp-content\/uploads\/sites\/10\/2023\/06\/conf2.png\" alt=\"\" title=\"conf2\" srcset=\"https:\/\/www.univ-lorraine.fr\/culture\/wp-content\/uploads\/sites\/10\/2023\/06\/conf2.png 680w, https:\/\/www.univ-lorraine.fr\/culture\/wp-content\/uploads\/sites\/10\/2023\/06\/conf2-300x300.png 300w, https:\/\/www.univ-lorraine.fr\/culture\/wp-content\/uploads\/sites\/10\/2023\/06\/conf2-150x150.png 150w\" sizes=\"auto, (max-width: 680px) 100vw, 680px\" \/><\/a><\/figure>\n\n\n\n<h3 class=\"gb-headline gb-headline-2912b6d1 gb-headline-text\"><a href=\"https:\/\/conferences-sciences-et-societe.univ-lorraine.fr\/\" target=\"_blank\" rel=\"noreferrer noopener\">Cycle de conf\u00e9rences Sciences &amp; Soci\u00e9t\u00e9<\/a><\/h3>\n\n\n\n<p>De grand\u00b7e\u00b7s math\u00e9maticien\u00b7ne\u00b7s portent un regard \u00e9clair\u00e9 sur le monde.<\/p>\n\n\n\n<p style=\"font-size:15px\"><a href=\"https:\/\/conferences-sciences-et-societe.univ-lorraine.fr\/\">Consultez le site d\u00e9di\u00e9<\/a> \u2197<\/p>\n\n<\/div><\/div>\n<\/div>\n<\/div>\n\n\n<p><\/p>\n\n\n\n<p><\/p>\n\n\n\n<p><\/p>\n","protected":false},"excerpt":{"rendered":"<p>L&rsquo;Universit\u00e9 de Lorraine travaille avec ses partenaires scientifiques et de nombreux territoires pour proposer des actions de m\u00e9diation au plus proche des publics. Retrouvez ici les actions et programmes sp\u00e9cifiques.<\/p>\n","protected":false},"author":206,"featured_media":0,"parent":41,"menu_order":0,"comment_status":"closed","ping_status":"closed","template":"","meta":{"inline_featured_image":false,"footnotes":""},"class_list":["post-3127","page","type-page","status-publish"],"yoast_head":"<!-- This site is optimized with the Yoast SEO plugin v27.4 - https:\/\/yoast.com\/product\/yoast-seo-wordpress\/ -->\n<title>Programmes en territoires - Culture<\/title>\n<meta name=\"robots\" content=\"index, follow, max-snippet:-1, max-image-preview:large, max-video-preview:-1\" \/>\n<link rel=\"canonical\" href=\"https:\/\/www.univ-lorraine.fr\/culture\/culturesci\/programmes-territoires\/\" \/>\n<meta property=\"og:locale\" content=\"fr_FR\" \/>\n<meta property=\"og:type\" content=\"article\" \/>\n<meta property=\"og:title\" content=\"Programmes en territoires - Culture\" \/>\n<meta property=\"og:description\" content=\"L&rsquo;Universit\u00e9 de Lorraine travaille avec ses partenaires scientifiques et de nombreux territoires pour proposer des actions de m\u00e9diation au plus proche des publics. Retrouvez ici les actions et programmes sp\u00e9cifiques.\" \/>\n<meta property=\"og:url\" content=\"https:\/\/www.univ-lorraine.fr\/culture\/culturesci\/programmes-territoires\/\" \/>\n<meta property=\"og:site_name\" content=\"Culture\" \/>\n<meta property=\"article:modified_time\" content=\"2025-02-07T12:54:41+00:00\" \/>\n<meta property=\"og:image\" content=\"https:\/\/www.univ-lorraine.fr\/culture\/wp-content\/uploads\/sites\/10\/2023\/11\/pour-site-web-ex-utl-1.png\" \/>\n<meta name=\"twitter:card\" content=\"summary_large_image\" \/>\n<meta name=\"twitter:label1\" content=\"Dur\u00e9e de lecture estim\u00e9e\" \/>\n\t<meta name=\"twitter:data1\" content=\"3 minutes\" \/>\n<script type=\"application\/ld+json\" class=\"yoast-schema-graph\">{\"@context\":\"https:\\\/\\\/schema.org\",\"@graph\":[{\"@type\":\"WebPage\",\"@id\":\"https:\\\/\\\/www.univ-lorraine.fr\\\/culture\\\/culturesci\\\/programmes-territoires\\\/\",\"url\":\"https:\\\/\\\/www.univ-lorraine.fr\\\/culture\\\/culturesci\\\/programmes-territoires\\\/\",\"name\":\"Programmes en territoires - Culture\",\"isPartOf\":{\"@id\":\"https:\\\/\\\/www.univ-lorraine.fr\\\/culture\\\/#website\"},\"primaryImageOfPage\":{\"@id\":\"https:\\\/\\\/www.univ-lorraine.fr\\\/culture\\\/culturesci\\\/programmes-territoires\\\/#primaryimage\"},\"image\":{\"@id\":\"https:\\\/\\\/www.univ-lorraine.fr\\\/culture\\\/culturesci\\\/programmes-territoires\\\/#primaryimage\"},\"thumbnailUrl\":\"https:\\\/\\\/www.univ-lorraine.fr\\\/culture\\\/wp-content\\\/uploads\\\/sites\\\/10\\\/2023\\\/11\\\/pour-site-web-ex-utl-1.png\",\"datePublished\":\"2023-06-16T10:05:27+00:00\",\"dateModified\":\"2025-02-07T12:54:41+00:00\",\"breadcrumb\":{\"@id\":\"https:\\\/\\\/www.univ-lorraine.fr\\\/culture\\\/culturesci\\\/programmes-territoires\\\/#breadcrumb\"},\"inLanguage\":\"fr-FR\",\"potentialAction\":[{\"@type\":\"ReadAction\",\"target\":[\"https:\\\/\\\/www.univ-lorraine.fr\\\/culture\\\/culturesci\\\/programmes-territoires\\\/\"]}]},{\"@type\":\"ImageObject\",\"inLanguage\":\"fr-FR\",\"@id\":\"https:\\\/\\\/www.univ-lorraine.fr\\\/culture\\\/culturesci\\\/programmes-territoires\\\/#primaryimage\",\"url\":\"https:\\\/\\\/www.univ-lorraine.fr\\\/culture\\\/wp-content\\\/uploads\\\/sites\\\/10\\\/2023\\\/11\\\/pour-site-web-ex-utl-1.png\",\"contentUrl\":\"https:\\\/\\\/www.univ-lorraine.fr\\\/culture\\\/wp-content\\\/uploads\\\/sites\\\/10\\\/2023\\\/11\\\/pour-site-web-ex-utl-1.png\",\"width\":4500,\"height\":4500},{\"@type\":\"BreadcrumbList\",\"@id\":\"https:\\\/\\\/www.univ-lorraine.fr\\\/culture\\\/culturesci\\\/programmes-territoires\\\/#breadcrumb\",\"itemListElement\":[{\"@type\":\"ListItem\",\"position\":1,\"name\":\"Accueil\",\"item\":\"https:\\\/\\\/www.univ-lorraine.fr\\\/culture\\\/\"},{\"@type\":\"ListItem\",\"position\":2,\"name\":\"Science Avec et Pour la Soci\u00e9t\u00e9\",\"item\":\"https:\\\/\\\/www.univ-lorraine.fr\\\/culture\\\/culturesci\\\/\"},{\"@type\":\"ListItem\",\"position\":3,\"name\":\"Programmes en territoires\"}]},{\"@type\":\"WebSite\",\"@id\":\"https:\\\/\\\/www.univ-lorraine.fr\\\/culture\\\/#website\",\"url\":\"https:\\\/\\\/www.univ-lorraine.fr\\\/culture\\\/\",\"name\":\"Culture\",\"description\":\"\",\"publisher\":{\"@id\":\"https:\\\/\\\/www.univ-lorraine.fr\\\/culture\\\/#organization\"},\"potentialAction\":[{\"@type\":\"SearchAction\",\"target\":{\"@type\":\"EntryPoint\",\"urlTemplate\":\"https:\\\/\\\/www.univ-lorraine.fr\\\/culture\\\/?s={search_term_string}\"},\"query-input\":{\"@type\":\"PropertyValueSpecification\",\"valueRequired\":true,\"valueName\":\"search_term_string\"}}],\"inLanguage\":\"fr-FR\"},{\"@type\":\"Organization\",\"@id\":\"https:\\\/\\\/www.univ-lorraine.fr\\\/culture\\\/#organization\",\"name\":\"Universit\u00e9 de Lorraine\",\"url\":\"https:\\\/\\\/www.univ-lorraine.fr\\\/culture\\\/\",\"logo\":{\"@type\":\"ImageObject\",\"inLanguage\":\"fr-FR\",\"@id\":\"https:\\\/\\\/www.univ-lorraine.fr\\\/culture\\\/#\\\/schema\\\/logo\\\/image\\\/\",\"url\":\"https:\\\/\\\/www.univ-lorraine.fr\\\/culture\\\/wp-content\\\/uploads\\\/sites\\\/10\\\/2021\\\/01\\\/LOGO_UL.png\",\"contentUrl\":\"https:\\\/\\\/www.univ-lorraine.fr\\\/culture\\\/wp-content\\\/uploads\\\/sites\\\/10\\\/2021\\\/01\\\/LOGO_UL.png\",\"width\":138,\"height\":48,\"caption\":\"Universit\u00e9 de Lorraine\"},\"image\":{\"@id\":\"https:\\\/\\\/www.univ-lorraine.fr\\\/culture\\\/#\\\/schema\\\/logo\\\/image\\\/\"}}]}<\/script>\n<!-- \/ Yoast SEO plugin. -->","yoast_head_json":{"title":"Programmes en territoires - Culture","robots":{"index":"index","follow":"follow","max-snippet":"max-snippet:-1","max-image-preview":"max-image-preview:large","max-video-preview":"max-video-preview:-1"},"canonical":"https:\/\/www.univ-lorraine.fr\/culture\/culturesci\/programmes-territoires\/","og_locale":"fr_FR","og_type":"article","og_title":"Programmes en territoires - Culture","og_description":"L&rsquo;Universit\u00e9 de Lorraine travaille avec ses partenaires scientifiques et de nombreux territoires pour proposer des actions de m\u00e9diation au plus proche des publics. Retrouvez ici les actions et programmes sp\u00e9cifiques.","og_url":"https:\/\/www.univ-lorraine.fr\/culture\/culturesci\/programmes-territoires\/","og_site_name":"Culture","article_modified_time":"2025-02-07T12:54:41+00:00","og_image":[{"url":"https:\/\/www.univ-lorraine.fr\/culture\/wp-content\/uploads\/sites\/10\/2023\/11\/pour-site-web-ex-utl-1.png","type":"","width":"","height":""}],"twitter_card":"summary_large_image","twitter_misc":{"Dur\u00e9e de lecture estim\u00e9e":"3 minutes"},"schema":{"@context":"https:\/\/schema.org","@graph":[{"@type":"WebPage","@id":"https:\/\/www.univ-lorraine.fr\/culture\/culturesci\/programmes-territoires\/","url":"https:\/\/www.univ-lorraine.fr\/culture\/culturesci\/programmes-territoires\/","name":"Programmes en territoires - Culture","isPartOf":{"@id":"https:\/\/www.univ-lorraine.fr\/culture\/#website"},"primaryImageOfPage":{"@id":"https:\/\/www.univ-lorraine.fr\/culture\/culturesci\/programmes-territoires\/#primaryimage"},"image":{"@id":"https:\/\/www.univ-lorraine.fr\/culture\/culturesci\/programmes-territoires\/#primaryimage"},"thumbnailUrl":"https:\/\/www.univ-lorraine.fr\/culture\/wp-content\/uploads\/sites\/10\/2023\/11\/pour-site-web-ex-utl-1.png","datePublished":"2023-06-16T10:05:27+00:00","dateModified":"2025-02-07T12:54:41+00:00","breadcrumb":{"@id":"https:\/\/www.univ-lorraine.fr\/culture\/culturesci\/programmes-territoires\/#breadcrumb"},"inLanguage":"fr-FR","potentialAction":[{"@type":"ReadAction","target":["https:\/\/www.univ-lorraine.fr\/culture\/culturesci\/programmes-territoires\/"]}]},{"@type":"ImageObject","inLanguage":"fr-FR","@id":"https:\/\/www.univ-lorraine.fr\/culture\/culturesci\/programmes-territoires\/#primaryimage","url":"https:\/\/www.univ-lorraine.fr\/culture\/wp-content\/uploads\/sites\/10\/2023\/11\/pour-site-web-ex-utl-1.png","contentUrl":"https:\/\/www.univ-lorraine.fr\/culture\/wp-content\/uploads\/sites\/10\/2023\/11\/pour-site-web-ex-utl-1.png","width":4500,"height":4500},{"@type":"BreadcrumbList","@id":"https:\/\/www.univ-lorraine.fr\/culture\/culturesci\/programmes-territoires\/#breadcrumb","itemListElement":[{"@type":"ListItem","position":1,"name":"Accueil","item":"https:\/\/www.univ-lorraine.fr\/culture\/"},{"@type":"ListItem","position":2,"name":"Science Avec et Pour la Soci\u00e9t\u00e9","item":"https:\/\/www.univ-lorraine.fr\/culture\/culturesci\/"},{"@type":"ListItem","position":3,"name":"Programmes en territoires"}]},{"@type":"WebSite","@id":"https:\/\/www.univ-lorraine.fr\/culture\/#website","url":"https:\/\/www.univ-lorraine.fr\/culture\/","name":"Culture","description":"","publisher":{"@id":"https:\/\/www.univ-lorraine.fr\/culture\/#organization"},"potentialAction":[{"@type":"SearchAction","target":{"@type":"EntryPoint","urlTemplate":"https:\/\/www.univ-lorraine.fr\/culture\/?s={search_term_string}"},"query-input":{"@type":"PropertyValueSpecification","valueRequired":true,"valueName":"search_term_string"}}],"inLanguage":"fr-FR"},{"@type":"Organization","@id":"https:\/\/www.univ-lorraine.fr\/culture\/#organization","name":"Universit\u00e9 de Lorraine","url":"https:\/\/www.univ-lorraine.fr\/culture\/","logo":{"@type":"ImageObject","inLanguage":"fr-FR","@id":"https:\/\/www.univ-lorraine.fr\/culture\/#\/schema\/logo\/image\/","url":"https:\/\/www.univ-lorraine.fr\/culture\/wp-content\/uploads\/sites\/10\/2021\/01\/LOGO_UL.png","contentUrl":"https:\/\/www.univ-lorraine.fr\/culture\/wp-content\/uploads\/sites\/10\/2021\/01\/LOGO_UL.png","width":138,"height":48,"caption":"Universit\u00e9 de Lorraine"},"image":{"@id":"https:\/\/www.univ-lorraine.fr\/culture\/#\/schema\/logo\/image\/"}}]}},"_links":{"self":[{"href":"https:\/\/www.univ-lorraine.fr\/culture\/wp-json\/wp\/v2\/pages\/3127","targetHints":{"allow":["GET"]}}],"collection":[{"href":"https:\/\/www.univ-lorraine.fr\/culture\/wp-json\/wp\/v2\/pages"}],"about":[{"href":"https:\/\/www.univ-lorraine.fr\/culture\/wp-json\/wp\/v2\/types\/page"}],"author":[{"embeddable":true,"href":"https:\/\/www.univ-lorraine.fr\/culture\/wp-json\/wp\/v2\/users\/206"}],"replies":[{"embeddable":true,"href":"https:\/\/www.univ-lorraine.fr\/culture\/wp-json\/wp\/v2\/comments?post=3127"}],"version-history":[{"count":29,"href":"https:\/\/www.univ-lorraine.fr\/culture\/wp-json\/wp\/v2\/pages\/3127\/revisions"}],"predecessor-version":[{"id":7049,"href":"https:\/\/www.univ-lorraine.fr\/culture\/wp-json\/wp\/v2\/pages\/3127\/revisions\/7049"}],"up":[{"embeddable":true,"href":"https:\/\/www.univ-lorraine.fr\/culture\/wp-json\/wp\/v2\/pages\/41"}],"wp:attachment":[{"href":"https:\/\/www.univ-lorraine.fr\/culture\/wp-json\/wp\/v2\/media?parent=3127"}],"curies":[{"name":"wp","href":"https:\/\/api.w.org\/{rel}","templated":true}]}}