{"id":3161,"date":"2023-07-03T17:33:01","date_gmt":"2023-07-03T15:33:01","guid":{"rendered":"https:\/\/www.univ-lorraine.fr\/culture\/?page_id=3161"},"modified":"2025-09-23T17:15:57","modified_gmt":"2025-09-23T15:15:57","slug":"entrez-en-mediation","status":"publish","type":"page","link":"https:\/\/www.univ-lorraine.fr\/culture\/culturesci\/entrez-en-mediation\/","title":{"rendered":"Entrez en m\u00e9diation"},"content":{"rendered":"<div class=\"gb-grid-wrapper gb-grid-wrapper-f89e7531\">\n<div class=\"gb-grid-column gb-grid-column-5e92b9f0\"><div class=\"gb-container gb-container-5e92b9f0\">\n\n<p>S\u2019investir dans la m\u00e9diation scientifique, c\u2019est possible. Que vous souhaitiez participer comme simple intervenant\u00b7e ou porter votre propre projet, l\u2019\u00e9quipe SAPS vous accompagne dans l\u2019accomplissement de vos envies.<\/p>\n\n\n\n<p>Le dispositif d\u2019accompagnement est accessible aux chercheur\u00b7e\u00b7s et personnels de recherche de l\u2019Universit\u00e9 de Lorraine ou des organismes de recherche du territoire.<\/p>\n\n\n\n<p><a href=\"https:\/\/listes.univ-lorraine.fr\/sympa\/subscribe\/dvuc-saps-collectif\" target=\"_blank\" rel=\"noreferrer noopener\">S&rsquo;inscrire \u00e0 la liste de diffusion du collectif SAPS<\/a><\/p>\n\n<\/div><\/div>\n\n<div class=\"gb-grid-column gb-grid-column-b7f56080\"><div class=\"gb-container gb-container-b7f56080\">\n\n<figure class=\"gb-block-image gb-block-image-7383cab9\"><img loading=\"lazy\" decoding=\"async\" width=\"2560\" height=\"1707\" class=\"gb-image gb-image-7383cab9\" src=\"https:\/\/www.univ-lorraine.fr\/culture\/wp-content\/uploads\/sites\/10\/2023\/07\/AdobeStock_598410025-scaled.jpeg\" alt=\"\" title=\"Group of college people studying together on cafeteria table at campus\" srcset=\"https:\/\/www.univ-lorraine.fr\/culture\/wp-content\/uploads\/sites\/10\/2023\/07\/AdobeStock_598410025-scaled.jpeg 2560w, https:\/\/www.univ-lorraine.fr\/culture\/wp-content\/uploads\/sites\/10\/2023\/07\/AdobeStock_598410025-300x200.jpeg 300w, https:\/\/www.univ-lorraine.fr\/culture\/wp-content\/uploads\/sites\/10\/2023\/07\/AdobeStock_598410025-1024x683.jpeg 1024w, https:\/\/www.univ-lorraine.fr\/culture\/wp-content\/uploads\/sites\/10\/2023\/07\/AdobeStock_598410025-768x512.jpeg 768w, https:\/\/www.univ-lorraine.fr\/culture\/wp-content\/uploads\/sites\/10\/2023\/07\/AdobeStock_598410025-1536x1024.jpeg 1536w, https:\/\/www.univ-lorraine.fr\/culture\/wp-content\/uploads\/sites\/10\/2023\/07\/AdobeStock_598410025-2048x1365.jpeg 2048w\" sizes=\"auto, (max-width: 2560px) 100vw, 2560px\" \/><\/figure>\n\n<\/div><\/div>\n<\/div>\n\n\n<h3 class=\"gb-headline gb-headline-591cc498 gb-headline-text\">Notre expertise<\/h3>\n\n\n\n<p>L\u2019Universit\u00e9 de Lorraine et les organismes de recherche disposent d\u2019ing\u00e9nieurs projets en m\u00e9diation scientifique. Ils peuvent vous apporter leurs comp\u00e9tences dans la vulgarisation de vos contenus, les formes de m\u00e9diation \u00e0 adopter en fonction de vos publics cibles et vous conseiller dans le montage de votre projet (calendrier, budget, communication, logistique, subventions, prestataires\u2026).<\/p>\n\n\n\n<h4 class=\"gb-headline gb-headline-4590720a gb-headline-text\">Ressources :<\/h4>\n\n\n\n<ul class=\"wp-block-list\">\n<li><a href=\"https:\/\/www.univ-lorraine.fr\/culture\/wp-content\/uploads\/sites\/10\/2025\/06\/fiche-action-saps-conference.pdf\" target=\"_blank\" rel=\"noreferrer noopener\">Fiche Action Conf\u00e9rence (pdf)<\/a><\/li>\n\n\n\n<li><a href=\"https:\/\/www.univ-lorraine.fr\/culture\/wp-content\/uploads\/sites\/10\/2025\/06\/fiche-action-saps-cafe-des-sciences.pdf\" target=\"_blank\" rel=\"noreferrer noopener\">Fiche Action Caf\u00e9 des sciences (pdf)<\/a><\/li>\n\n\n\n<li><a href=\"https:\/\/www.univ-lorraine.fr\/culture\/wp-content\/uploads\/sites\/10\/2025\/06\/fiche-action-saps-projection-debat.pdf\" target=\"_blank\" rel=\"noreferrer noopener\">Fiche Action Projection-d\u00e9bat (pdf)<\/a><\/li>\n\n\n\n<li><a href=\"https:\/\/www.univ-lorraine.fr\/culture\/wp-content\/uploads\/sites\/10\/2025\/06\/fiche-action-saps-exposition.pdf\" target=\"_blank\" rel=\"noreferrer noopener\">Fiche Action Exposition (pdf)<\/a><\/li>\n\n\n\n<li><a href=\"https:\/\/www.univ-lorraine.fr\/culture\/wp-content\/uploads\/sites\/10\/2025\/06\/fiche-action-saps-visite-de-laboratoire.pdf\" target=\"_blank\" rel=\"noreferrer noopener\">Fiche Action Visite de Laboratoire (pdf)<\/a><\/li>\n\n\n\n<li><a href=\"https:\/\/www.univ-lorraine.fr\/culture\/wp-content\/uploads\/sites\/10\/2025\/06\/fiche-action-saps-balade-scientifique.pdf\" target=\"_blank\" rel=\"noreferrer noopener\">Fiche Action Balade scientifique (pdf)<\/a><\/li>\n\n\n\n<li><a href=\"https:\/\/www.univ-lorraine.fr\/culture\/wp-content\/uploads\/sites\/10\/2025\/06\/fiche-action-saps-laboratoire-dimprovisation.pdf\" target=\"_blank\" rel=\"noreferrer noopener\">Fiche Action Laboratoire d&rsquo;improvisation (pdf)<\/a><\/li>\n\n\n\n<li><a href=\"https:\/\/www.univ-lorraine.fr\/culture\/wp-content\/uploads\/sites\/10\/2025\/06\/fiche-action-saps-les-apres-midis-jeux-scientifiques.pdf\" target=\"_blank\" rel=\"noreferrer noopener\">Fiche Action Les Apr\u00e8s-midis jeux scientifiques (pdf)<\/a><\/li>\n\n\n\n<li><a href=\"https:\/\/www.univ-lorraine.fr\/culture\/wp-content\/uploads\/sites\/10\/2025\/06\/fiche-action-saps-scientiscene-ouverte.pdf\" target=\"_blank\" rel=\"noreferrer noopener\">Fiche Action Scienti\u2019Sc\u00e8ne Ouverte (pdf)<\/a><\/li>\n\n\n\n<li><a href=\"https:\/\/www.univ-lorraine.fr\/culture\/wp-content\/uploads\/sites\/10\/2025\/06\/fiche-action-saps-les-formations-doctorales.pdf\" target=\"_blank\" rel=\"noreferrer noopener\">Fiche Action Les Formations doctorales (pdf)<\/a><\/li>\n\n\n\n<li><a href=\"https:\/\/www.univ-lorraine.fr\/culture\/wp-content\/uploads\/sites\/10\/2025\/06\/fiche-action-saps-ma-these-en-180-secondes.pdf\" target=\"_blank\" rel=\"noreferrer noopener\">Fiche Action Ma th\u00e8se en 180 secondes (pdf)<\/a><\/li>\n\n\n\n<li><a href=\"https:\/\/www.univ-lorraine.fr\/culture\/wp-content\/uploads\/sites\/10\/2025\/06\/fiche-action-colleges-lamap.pdf\" target=\"_blank\" rel=\"noreferrer noopener\">Fiche Action Coll\u00e8ges LAMAP (pdf)<\/a><\/li>\n\n\n\n<li><a href=\"https:\/\/www.univ-lorraine.fr\/culture\/wp-content\/uploads\/sites\/10\/2025\/06\/fiche-action-saps-face-a-faces.pdf\" target=\"_blank\" rel=\"noreferrer noopener\">Fiche Action Face-\u00e0-faces (pdf)<\/a><\/li>\n<\/ul>\n\n\n\n<h3 class=\"gb-headline gb-headline-f3f45bd2 gb-headline-text\">Obtenir un accompagnement<\/h3>\n\n\n\n<p>Vous pouvez nous faire part de votre projet en nous contactant \u00e0 l\u2019adresse <a href=\"&#x6d;&#97;&#x69;&#x6c;&#116;&#x6f;&#x3a;&#115;&#x61;&#x70;&#115;&#x2d;&#x70;r&#x6f;&#x6a;e&#x74;&#45;c&#x6f;&#110;t&#x61;&#99;t&#x40;&#117;n&#x69;&#118;-&#x6c;&#111;r&#x72;&#97;i&#x6e;&#101;&#46;&#x66;&#114;\">&#x73;&#x61;&#x70;&#x73;&#x2d;&#x70;&#x72;&#x6f;&#x6a;&#x65;&#x74;&#x2d;&#x63;&#x6f;&#x6e;&#x74;&#x61;&#x63;&#x74;&#x40;&#x75;&#x6e;&#x69;&#x76;&#x2d;&#x6c;&#x6f;&#x72;&#x72;&#x61;&#x69;&#x6e;&#x65;&#x2e;&#x66;&#x72;<\/a>. Nous pourrons convenir d\u2019un rendez-vous pour pr\u00e9ciser votre demande.<\/p>\n\n\n\n<p>Les demandes de subvention peuvent ensuite \u00eatre soumises via la proc\u00e9dure d\u2019accompagnement des projets \u00ab&nbsp;Vie Universitaire&nbsp;\u00bb. Plus d\u2019informations sur la page d\u00e9di\u00e9e&nbsp;:&nbsp; <a href=\"https:\/\/www.univ-lorraine.fr\/la-vie-a-luniversite-de-lorraine\/accompagnements-des-projets-vie-universitaire\/\" target=\"_blank\" rel=\"noreferrer noopener\">https:\/\/www.univ-lorraine.fr\/la-vie-a-luniversite-de-lorraine\/accompagnements-des-projets-vie-universitaire\/<\/a><\/p>\n\n\n\n<h3 class=\"gb-headline gb-headline-6f85f683 gb-headline-text\">Parlons projet SAPS<\/h3>\n\n\n\n<p>Les r\u00e9unions Parlons projets SAPS ont pour objectif de se rencontrer et d&rsquo;\u00e9changer sur les projets de m\u00e9diation scientifique port\u00e9s par les laboratoires, composantes et directions de l&rsquo;universit\u00e9. Nous proposons de nous r\u00e9unir deux fois par an sur teams.<\/p>\n\n\n\n<p>Ces r\u00e9unions prennent la forme de courtes pr\u00e9sentations (10min) de projets en cours de construction suivies d&rsquo;\u00e9changes avec l&rsquo;assembl\u00e9e. Chacun\u00b7e peut ainsi faire connaissance, enrichir ses actions, participer \u00e0 celles des autres, faire part de difficult\u00e9s ou repartir avec des pistes pour se lancer dans la m\u00e9diation.<\/p>\n\n\n\n<p>Comptes-rendus disponibles ici : <a href=\"https:\/\/u2l.fr\/ppsaps\" target=\"_blank\" rel=\"noreferrer noopener\">https:\/\/u2l.fr\/ppsaps<\/a><\/p>\n\n\n\n<p><\/p>\n","protected":false},"excerpt":{"rendered":"<p>Notre expertise L\u2019Universit\u00e9 de Lorraine et les organismes de recherche disposent d\u2019ing\u00e9nieurs projets en m\u00e9diation scientifique. Ils peuvent vous apporter leurs comp\u00e9tences dans la vulgarisation de vos contenus, les formes de m\u00e9diation \u00e0 adopter en fonction de vos publics cibles et vous conseiller dans le montage de votre projet (calendrier, budget, communication, logistique, subventions, prestataires\u2026). &#8230; <a title=\"Entrez en m\u00e9diation\" class=\"read-more\" href=\"https:\/\/www.univ-lorraine.fr\/culture\/culturesci\/entrez-en-mediation\/\" aria-label=\"En savoir plus sur Entrez en m\u00e9diation\">Lire plus<\/a><\/p>\n","protected":false},"author":560,"featured_media":0,"parent":41,"menu_order":0,"comment_status":"closed","ping_status":"closed","template":"","meta":{"inline_featured_image":false,"footnotes":""},"class_list":["post-3161","page","type-page","status-publish"],"yoast_head":"<!-- This site is optimized with the Yoast SEO plugin v27.4 - https:\/\/yoast.com\/product\/yoast-seo-wordpress\/ -->\n<title>Entrez en m\u00e9diation - Culture<\/title>\n<meta name=\"robots\" content=\"index, follow, max-snippet:-1, max-image-preview:large, max-video-preview:-1\" \/>\n<link rel=\"canonical\" href=\"https:\/\/www.univ-lorraine.fr\/culture\/culturesci\/entrez-en-mediation\/\" \/>\n<meta property=\"og:locale\" content=\"fr_FR\" \/>\n<meta property=\"og:type\" content=\"article\" \/>\n<meta property=\"og:title\" content=\"Entrez en m\u00e9diation - Culture\" \/>\n<meta property=\"og:description\" content=\"Notre expertise L\u2019Universit\u00e9 de Lorraine et les organismes de recherche disposent d\u2019ing\u00e9nieurs projets en m\u00e9diation scientifique. Ils peuvent vous apporter leurs comp\u00e9tences dans la vulgarisation de vos contenus, les formes de m\u00e9diation \u00e0 adopter en fonction de vos publics cibles et vous conseiller dans le montage de votre projet (calendrier, budget, communication, logistique, subventions, prestataires\u2026). ... Lire plus\" \/>\n<meta property=\"og:url\" content=\"https:\/\/www.univ-lorraine.fr\/culture\/culturesci\/entrez-en-mediation\/\" \/>\n<meta property=\"og:site_name\" content=\"Culture\" \/>\n<meta property=\"article:modified_time\" content=\"2025-09-23T15:15:57+00:00\" \/>\n<meta property=\"og:image\" content=\"https:\/\/www.univ-lorraine.fr\/culture\/wp-content\/uploads\/sites\/10\/2023\/07\/AdobeStock_598410025-scaled.jpeg\" \/>\n<meta name=\"twitter:card\" content=\"summary_large_image\" \/>\n<meta name=\"twitter:label1\" content=\"Dur\u00e9e de lecture estim\u00e9e\" \/>\n\t<meta name=\"twitter:data1\" content=\"2 minutes\" \/>\n<script type=\"application\/ld+json\" class=\"yoast-schema-graph\">{\"@context\":\"https:\\\/\\\/schema.org\",\"@graph\":[{\"@type\":\"WebPage\",\"@id\":\"https:\\\/\\\/www.univ-lorraine.fr\\\/culture\\\/culturesci\\\/entrez-en-mediation\\\/\",\"url\":\"https:\\\/\\\/www.univ-lorraine.fr\\\/culture\\\/culturesci\\\/entrez-en-mediation\\\/\",\"name\":\"Entrez en m\u00e9diation - Culture\",\"isPartOf\":{\"@id\":\"https:\\\/\\\/www.univ-lorraine.fr\\\/culture\\\/#website\"},\"primaryImageOfPage\":{\"@id\":\"https:\\\/\\\/www.univ-lorraine.fr\\\/culture\\\/culturesci\\\/entrez-en-mediation\\\/#primaryimage\"},\"image\":{\"@id\":\"https:\\\/\\\/www.univ-lorraine.fr\\\/culture\\\/culturesci\\\/entrez-en-mediation\\\/#primaryimage\"},\"thumbnailUrl\":\"https:\\\/\\\/www.univ-lorraine.fr\\\/culture\\\/wp-content\\\/uploads\\\/sites\\\/10\\\/2023\\\/07\\\/AdobeStock_598410025-scaled.jpeg\",\"datePublished\":\"2023-07-03T15:33:01+00:00\",\"dateModified\":\"2025-09-23T15:15:57+00:00\",\"breadcrumb\":{\"@id\":\"https:\\\/\\\/www.univ-lorraine.fr\\\/culture\\\/culturesci\\\/entrez-en-mediation\\\/#breadcrumb\"},\"inLanguage\":\"fr-FR\",\"potentialAction\":[{\"@type\":\"ReadAction\",\"target\":[\"https:\\\/\\\/www.univ-lorraine.fr\\\/culture\\\/culturesci\\\/entrez-en-mediation\\\/\"]}]},{\"@type\":\"ImageObject\",\"inLanguage\":\"fr-FR\",\"@id\":\"https:\\\/\\\/www.univ-lorraine.fr\\\/culture\\\/culturesci\\\/entrez-en-mediation\\\/#primaryimage\",\"url\":\"https:\\\/\\\/www.univ-lorraine.fr\\\/culture\\\/wp-content\\\/uploads\\\/sites\\\/10\\\/2023\\\/07\\\/AdobeStock_598410025-scaled.jpeg\",\"contentUrl\":\"https:\\\/\\\/www.univ-lorraine.fr\\\/culture\\\/wp-content\\\/uploads\\\/sites\\\/10\\\/2023\\\/07\\\/AdobeStock_598410025-scaled.jpeg\",\"width\":2560,\"height\":1707,\"caption\":\"Group of college people studying together on cafeteria table at campus. Millennial student men and women working together using laptop and digital devices. Education lifestyle concept\"},{\"@type\":\"BreadcrumbList\",\"@id\":\"https:\\\/\\\/www.univ-lorraine.fr\\\/culture\\\/culturesci\\\/entrez-en-mediation\\\/#breadcrumb\",\"itemListElement\":[{\"@type\":\"ListItem\",\"position\":1,\"name\":\"Accueil\",\"item\":\"https:\\\/\\\/www.univ-lorraine.fr\\\/culture\\\/\"},{\"@type\":\"ListItem\",\"position\":2,\"name\":\"Science Avec et Pour la Soci\u00e9t\u00e9\",\"item\":\"https:\\\/\\\/www.univ-lorraine.fr\\\/culture\\\/culturesci\\\/\"},{\"@type\":\"ListItem\",\"position\":3,\"name\":\"Entrez en m\u00e9diation\"}]},{\"@type\":\"WebSite\",\"@id\":\"https:\\\/\\\/www.univ-lorraine.fr\\\/culture\\\/#website\",\"url\":\"https:\\\/\\\/www.univ-lorraine.fr\\\/culture\\\/\",\"name\":\"Culture\",\"description\":\"\",\"publisher\":{\"@id\":\"https:\\\/\\\/www.univ-lorraine.fr\\\/culture\\\/#organization\"},\"potentialAction\":[{\"@type\":\"SearchAction\",\"target\":{\"@type\":\"EntryPoint\",\"urlTemplate\":\"https:\\\/\\\/www.univ-lorraine.fr\\\/culture\\\/?s={search_term_string}\"},\"query-input\":{\"@type\":\"PropertyValueSpecification\",\"valueRequired\":true,\"valueName\":\"search_term_string\"}}],\"inLanguage\":\"fr-FR\"},{\"@type\":\"Organization\",\"@id\":\"https:\\\/\\\/www.univ-lorraine.fr\\\/culture\\\/#organization\",\"name\":\"Universit\u00e9 de Lorraine\",\"url\":\"https:\\\/\\\/www.univ-lorraine.fr\\\/culture\\\/\",\"logo\":{\"@type\":\"ImageObject\",\"inLanguage\":\"fr-FR\",\"@id\":\"https:\\\/\\\/www.univ-lorraine.fr\\\/culture\\\/#\\\/schema\\\/logo\\\/image\\\/\",\"url\":\"https:\\\/\\\/www.univ-lorraine.fr\\\/culture\\\/wp-content\\\/uploads\\\/sites\\\/10\\\/2021\\\/01\\\/LOGO_UL.png\",\"contentUrl\":\"https:\\\/\\\/www.univ-lorraine.fr\\\/culture\\\/wp-content\\\/uploads\\\/sites\\\/10\\\/2021\\\/01\\\/LOGO_UL.png\",\"width\":138,\"height\":48,\"caption\":\"Universit\u00e9 de Lorraine\"},\"image\":{\"@id\":\"https:\\\/\\\/www.univ-lorraine.fr\\\/culture\\\/#\\\/schema\\\/logo\\\/image\\\/\"}}]}<\/script>\n<!-- \/ Yoast SEO plugin. -->","yoast_head_json":{"title":"Entrez en m\u00e9diation - Culture","robots":{"index":"index","follow":"follow","max-snippet":"max-snippet:-1","max-image-preview":"max-image-preview:large","max-video-preview":"max-video-preview:-1"},"canonical":"https:\/\/www.univ-lorraine.fr\/culture\/culturesci\/entrez-en-mediation\/","og_locale":"fr_FR","og_type":"article","og_title":"Entrez en m\u00e9diation - Culture","og_description":"Notre expertise L\u2019Universit\u00e9 de Lorraine et les organismes de recherche disposent d\u2019ing\u00e9nieurs projets en m\u00e9diation scientifique. Ils peuvent vous apporter leurs comp\u00e9tences dans la vulgarisation de vos contenus, les formes de m\u00e9diation \u00e0 adopter en fonction de vos publics cibles et vous conseiller dans le montage de votre projet (calendrier, budget, communication, logistique, subventions, prestataires\u2026). ... Lire plus","og_url":"https:\/\/www.univ-lorraine.fr\/culture\/culturesci\/entrez-en-mediation\/","og_site_name":"Culture","article_modified_time":"2025-09-23T15:15:57+00:00","og_image":[{"url":"https:\/\/www.univ-lorraine.fr\/culture\/wp-content\/uploads\/sites\/10\/2023\/07\/AdobeStock_598410025-scaled.jpeg","type":"","width":"","height":""}],"twitter_card":"summary_large_image","twitter_misc":{"Dur\u00e9e de lecture estim\u00e9e":"2 minutes"},"schema":{"@context":"https:\/\/schema.org","@graph":[{"@type":"WebPage","@id":"https:\/\/www.univ-lorraine.fr\/culture\/culturesci\/entrez-en-mediation\/","url":"https:\/\/www.univ-lorraine.fr\/culture\/culturesci\/entrez-en-mediation\/","name":"Entrez en m\u00e9diation - Culture","isPartOf":{"@id":"https:\/\/www.univ-lorraine.fr\/culture\/#website"},"primaryImageOfPage":{"@id":"https:\/\/www.univ-lorraine.fr\/culture\/culturesci\/entrez-en-mediation\/#primaryimage"},"image":{"@id":"https:\/\/www.univ-lorraine.fr\/culture\/culturesci\/entrez-en-mediation\/#primaryimage"},"thumbnailUrl":"https:\/\/www.univ-lorraine.fr\/culture\/wp-content\/uploads\/sites\/10\/2023\/07\/AdobeStock_598410025-scaled.jpeg","datePublished":"2023-07-03T15:33:01+00:00","dateModified":"2025-09-23T15:15:57+00:00","breadcrumb":{"@id":"https:\/\/www.univ-lorraine.fr\/culture\/culturesci\/entrez-en-mediation\/#breadcrumb"},"inLanguage":"fr-FR","potentialAction":[{"@type":"ReadAction","target":["https:\/\/www.univ-lorraine.fr\/culture\/culturesci\/entrez-en-mediation\/"]}]},{"@type":"ImageObject","inLanguage":"fr-FR","@id":"https:\/\/www.univ-lorraine.fr\/culture\/culturesci\/entrez-en-mediation\/#primaryimage","url":"https:\/\/www.univ-lorraine.fr\/culture\/wp-content\/uploads\/sites\/10\/2023\/07\/AdobeStock_598410025-scaled.jpeg","contentUrl":"https:\/\/www.univ-lorraine.fr\/culture\/wp-content\/uploads\/sites\/10\/2023\/07\/AdobeStock_598410025-scaled.jpeg","width":2560,"height":1707,"caption":"Group of college people studying together on cafeteria table at campus. Millennial student men and women working together using laptop and digital devices. Education lifestyle concept"},{"@type":"BreadcrumbList","@id":"https:\/\/www.univ-lorraine.fr\/culture\/culturesci\/entrez-en-mediation\/#breadcrumb","itemListElement":[{"@type":"ListItem","position":1,"name":"Accueil","item":"https:\/\/www.univ-lorraine.fr\/culture\/"},{"@type":"ListItem","position":2,"name":"Science Avec et Pour la Soci\u00e9t\u00e9","item":"https:\/\/www.univ-lorraine.fr\/culture\/culturesci\/"},{"@type":"ListItem","position":3,"name":"Entrez en m\u00e9diation"}]},{"@type":"WebSite","@id":"https:\/\/www.univ-lorraine.fr\/culture\/#website","url":"https:\/\/www.univ-lorraine.fr\/culture\/","name":"Culture","description":"","publisher":{"@id":"https:\/\/www.univ-lorraine.fr\/culture\/#organization"},"potentialAction":[{"@type":"SearchAction","target":{"@type":"EntryPoint","urlTemplate":"https:\/\/www.univ-lorraine.fr\/culture\/?s={search_term_string}"},"query-input":{"@type":"PropertyValueSpecification","valueRequired":true,"valueName":"search_term_string"}}],"inLanguage":"fr-FR"},{"@type":"Organization","@id":"https:\/\/www.univ-lorraine.fr\/culture\/#organization","name":"Universit\u00e9 de Lorraine","url":"https:\/\/www.univ-lorraine.fr\/culture\/","logo":{"@type":"ImageObject","inLanguage":"fr-FR","@id":"https:\/\/www.univ-lorraine.fr\/culture\/#\/schema\/logo\/image\/","url":"https:\/\/www.univ-lorraine.fr\/culture\/wp-content\/uploads\/sites\/10\/2021\/01\/LOGO_UL.png","contentUrl":"https:\/\/www.univ-lorraine.fr\/culture\/wp-content\/uploads\/sites\/10\/2021\/01\/LOGO_UL.png","width":138,"height":48,"caption":"Universit\u00e9 de Lorraine"},"image":{"@id":"https:\/\/www.univ-lorraine.fr\/culture\/#\/schema\/logo\/image\/"}}]}},"_links":{"self":[{"href":"https:\/\/www.univ-lorraine.fr\/culture\/wp-json\/wp\/v2\/pages\/3161","targetHints":{"allow":["GET"]}}],"collection":[{"href":"https:\/\/www.univ-lorraine.fr\/culture\/wp-json\/wp\/v2\/pages"}],"about":[{"href":"https:\/\/www.univ-lorraine.fr\/culture\/wp-json\/wp\/v2\/types\/page"}],"author":[{"embeddable":true,"href":"https:\/\/www.univ-lorraine.fr\/culture\/wp-json\/wp\/v2\/users\/560"}],"replies":[{"embeddable":true,"href":"https:\/\/www.univ-lorraine.fr\/culture\/wp-json\/wp\/v2\/comments?post=3161"}],"version-history":[{"count":10,"href":"https:\/\/www.univ-lorraine.fr\/culture\/wp-json\/wp\/v2\/pages\/3161\/revisions"}],"predecessor-version":[{"id":8903,"href":"https:\/\/www.univ-lorraine.fr\/culture\/wp-json\/wp\/v2\/pages\/3161\/revisions\/8903"}],"up":[{"embeddable":true,"href":"https:\/\/www.univ-lorraine.fr\/culture\/wp-json\/wp\/v2\/pages\/41"}],"wp:attachment":[{"href":"https:\/\/www.univ-lorraine.fr\/culture\/wp-json\/wp\/v2\/media?parent=3161"}],"curies":[{"name":"wp","href":"https:\/\/api.w.org\/{rel}","templated":true}]}}