{"id":3192,"date":"2023-07-17T16:21:15","date_gmt":"2023-07-17T14:21:15","guid":{"rendered":"https:\/\/www.univ-lorraine.fr\/culture\/?page_id=3192"},"modified":"2023-09-19T14:11:09","modified_gmt":"2023-09-19T12:11:09","slug":"sciences-participatives","status":"publish","type":"page","link":"https:\/\/www.univ-lorraine.fr\/culture\/culturesci\/sciences-participatives\/","title":{"rendered":"Sciences participatives"},"content":{"rendered":"\n<p>Les Sciences participatives ouvrent les portes de la science \u00e0 tous, permettant aux citoyens de tous horizons de participer \u00e0 la production de connaissances.<br><br>Que vous soyez un amateur passionn\u00e9, un \u00e9tudiant, un scientifique ou simplement curieux, vous pouvez rejoindre une communaut\u00e9 dynamique de contributeurs qui s&rsquo;engagent dans des \u00e9tudes, des observations et des exp\u00e9riences scientifiques !<\/p>\n\n\n<div class=\"gb-grid-wrapper gb-grid-wrapper-c0d08e74\">\n<div class=\"gb-grid-column gb-grid-column-71668abe\"><div class=\"gb-container gb-container-71668abe\">\n\n<figure class=\"gb-block-image gb-block-image-651a3895\"><a href=\"https:\/\/www.touschercheurs.fr\/\"><img decoding=\"async\" class=\"gb-image gb-image-651a3895\" src=\"https:\/\/www.univ-lorraine.fr\/wp-content\/uploads\/2023\/07\/tous-chercheurs-3.png\" alt=\"\" title=\"tous-chercheurs-3\"\/><\/a><\/figure>\n\n<\/div><\/div>\n\n<div class=\"gb-grid-column gb-grid-column-af97d7fb\"><div class=\"gb-container gb-container-af97d7fb\">\n\n<figure class=\"gb-block-image gb-block-image-e4b405a0\"><a href=\"https:\/\/orage.univ-lorraine.fr\/s\/orage\/page\/welcome\"><img decoding=\"async\" class=\"gb-image gb-image-e4b405a0\" src=\"https:\/\/www.univ-lorraine.fr\/wp-content\/uploads\/2023\/07\/orage.png\" alt=\"\" title=\"orage\"\/><\/a><\/figure>\n\n<\/div><\/div>\n<\/div>","protected":false},"excerpt":{"rendered":"<p>Les Sciences participatives ouvrent les portes de la science \u00e0 tous, permettant aux citoyens de tous horizons de participer \u00e0 la production de connaissances. Que vous soyez un amateur passionn\u00e9, un \u00e9tudiant, un scientifique ou simplement curieux, vous pouvez rejoindre une communaut\u00e9 dynamique de contributeurs qui s&rsquo;engagent dans des \u00e9tudes, des observations et des exp\u00e9riences &#8230; <a title=\"Sciences participatives\" class=\"read-more\" href=\"https:\/\/www.univ-lorraine.fr\/culture\/culturesci\/sciences-participatives\/\" aria-label=\"En savoir plus sur Sciences participatives\">Lire plus<\/a><\/p>\n","protected":false},"author":206,"featured_media":0,"parent":41,"menu_order":0,"comment_status":"closed","ping_status":"closed","template":"","meta":{"inline_featured_image":false,"footnotes":""},"class_list":["post-3192","page","type-page","status-publish"],"yoast_head":"<!-- This site is optimized with the Yoast SEO plugin v27.4 - https:\/\/yoast.com\/product\/yoast-seo-wordpress\/ -->\n<title>Sciences participatives - Culture<\/title>\n<meta name=\"robots\" content=\"index, follow, max-snippet:-1, max-image-preview:large, max-video-preview:-1\" \/>\n<link rel=\"canonical\" href=\"https:\/\/www.univ-lorraine.fr\/culture\/culturesci\/sciences-participatives\/\" \/>\n<meta property=\"og:locale\" content=\"fr_FR\" \/>\n<meta property=\"og:type\" content=\"article\" \/>\n<meta property=\"og:title\" content=\"Sciences participatives - Culture\" \/>\n<meta property=\"og:description\" content=\"Les Sciences participatives ouvrent les portes de la science \u00e0 tous, permettant aux citoyens de tous horizons de participer \u00e0 la production de connaissances. Que vous soyez un amateur passionn\u00e9, un \u00e9tudiant, un scientifique ou simplement curieux, vous pouvez rejoindre une communaut\u00e9 dynamique de contributeurs qui s&rsquo;engagent dans des \u00e9tudes, des observations et des exp\u00e9riences ... Lire plus\" \/>\n<meta property=\"og:url\" content=\"https:\/\/www.univ-lorraine.fr\/culture\/culturesci\/sciences-participatives\/\" \/>\n<meta property=\"og:site_name\" content=\"Culture\" \/>\n<meta property=\"article:modified_time\" content=\"2023-09-19T12:11:09+00:00\" \/>\n<meta property=\"og:image\" content=\"https:\/\/www.univ-lorraine.fr\/wp-content\/uploads\/2023\/07\/tous-chercheurs-3.png\" \/>\n<meta name=\"twitter:card\" content=\"summary_large_image\" \/>\n<meta name=\"twitter:label1\" content=\"Dur\u00e9e de lecture estim\u00e9e\" \/>\n\t<meta name=\"twitter:data1\" content=\"1 minute\" \/>\n<script type=\"application\/ld+json\" class=\"yoast-schema-graph\">{\"@context\":\"https:\\\/\\\/schema.org\",\"@graph\":[{\"@type\":\"WebPage\",\"@id\":\"https:\\\/\\\/www.univ-lorraine.fr\\\/culture\\\/culturesci\\\/sciences-participatives\\\/\",\"url\":\"https:\\\/\\\/www.univ-lorraine.fr\\\/culture\\\/culturesci\\\/sciences-participatives\\\/\",\"name\":\"Sciences participatives - Culture\",\"isPartOf\":{\"@id\":\"https:\\\/\\\/www.univ-lorraine.fr\\\/culture\\\/#website\"},\"primaryImageOfPage\":{\"@id\":\"https:\\\/\\\/www.univ-lorraine.fr\\\/culture\\\/culturesci\\\/sciences-participatives\\\/#primaryimage\"},\"image\":{\"@id\":\"https:\\\/\\\/www.univ-lorraine.fr\\\/culture\\\/culturesci\\\/sciences-participatives\\\/#primaryimage\"},\"thumbnailUrl\":\"https:\\\/\\\/www.univ-lorraine.fr\\\/wp-content\\\/uploads\\\/2023\\\/07\\\/tous-chercheurs-3.png\",\"datePublished\":\"2023-07-17T14:21:15+00:00\",\"dateModified\":\"2023-09-19T12:11:09+00:00\",\"breadcrumb\":{\"@id\":\"https:\\\/\\\/www.univ-lorraine.fr\\\/culture\\\/culturesci\\\/sciences-participatives\\\/#breadcrumb\"},\"inLanguage\":\"fr-FR\",\"potentialAction\":[{\"@type\":\"ReadAction\",\"target\":[\"https:\\\/\\\/www.univ-lorraine.fr\\\/culture\\\/culturesci\\\/sciences-participatives\\\/\"]}]},{\"@type\":\"ImageObject\",\"inLanguage\":\"fr-FR\",\"@id\":\"https:\\\/\\\/www.univ-lorraine.fr\\\/culture\\\/culturesci\\\/sciences-participatives\\\/#primaryimage\",\"url\":\"https:\\\/\\\/www.univ-lorraine.fr\\\/wp-content\\\/uploads\\\/2023\\\/07\\\/tous-chercheurs-3.png\",\"contentUrl\":\"https:\\\/\\\/www.univ-lorraine.fr\\\/wp-content\\\/uploads\\\/2023\\\/07\\\/tous-chercheurs-3.png\"},{\"@type\":\"BreadcrumbList\",\"@id\":\"https:\\\/\\\/www.univ-lorraine.fr\\\/culture\\\/culturesci\\\/sciences-participatives\\\/#breadcrumb\",\"itemListElement\":[{\"@type\":\"ListItem\",\"position\":1,\"name\":\"Accueil\",\"item\":\"https:\\\/\\\/www.univ-lorraine.fr\\\/culture\\\/\"},{\"@type\":\"ListItem\",\"position\":2,\"name\":\"Science Avec et Pour la Soci\u00e9t\u00e9\",\"item\":\"https:\\\/\\\/www.univ-lorraine.fr\\\/culture\\\/culturesci\\\/\"},{\"@type\":\"ListItem\",\"position\":3,\"name\":\"Sciences participatives\"}]},{\"@type\":\"WebSite\",\"@id\":\"https:\\\/\\\/www.univ-lorraine.fr\\\/culture\\\/#website\",\"url\":\"https:\\\/\\\/www.univ-lorraine.fr\\\/culture\\\/\",\"name\":\"Culture\",\"description\":\"\",\"publisher\":{\"@id\":\"https:\\\/\\\/www.univ-lorraine.fr\\\/culture\\\/#organization\"},\"potentialAction\":[{\"@type\":\"SearchAction\",\"target\":{\"@type\":\"EntryPoint\",\"urlTemplate\":\"https:\\\/\\\/www.univ-lorraine.fr\\\/culture\\\/?s={search_term_string}\"},\"query-input\":{\"@type\":\"PropertyValueSpecification\",\"valueRequired\":true,\"valueName\":\"search_term_string\"}}],\"inLanguage\":\"fr-FR\"},{\"@type\":\"Organization\",\"@id\":\"https:\\\/\\\/www.univ-lorraine.fr\\\/culture\\\/#organization\",\"name\":\"Universit\u00e9 de Lorraine\",\"url\":\"https:\\\/\\\/www.univ-lorraine.fr\\\/culture\\\/\",\"logo\":{\"@type\":\"ImageObject\",\"inLanguage\":\"fr-FR\",\"@id\":\"https:\\\/\\\/www.univ-lorraine.fr\\\/culture\\\/#\\\/schema\\\/logo\\\/image\\\/\",\"url\":\"https:\\\/\\\/www.univ-lorraine.fr\\\/culture\\\/wp-content\\\/uploads\\\/sites\\\/10\\\/2021\\\/01\\\/LOGO_UL.png\",\"contentUrl\":\"https:\\\/\\\/www.univ-lorraine.fr\\\/culture\\\/wp-content\\\/uploads\\\/sites\\\/10\\\/2021\\\/01\\\/LOGO_UL.png\",\"width\":138,\"height\":48,\"caption\":\"Universit\u00e9 de Lorraine\"},\"image\":{\"@id\":\"https:\\\/\\\/www.univ-lorraine.fr\\\/culture\\\/#\\\/schema\\\/logo\\\/image\\\/\"}}]}<\/script>\n<!-- \/ Yoast SEO plugin. -->","yoast_head_json":{"title":"Sciences participatives - Culture","robots":{"index":"index","follow":"follow","max-snippet":"max-snippet:-1","max-image-preview":"max-image-preview:large","max-video-preview":"max-video-preview:-1"},"canonical":"https:\/\/www.univ-lorraine.fr\/culture\/culturesci\/sciences-participatives\/","og_locale":"fr_FR","og_type":"article","og_title":"Sciences participatives - Culture","og_description":"Les Sciences participatives ouvrent les portes de la science \u00e0 tous, permettant aux citoyens de tous horizons de participer \u00e0 la production de connaissances. Que vous soyez un amateur passionn\u00e9, un \u00e9tudiant, un scientifique ou simplement curieux, vous pouvez rejoindre une communaut\u00e9 dynamique de contributeurs qui s&rsquo;engagent dans des \u00e9tudes, des observations et des exp\u00e9riences ... Lire plus","og_url":"https:\/\/www.univ-lorraine.fr\/culture\/culturesci\/sciences-participatives\/","og_site_name":"Culture","article_modified_time":"2023-09-19T12:11:09+00:00","og_image":[{"url":"https:\/\/www.univ-lorraine.fr\/wp-content\/uploads\/2023\/07\/tous-chercheurs-3.png","type":"","width":"","height":""}],"twitter_card":"summary_large_image","twitter_misc":{"Dur\u00e9e de lecture estim\u00e9e":"1 minute"},"schema":{"@context":"https:\/\/schema.org","@graph":[{"@type":"WebPage","@id":"https:\/\/www.univ-lorraine.fr\/culture\/culturesci\/sciences-participatives\/","url":"https:\/\/www.univ-lorraine.fr\/culture\/culturesci\/sciences-participatives\/","name":"Sciences participatives - Culture","isPartOf":{"@id":"https:\/\/www.univ-lorraine.fr\/culture\/#website"},"primaryImageOfPage":{"@id":"https:\/\/www.univ-lorraine.fr\/culture\/culturesci\/sciences-participatives\/#primaryimage"},"image":{"@id":"https:\/\/www.univ-lorraine.fr\/culture\/culturesci\/sciences-participatives\/#primaryimage"},"thumbnailUrl":"https:\/\/www.univ-lorraine.fr\/wp-content\/uploads\/2023\/07\/tous-chercheurs-3.png","datePublished":"2023-07-17T14:21:15+00:00","dateModified":"2023-09-19T12:11:09+00:00","breadcrumb":{"@id":"https:\/\/www.univ-lorraine.fr\/culture\/culturesci\/sciences-participatives\/#breadcrumb"},"inLanguage":"fr-FR","potentialAction":[{"@type":"ReadAction","target":["https:\/\/www.univ-lorraine.fr\/culture\/culturesci\/sciences-participatives\/"]}]},{"@type":"ImageObject","inLanguage":"fr-FR","@id":"https:\/\/www.univ-lorraine.fr\/culture\/culturesci\/sciences-participatives\/#primaryimage","url":"https:\/\/www.univ-lorraine.fr\/wp-content\/uploads\/2023\/07\/tous-chercheurs-3.png","contentUrl":"https:\/\/www.univ-lorraine.fr\/wp-content\/uploads\/2023\/07\/tous-chercheurs-3.png"},{"@type":"BreadcrumbList","@id":"https:\/\/www.univ-lorraine.fr\/culture\/culturesci\/sciences-participatives\/#breadcrumb","itemListElement":[{"@type":"ListItem","position":1,"name":"Accueil","item":"https:\/\/www.univ-lorraine.fr\/culture\/"},{"@type":"ListItem","position":2,"name":"Science Avec et Pour la Soci\u00e9t\u00e9","item":"https:\/\/www.univ-lorraine.fr\/culture\/culturesci\/"},{"@type":"ListItem","position":3,"name":"Sciences participatives"}]},{"@type":"WebSite","@id":"https:\/\/www.univ-lorraine.fr\/culture\/#website","url":"https:\/\/www.univ-lorraine.fr\/culture\/","name":"Culture","description":"","publisher":{"@id":"https:\/\/www.univ-lorraine.fr\/culture\/#organization"},"potentialAction":[{"@type":"SearchAction","target":{"@type":"EntryPoint","urlTemplate":"https:\/\/www.univ-lorraine.fr\/culture\/?s={search_term_string}"},"query-input":{"@type":"PropertyValueSpecification","valueRequired":true,"valueName":"search_term_string"}}],"inLanguage":"fr-FR"},{"@type":"Organization","@id":"https:\/\/www.univ-lorraine.fr\/culture\/#organization","name":"Universit\u00e9 de Lorraine","url":"https:\/\/www.univ-lorraine.fr\/culture\/","logo":{"@type":"ImageObject","inLanguage":"fr-FR","@id":"https:\/\/www.univ-lorraine.fr\/culture\/#\/schema\/logo\/image\/","url":"https:\/\/www.univ-lorraine.fr\/culture\/wp-content\/uploads\/sites\/10\/2021\/01\/LOGO_UL.png","contentUrl":"https:\/\/www.univ-lorraine.fr\/culture\/wp-content\/uploads\/sites\/10\/2021\/01\/LOGO_UL.png","width":138,"height":48,"caption":"Universit\u00e9 de Lorraine"},"image":{"@id":"https:\/\/www.univ-lorraine.fr\/culture\/#\/schema\/logo\/image\/"}}]}},"_links":{"self":[{"href":"https:\/\/www.univ-lorraine.fr\/culture\/wp-json\/wp\/v2\/pages\/3192","targetHints":{"allow":["GET"]}}],"collection":[{"href":"https:\/\/www.univ-lorraine.fr\/culture\/wp-json\/wp\/v2\/pages"}],"about":[{"href":"https:\/\/www.univ-lorraine.fr\/culture\/wp-json\/wp\/v2\/types\/page"}],"author":[{"embeddable":true,"href":"https:\/\/www.univ-lorraine.fr\/culture\/wp-json\/wp\/v2\/users\/206"}],"replies":[{"embeddable":true,"href":"https:\/\/www.univ-lorraine.fr\/culture\/wp-json\/wp\/v2\/comments?post=3192"}],"version-history":[{"count":2,"href":"https:\/\/www.univ-lorraine.fr\/culture\/wp-json\/wp\/v2\/pages\/3192\/revisions"}],"predecessor-version":[{"id":3194,"href":"https:\/\/www.univ-lorraine.fr\/culture\/wp-json\/wp\/v2\/pages\/3192\/revisions\/3194"}],"up":[{"embeddable":true,"href":"https:\/\/www.univ-lorraine.fr\/culture\/wp-json\/wp\/v2\/pages\/41"}],"wp:attachment":[{"href":"https:\/\/www.univ-lorraine.fr\/culture\/wp-json\/wp\/v2\/media?parent=3192"}],"curies":[{"name":"wp","href":"https:\/\/api.w.org\/{rel}","templated":true}]}}