{"id":686,"date":"2021-06-23T10:54:10","date_gmt":"2021-06-23T08:54:10","guid":{"rendered":"https:\/\/www.univ-lorraine.fr\/culture\/?page_id=686"},"modified":"2024-09-30T11:52:26","modified_gmt":"2024-09-30T09:52:26","slug":"preau","status":"publish","type":"page","link":"https:\/\/www.univ-lorraine.fr\/culture\/musees-galeries\/preau\/","title":{"rendered":"Le Pr\u00e9au"},"content":{"rendered":"\n<h2 class=\"gb-headline gb-headline-eb4fd6aa gb-headline-text\">Galerie d&rsquo;art contemporain et de cr\u00e9ation<\/h2>\n\n\n<div class=\"gb-container gb-container-72fed136\"><div class=\"gb-inside-container\">\n<div class=\"gb-grid-wrapper gb-grid-wrapper-efad9660\">\n<div class=\"gb-grid-column gb-grid-column-a3f071b4\"><div class=\"gb-container gb-container-a3f071b4\"><div class=\"gb-inside-container\">\n\n<figure class=\"wp-block-image size-full\"><img loading=\"lazy\" decoding=\"async\" width=\"454\" height=\"454\" src=\"https:\/\/www.univ-lorraine.fr\/culture\/wp-content\/uploads\/sites\/10\/2021\/08\/logo_preau.jpg\" alt=\"\" class=\"wp-image-1330\" srcset=\"https:\/\/www.univ-lorraine.fr\/culture\/wp-content\/uploads\/sites\/10\/2021\/08\/logo_preau.jpg 454w, https:\/\/www.univ-lorraine.fr\/culture\/wp-content\/uploads\/sites\/10\/2021\/08\/logo_preau-300x300.jpg 300w, https:\/\/www.univ-lorraine.fr\/culture\/wp-content\/uploads\/sites\/10\/2021\/08\/logo_preau-150x150.jpg 150w\" sizes=\"auto, (max-width: 454px) 100vw, 454px\" \/><\/figure>\n\n<\/div><\/div><\/div>\n\n<div class=\"gb-grid-column gb-grid-column-c2f64d24\"><div class=\"gb-container gb-container-c2f64d24\"><div class=\"gb-inside-container\">\n\n<p>Espace lumineux ouvert sur le parc du site de Max\u00e9ville, <strong>Le Pr\u00e9au, espace d&rsquo;art et de cr\u00e9ation de l&rsquo;INSP\u00c9 de Lorraine<\/strong> a \u00e9t\u00e9 pens\u00e9 d\u00e8s sa conception par l\u2019architecte Christophe Henry comme d\u00e9di\u00e9 \u00e0 l\u2019art contemporain. Cette structure culturelle de l&rsquo;Universit\u00e9 de Lorraine fait partie du LORA (Lorraine R\u00e9seau Art) qui vise \u00e0 f\u00e9d\u00e9rer et promouvoir les structures d\u2019art contemporain. Il est soutenu par la DRAC Grand Est et la Ville de Max\u00e9ville.<\/p>\n\n\n\n<p><strong>Le Pr\u00e9au organise et accueille <\/strong><strong>chaque ann\u00e9e <\/strong><strong>cinq expositions <\/strong><strong>d\u2019\u0153uvres contemporaines et p<\/strong><strong>lusieurs types de rencontres et de m\u00e9diations<\/strong> sont organis\u00e9es en son sein, la galerie \u00e9tant ouverte \u00e0 tout public. Les rencontres, selon les publics, visent&nbsp;diff\u00e9rents objectifs&nbsp;: la fr\u00e9quentation des \u0153uvres (d\u00e9couverte d\u2019un artiste et d\u2019\u0153uvres) et les pratiques artistiques lors d\u2019ateliers li\u00e9s aux expositions&nbsp;; la formation \u00e0 l\u2019enseignement artistique et culturelle, la formation au projet partenarial, l\u2019\u00e9ducation aux arts et \u00e0 la culture.<\/p>\n\n\n\n<p>De plus en plus de classes, de la maternelle au lyc\u00e9e, mais aussi de groupes d\u2019\u00e9tudiant.e.s&nbsp;visitent les expositions du Pr\u00e9au, accompagn\u00e9.e.s par l\u2019assistante de projet culturelle de l\u2019INSP\u00c9 et\/ou&nbsp;un.e&nbsp;\u00e9tudiant.e de l\u2019Universit\u00e9 de Lorraine&nbsp;recrut\u00e9.e sp\u00e9cifiquement pour proposer des m\u00e9diations.<\/p>\n\n\n\n<p>Plus largement, la galerie est ouverte sur la cit\u00e9 et accueille tous les publics pour des moments de d\u00e9couverte d\u2019\u0153uvres et d\u2019exp\u00e9riences esth\u00e9tiques en visites libres ou guid\u00e9es.<\/p>\n\n<\/div><\/div><\/div>\n<\/div>\n<\/div><\/div>\n\n\n<h2 class=\"wp-block-heading\">Contacter le Pr\u00e9au<\/h2>\n\n\n<div class=\"gb-container gb-container-f5efe4fd\"><div class=\"gb-inside-container\">\n<div class=\"gb-grid-wrapper gb-grid-wrapper-4740e6f8\">\n<div class=\"gb-grid-column gb-grid-column-820fba77\"><div class=\"gb-container gb-container-820fba77\"><div class=\"gb-inside-container\">\n\n<figure class=\"wp-block-image size-full\"><img loading=\"lazy\" decoding=\"async\" width=\"600\" height=\"600\" src=\"https:\/\/www.univ-lorraine.fr\/culture\/wp-content\/uploads\/sites\/10\/2021\/08\/balise_site_culture.png\" alt=\"\" class=\"wp-image-1315\" srcset=\"https:\/\/www.univ-lorraine.fr\/culture\/wp-content\/uploads\/sites\/10\/2021\/08\/balise_site_culture.png 600w, https:\/\/www.univ-lorraine.fr\/culture\/wp-content\/uploads\/sites\/10\/2021\/08\/balise_site_culture-300x300.png 300w, https:\/\/www.univ-lorraine.fr\/culture\/wp-content\/uploads\/sites\/10\/2021\/08\/balise_site_culture-150x150.png 150w\" sizes=\"auto, (max-width: 600px) 100vw, 600px\" \/><\/figure>\n\n<\/div><\/div><\/div>\n\n<div class=\"gb-grid-column gb-grid-column-aaed4142\"><div class=\"gb-container gb-container-aaed4142\"><div class=\"gb-inside-container\">\n<div class=\"gb-grid-wrapper gb-grid-wrapper-b156b069\">\n<div class=\"gb-grid-column gb-grid-column-dbca796a\"><div class=\"gb-container gb-container-dbca796a\"><div class=\"gb-inside-container\">\n\n<h3 class=\"wp-block-heading\">L&rsquo;\u00e9quipe<\/h3>\n\n\n\n<p><strong>Charg\u00e9 de mission Arts &amp; culture :<\/strong><br>Marc Dal Corso<\/p>\n\n\n\n<p><strong>Service communication &amp; culture :<\/strong><br>Marie L&rsquo;\u00c9tang, responsable du service<br>Maud Gu\u00e9ly, assistante de projets culturels :  <\/p>\n\n\n\n<p><strong>03 72 74 22 35<\/strong> |  <a href=\"mailto:inspe-culture-con&#116;&#97;&#99;&#116;&#64;&#117;&#110;&#105;&#118;&#45;&#108;&#111;&#114;&#114;&#97;&#105;&#110;&#101;&#46;&#102;&#114;\"><u>i&#110;&#x73;&#x70;e&#45;&#x63;&#x75;l&#116;&#117;&#x72;&#x65;-&#99;&#x6f;&#x6e;t&#97;&#x63;&#x74;&#64;&#117;&#110;&#x69;&#x76;-&#108;&#x6f;&#x72;r&#97;&#x69;&#x6e;e&#46;&#102;&#x72;<\/u><\/a><\/p>\n\n\n\n<p>Le Pr\u00e9au est situ\u00e9 dans les locaux de l&rsquo;INSP\u00c9 de Lorraine : <\/p>\n\n\n\n<p><strong>5 rue Paul Richard 54320 MAX\u00c9VILLE<\/strong><\/p>\n\n<\/div><\/div><\/div>\n\n<div class=\"gb-grid-column gb-grid-column-fd778be3\"><div class=\"gb-container gb-container-fd778be3\"><div class=\"gb-inside-container\">\n\n<p id=\"block-7fc08e80-f148-4286-9d8e-be7a351e067f\"><strong>Ouvert au public (gratuit) de 8h \u00e0 17h du lundi au vendredi.<\/strong> <em>Pour des visites de groupe accompagn\u00e9es ou comment\u00e9es : nous contacter au pr\u00e9alable afin de pr\u00e9parer au mieux votre visite.<\/em><\/p>\n\n\n\n<p id=\"block-7fc08e80-f148-4286-9d8e-be7a351e067f\"><strong>Acc\u00e8s<\/strong> :<\/p>\n\n\n\n<p id=\"block-b790b3f6-c5d2-4376-9ac1-e3c29e2a40fd\">Max\u00e9ville : Ligne de tram n\u00b02 arr\u00eat Max\u00e9ville Patton ou ligne de bus n\u00b09 arr\u00eat Brasseries<\/p>\n\n\n\n<p id=\"block-3c7f1a57-da7a-4e6b-9e8c-f89394276ec9\">Parking voitures : se garer sur le parking \u00e9tudiants\/visiteurs situ\u00e9 sur votre droite, juste avant le 5 rue Paul Richard<\/p>\n\n\n\n<p id=\"block-a151f6e2-ceb5-40e6-b658-ed61d0f01128\"><strong>Protocole sanitaire : a\u00e9ration r\u00e9guli\u00e8re de la galerie, jauge limit\u00e9e et gestes-barri\u00e8res en vigueur.<\/strong><\/p>\n\n<\/div><\/div><\/div>\n<\/div>\n<\/div><\/div><\/div>\n<\/div>\n<\/div><\/div>\n\n<div class=\"gb-container gb-container-5412c6e9\"><div class=\"gb-inside-container\">\n\n<h2 class=\"wp-block-heading\">Le programme<\/h2>\n\n\n<div class=\"gb-grid-wrapper gb-grid-wrapper-9bb57679\">\n<div class=\"gb-grid-column gb-grid-column-74bf7e5e\"><div class=\"gb-container gb-container-74bf7e5e\"><div class=\"gb-inside-container\">\n\n<figure class=\"wp-block-image alignwide size-large\"><img loading=\"lazy\" decoding=\"async\" width=\"1024\" height=\"1024\" src=\"https:\/\/www.univ-lorraine.fr\/culture\/wp-content\/uploads\/sites\/10\/2021\/07\/Preau2021-InThisHiddenPlace-NoelVaroqui-1024x1024.jpg\" alt=\"\" class=\"wp-image-881\" srcset=\"https:\/\/www.univ-lorraine.fr\/culture\/wp-content\/uploads\/sites\/10\/2021\/07\/Preau2021-InThisHiddenPlace-NoelVaroqui-1024x1024.jpg 1024w, https:\/\/www.univ-lorraine.fr\/culture\/wp-content\/uploads\/sites\/10\/2021\/07\/Preau2021-InThisHiddenPlace-NoelVaroqui-300x300.jpg 300w, https:\/\/www.univ-lorraine.fr\/culture\/wp-content\/uploads\/sites\/10\/2021\/07\/Preau2021-InThisHiddenPlace-NoelVaroqui-150x150.jpg 150w, https:\/\/www.univ-lorraine.fr\/culture\/wp-content\/uploads\/sites\/10\/2021\/07\/Preau2021-InThisHiddenPlace-NoelVaroqui-768x768.jpg 768w, https:\/\/www.univ-lorraine.fr\/culture\/wp-content\/uploads\/sites\/10\/2021\/07\/Preau2021-InThisHiddenPlace-NoelVaroqui.jpg 1080w\" sizes=\"auto, (max-width: 1024px) 100vw, 1024px\" \/><figcaption class=\"wp-element-caption\"><em>\u00ab&nbsp;In This Hidden Place&nbsp;\u00bb, exposition de Noel Varoqui (Le Pr\u00e9au, mai 2021)<\/em><\/figcaption><\/figure>\n\n<\/div><\/div><\/div>\n\n<div class=\"gb-grid-column gb-grid-column-d0e39464\"><div class=\"gb-container gb-container-d0e39464\"><div class=\"gb-inside-container\">\n\n<div class=\"wp-block-buttons is-layout-flex wp-block-buttons-is-layout-flex\">\n<div class=\"wp-block-button\"><a class=\"wp-block-button__link wp-element-button\" href=\"http:\/\/inspe.univ-lorraine.fr\/culture\/les-expos\">Consulter le programme en ligne<\/a><\/div>\n<\/div>\n\n\n\n<p> <strong>Recevez nos invitations<\/strong> (vernissages, m\u00e9diations\/visites de groupes&#8230;) en vous abonnant \u00e0 notre liste de diffusion* <\/p>\n\n\n\n<div class=\"wp-block-buttons is-layout-flex wp-block-buttons-is-layout-flex\">\n<div class=\"wp-block-button\"><a class=\"wp-block-button__link wp-element-button\" href=\"ttps:\/\/listes.univ-lorraine.fr\/sympa\/subscribe\/inspe-preau-invitation\">S&rsquo;abonner \u00e0 notre liste<\/a><\/div>\n<\/div>\n\n\n\n<p><em>En application du nouveau RGPD (r\u00e8glement europ\u00e9en sur la protection des donn\u00e9es personnelles), depuis le 25 mai 2018, nous vous informons que les donn\u00e9es personnelles collect\u00e9es dans le cadre de cette action ne seront ni stock\u00e9es, ni r\u00e9utilis\u00e9es dans un autre cadre, ni c\u00e9d\u00e9es \u00e0 un tiers, et que vous disposez d&rsquo;un droit d&rsquo;acc\u00e8s, de rectification et de suppression de ces informations, en nous contactant directement : &#x69;n&#x73;&#112;e&#x2d;&#99;&#x75;&#108;t&#x75;&#114;&#x65;&#45;c&#x6f;&#110;&#x74;&#x61;c&#x74;&#64;u&#x6e;&#105;&#x76;&#45;l&#x6f;&#114;&#x72;&#97;i&#x6e;&#101;&#x2e;&#x66;r ou en cliquant ici : <a href=\"ailto:https:\/\/listes.univ-lorraine.fr\/sympa\/signoff\/inspe-preau-invitation\">se d\u00e9sabonner<\/a>.<\/em><\/p>\n\n<\/div><\/div><\/div>\n<\/div>\n\n<div class=\"gb-container gb-container-00351e0a\"><div class=\"gb-inside-container\">\n\n<div class=\"wp-block-buttons is-layout-flex wp-block-buttons-is-layout-flex\">\n<div class=\"wp-block-button\"><a class=\"wp-block-button__link wp-element-button\" href=\"https:\/\/u2l.fr\/video-preau\">Le Pr\u00e9au en Vid\u00e9o<\/a><\/div>\n<\/div>\n\n\n\n<div class=\"wp-block-buttons is-layout-flex wp-block-buttons-is-layout-flex\"><\/div>\n\n<\/div><\/div>\n\n<div class=\"gb-container gb-container-1b853ea4\"><div class=\"gb-inside-container\">\n\n<h3 class=\"gb-headline gb-headline-6ddb4cc8 gb-headline-text\">Le Pr\u00e9au sur les r\u00e9seaux sociaux <\/h3>\n\n\n<div class=\"gb-button-wrapper gb-button-wrapper-ac80f961\">\n\n<a class=\"gb-button gb-button-84daf5f5 rs\" href=\"https:\/\/www.instagram.com\/galerie_preau\/\" target=\"_blank\" rel=\"nofollow noopener noreferrer\"><span class=\"gb-icon\"><svg aria-hidden=\"true\" role=\"img\" height=\"1em\" width=\"1em\" viewBox=\"0 0 448 512\" xmlns=\"http:\/\/www.w3.org\/2000\/svg\"><path fill=\"currentColor\" d=\"M224.1 141c-63.6 0-114.9 51.3-114.9 114.9s51.3 114.9 114.9 114.9S339 319.5 339 255.9 287.7 141 224.1 141zm0 189.6c-41.1 0-74.7-33.5-74.7-74.7s33.5-74.7 74.7-74.7 74.7 33.5 74.7 74.7-33.6 74.7-74.7 74.7zm146.4-194.3c0 14.9-12 26.8-26.8 26.8-14.9 0-26.8-12-26.8-26.8s12-26.8 26.8-26.8 26.8 12 26.8 26.8zm76.1 27.2c-1.7-35.9-9.9-67.7-36.2-93.9-26.2-26.2-58-34.4-93.9-36.2-37-2.1-147.9-2.1-184.9 0-35.8 1.7-67.6 9.9-93.9 36.1s-34.4 58-36.2 93.9c-2.1 37-2.1 147.9 0 184.9 1.7 35.9 9.9 67.7 36.2 93.9s58 34.4 93.9 36.2c37 2.1 147.9 2.1 184.9 0 35.9-1.7 67.7-9.9 93.9-36.2 26.2-26.2 34.4-58 36.2-93.9 2.1-37 2.1-147.8 0-184.8zM398.8 388c-7.8 19.6-22.9 34.7-42.6 42.6-29.5 11.7-99.5 9-132.1 9s-102.7 2.6-132.1-9c-19.6-7.8-34.7-22.9-42.6-42.6-11.7-29.5-9-99.5-9-132.1s-2.6-102.7 9-132.1c7.8-19.6 22.9-34.7 42.6-42.6 29.5-11.7 99.5-9 132.1-9s102.7-2.6 132.1 9c19.6 7.8 34.7 22.9 42.6 42.6 11.7 29.5 9 99.5 9 132.1s2.7 102.7-9 132.1z\"><\/path><\/svg><\/span><span class=\"gb-button-text\">Instagram<\/span><\/a>\n\n\n\n<a class=\"gb-button gb-button-5b375506 rs\" href=\"https:\/\/www.facebook.com\/lepreaudesarts\/\" target=\"_blank\" rel=\"nofollow noopener noreferrer\"><span class=\"gb-icon\"><svg xmlns=\"http:\/\/www.w3.org\/2000\/svg\" viewBox=\"0 0 320 512\" width=\"1em\" height=\"1em\" aria-hidden=\"true\"><path d=\"M279.14 288l14.22-92.66h-88.91v-60.13c0-25.35 12.42-50.06 52.24-50.06h40.42V6.26S260.43 0 225.36 0c-73.22 0-121.08 44.38-121.08 124.72v70.62H22.89V288h81.39v224h100.17V288z\" fill=\"currentColor\"><\/path><\/svg><\/span><span class=\"gb-button-text\">Facebook<\/span><\/a>\n\n<\/div>\n<\/div><\/div>\n<\/div><\/div>","protected":false},"excerpt":{"rendered":"<p>Galerie d&rsquo;art contemporain et de cr\u00e9ation Contacter le Pr\u00e9au Le programme Le Pr\u00e9au sur les r\u00e9seaux sociaux<\/p>\n","protected":false},"author":68,"featured_media":0,"parent":225,"menu_order":0,"comment_status":"closed","ping_status":"closed","template":"","meta":{"inline_featured_image":false,"footnotes":""},"class_list":["post-686","page","type-page","status-publish"],"yoast_head":"<!-- This site is optimized with the Yoast SEO plugin v27.4 - https:\/\/yoast.com\/product\/yoast-seo-wordpress\/ -->\n<title>Le Pr\u00e9au - Culture<\/title>\n<meta name=\"description\" content=\"Le pr\u00e9au, galerie d&#039;art contemporain et de cr\u00e9ation situ\u00e9e dans les locaux de l&#039;INSP\u00c9 de Lorraine \u00e0 Max\u00e9ville. D\u00e9couvrez le programme !\" \/>\n<meta name=\"robots\" content=\"index, follow, max-snippet:-1, max-image-preview:large, max-video-preview:-1\" \/>\n<link rel=\"canonical\" href=\"https:\/\/www.univ-lorraine.fr\/culture\/musees-galeries\/preau\/\" \/>\n<meta property=\"og:locale\" content=\"fr_FR\" \/>\n<meta property=\"og:type\" content=\"article\" \/>\n<meta property=\"og:title\" content=\"Le Pr\u00e9au - Culture\" \/>\n<meta property=\"og:description\" content=\"Le pr\u00e9au, galerie d&#039;art contemporain et de cr\u00e9ation situ\u00e9e dans les locaux de l&#039;INSP\u00c9 de Lorraine \u00e0 Max\u00e9ville. D\u00e9couvrez le programme !\" \/>\n<meta property=\"og:url\" content=\"https:\/\/www.univ-lorraine.fr\/culture\/musees-galeries\/preau\/\" \/>\n<meta property=\"og:site_name\" content=\"Culture\" \/>\n<meta property=\"article:modified_time\" content=\"2024-09-30T09:52:26+00:00\" \/>\n<meta property=\"og:image\" content=\"https:\/\/www.univ-lorraine.fr\/culture\/wp-content\/uploads\/sites\/10\/2021\/08\/logo_preau.jpg\" \/>\n<meta name=\"twitter:card\" content=\"summary_large_image\" \/>\n<meta name=\"twitter:label1\" content=\"Dur\u00e9e de lecture estim\u00e9e\" \/>\n\t<meta name=\"twitter:data1\" content=\"4 minutes\" \/>\n<script type=\"application\/ld+json\" class=\"yoast-schema-graph\">{\"@context\":\"https:\\\/\\\/schema.org\",\"@graph\":[{\"@type\":\"WebPage\",\"@id\":\"https:\\\/\\\/www.univ-lorraine.fr\\\/culture\\\/musees-galeries\\\/preau\\\/\",\"url\":\"https:\\\/\\\/www.univ-lorraine.fr\\\/culture\\\/musees-galeries\\\/preau\\\/\",\"name\":\"Le Pr\u00e9au - Culture\",\"isPartOf\":{\"@id\":\"https:\\\/\\\/www.univ-lorraine.fr\\\/culture\\\/#website\"},\"primaryImageOfPage\":{\"@id\":\"https:\\\/\\\/www.univ-lorraine.fr\\\/culture\\\/musees-galeries\\\/preau\\\/#primaryimage\"},\"image\":{\"@id\":\"https:\\\/\\\/www.univ-lorraine.fr\\\/culture\\\/musees-galeries\\\/preau\\\/#primaryimage\"},\"thumbnailUrl\":\"https:\\\/\\\/www.univ-lorraine.fr\\\/culture\\\/wp-content\\\/uploads\\\/sites\\\/10\\\/2021\\\/08\\\/logo_preau.jpg\",\"datePublished\":\"2021-06-23T08:54:10+00:00\",\"dateModified\":\"2024-09-30T09:52:26+00:00\",\"description\":\"Le pr\u00e9au, galerie d'art contemporain et de cr\u00e9ation situ\u00e9e dans les locaux de l'INSP\u00c9 de Lorraine \u00e0 Max\u00e9ville. D\u00e9couvrez le programme !\",\"breadcrumb\":{\"@id\":\"https:\\\/\\\/www.univ-lorraine.fr\\\/culture\\\/musees-galeries\\\/preau\\\/#breadcrumb\"},\"inLanguage\":\"fr-FR\",\"potentialAction\":[{\"@type\":\"ReadAction\",\"target\":[\"https:\\\/\\\/www.univ-lorraine.fr\\\/culture\\\/musees-galeries\\\/preau\\\/\"]}]},{\"@type\":\"ImageObject\",\"inLanguage\":\"fr-FR\",\"@id\":\"https:\\\/\\\/www.univ-lorraine.fr\\\/culture\\\/musees-galeries\\\/preau\\\/#primaryimage\",\"url\":\"https:\\\/\\\/www.univ-lorraine.fr\\\/culture\\\/wp-content\\\/uploads\\\/sites\\\/10\\\/2021\\\/08\\\/logo_preau.jpg\",\"contentUrl\":\"https:\\\/\\\/www.univ-lorraine.fr\\\/culture\\\/wp-content\\\/uploads\\\/sites\\\/10\\\/2021\\\/08\\\/logo_preau.jpg\",\"width\":454,\"height\":454},{\"@type\":\"BreadcrumbList\",\"@id\":\"https:\\\/\\\/www.univ-lorraine.fr\\\/culture\\\/musees-galeries\\\/preau\\\/#breadcrumb\",\"itemListElement\":[{\"@type\":\"ListItem\",\"position\":1,\"name\":\"Accueil\",\"item\":\"https:\\\/\\\/www.univ-lorraine.fr\\\/culture\\\/\"},{\"@type\":\"ListItem\",\"position\":2,\"name\":\"Mus\u00e9es &#038; galeries\",\"item\":\"https:\\\/\\\/www.univ-lorraine.fr\\\/culture\\\/musees-galeries\\\/\"},{\"@type\":\"ListItem\",\"position\":3,\"name\":\"Le Pr\u00e9au\"}]},{\"@type\":\"WebSite\",\"@id\":\"https:\\\/\\\/www.univ-lorraine.fr\\\/culture\\\/#website\",\"url\":\"https:\\\/\\\/www.univ-lorraine.fr\\\/culture\\\/\",\"name\":\"Culture\",\"description\":\"\",\"publisher\":{\"@id\":\"https:\\\/\\\/www.univ-lorraine.fr\\\/culture\\\/#organization\"},\"potentialAction\":[{\"@type\":\"SearchAction\",\"target\":{\"@type\":\"EntryPoint\",\"urlTemplate\":\"https:\\\/\\\/www.univ-lorraine.fr\\\/culture\\\/?s={search_term_string}\"},\"query-input\":{\"@type\":\"PropertyValueSpecification\",\"valueRequired\":true,\"valueName\":\"search_term_string\"}}],\"inLanguage\":\"fr-FR\"},{\"@type\":\"Organization\",\"@id\":\"https:\\\/\\\/www.univ-lorraine.fr\\\/culture\\\/#organization\",\"name\":\"Universit\u00e9 de Lorraine\",\"url\":\"https:\\\/\\\/www.univ-lorraine.fr\\\/culture\\\/\",\"logo\":{\"@type\":\"ImageObject\",\"inLanguage\":\"fr-FR\",\"@id\":\"https:\\\/\\\/www.univ-lorraine.fr\\\/culture\\\/#\\\/schema\\\/logo\\\/image\\\/\",\"url\":\"https:\\\/\\\/www.univ-lorraine.fr\\\/culture\\\/wp-content\\\/uploads\\\/sites\\\/10\\\/2021\\\/01\\\/LOGO_UL.png\",\"contentUrl\":\"https:\\\/\\\/www.univ-lorraine.fr\\\/culture\\\/wp-content\\\/uploads\\\/sites\\\/10\\\/2021\\\/01\\\/LOGO_UL.png\",\"width\":138,\"height\":48,\"caption\":\"Universit\u00e9 de Lorraine\"},\"image\":{\"@id\":\"https:\\\/\\\/www.univ-lorraine.fr\\\/culture\\\/#\\\/schema\\\/logo\\\/image\\\/\"}}]}<\/script>\n<!-- \/ Yoast SEO plugin. -->","yoast_head_json":{"title":"Le Pr\u00e9au - Culture","description":"Le pr\u00e9au, galerie d'art contemporain et de cr\u00e9ation situ\u00e9e dans les locaux de l'INSP\u00c9 de Lorraine \u00e0 Max\u00e9ville. D\u00e9couvrez le programme !","robots":{"index":"index","follow":"follow","max-snippet":"max-snippet:-1","max-image-preview":"max-image-preview:large","max-video-preview":"max-video-preview:-1"},"canonical":"https:\/\/www.univ-lorraine.fr\/culture\/musees-galeries\/preau\/","og_locale":"fr_FR","og_type":"article","og_title":"Le Pr\u00e9au - Culture","og_description":"Le pr\u00e9au, galerie d'art contemporain et de cr\u00e9ation situ\u00e9e dans les locaux de l'INSP\u00c9 de Lorraine \u00e0 Max\u00e9ville. D\u00e9couvrez le programme !","og_url":"https:\/\/www.univ-lorraine.fr\/culture\/musees-galeries\/preau\/","og_site_name":"Culture","article_modified_time":"2024-09-30T09:52:26+00:00","og_image":[{"url":"https:\/\/www.univ-lorraine.fr\/culture\/wp-content\/uploads\/sites\/10\/2021\/08\/logo_preau.jpg","type":"","width":"","height":""}],"twitter_card":"summary_large_image","twitter_misc":{"Dur\u00e9e de lecture estim\u00e9e":"4 minutes"},"schema":{"@context":"https:\/\/schema.org","@graph":[{"@type":"WebPage","@id":"https:\/\/www.univ-lorraine.fr\/culture\/musees-galeries\/preau\/","url":"https:\/\/www.univ-lorraine.fr\/culture\/musees-galeries\/preau\/","name":"Le Pr\u00e9au - Culture","isPartOf":{"@id":"https:\/\/www.univ-lorraine.fr\/culture\/#website"},"primaryImageOfPage":{"@id":"https:\/\/www.univ-lorraine.fr\/culture\/musees-galeries\/preau\/#primaryimage"},"image":{"@id":"https:\/\/www.univ-lorraine.fr\/culture\/musees-galeries\/preau\/#primaryimage"},"thumbnailUrl":"https:\/\/www.univ-lorraine.fr\/culture\/wp-content\/uploads\/sites\/10\/2021\/08\/logo_preau.jpg","datePublished":"2021-06-23T08:54:10+00:00","dateModified":"2024-09-30T09:52:26+00:00","description":"Le pr\u00e9au, galerie d'art contemporain et de cr\u00e9ation situ\u00e9e dans les locaux de l'INSP\u00c9 de Lorraine \u00e0 Max\u00e9ville. D\u00e9couvrez le programme !","breadcrumb":{"@id":"https:\/\/www.univ-lorraine.fr\/culture\/musees-galeries\/preau\/#breadcrumb"},"inLanguage":"fr-FR","potentialAction":[{"@type":"ReadAction","target":["https:\/\/www.univ-lorraine.fr\/culture\/musees-galeries\/preau\/"]}]},{"@type":"ImageObject","inLanguage":"fr-FR","@id":"https:\/\/www.univ-lorraine.fr\/culture\/musees-galeries\/preau\/#primaryimage","url":"https:\/\/www.univ-lorraine.fr\/culture\/wp-content\/uploads\/sites\/10\/2021\/08\/logo_preau.jpg","contentUrl":"https:\/\/www.univ-lorraine.fr\/culture\/wp-content\/uploads\/sites\/10\/2021\/08\/logo_preau.jpg","width":454,"height":454},{"@type":"BreadcrumbList","@id":"https:\/\/www.univ-lorraine.fr\/culture\/musees-galeries\/preau\/#breadcrumb","itemListElement":[{"@type":"ListItem","position":1,"name":"Accueil","item":"https:\/\/www.univ-lorraine.fr\/culture\/"},{"@type":"ListItem","position":2,"name":"Mus\u00e9es &#038; galeries","item":"https:\/\/www.univ-lorraine.fr\/culture\/musees-galeries\/"},{"@type":"ListItem","position":3,"name":"Le Pr\u00e9au"}]},{"@type":"WebSite","@id":"https:\/\/www.univ-lorraine.fr\/culture\/#website","url":"https:\/\/www.univ-lorraine.fr\/culture\/","name":"Culture","description":"","publisher":{"@id":"https:\/\/www.univ-lorraine.fr\/culture\/#organization"},"potentialAction":[{"@type":"SearchAction","target":{"@type":"EntryPoint","urlTemplate":"https:\/\/www.univ-lorraine.fr\/culture\/?s={search_term_string}"},"query-input":{"@type":"PropertyValueSpecification","valueRequired":true,"valueName":"search_term_string"}}],"inLanguage":"fr-FR"},{"@type":"Organization","@id":"https:\/\/www.univ-lorraine.fr\/culture\/#organization","name":"Universit\u00e9 de Lorraine","url":"https:\/\/www.univ-lorraine.fr\/culture\/","logo":{"@type":"ImageObject","inLanguage":"fr-FR","@id":"https:\/\/www.univ-lorraine.fr\/culture\/#\/schema\/logo\/image\/","url":"https:\/\/www.univ-lorraine.fr\/culture\/wp-content\/uploads\/sites\/10\/2021\/01\/LOGO_UL.png","contentUrl":"https:\/\/www.univ-lorraine.fr\/culture\/wp-content\/uploads\/sites\/10\/2021\/01\/LOGO_UL.png","width":138,"height":48,"caption":"Universit\u00e9 de Lorraine"},"image":{"@id":"https:\/\/www.univ-lorraine.fr\/culture\/#\/schema\/logo\/image\/"}}]}},"_links":{"self":[{"href":"https:\/\/www.univ-lorraine.fr\/culture\/wp-json\/wp\/v2\/pages\/686","targetHints":{"allow":["GET"]}}],"collection":[{"href":"https:\/\/www.univ-lorraine.fr\/culture\/wp-json\/wp\/v2\/pages"}],"about":[{"href":"https:\/\/www.univ-lorraine.fr\/culture\/wp-json\/wp\/v2\/types\/page"}],"author":[{"embeddable":true,"href":"https:\/\/www.univ-lorraine.fr\/culture\/wp-json\/wp\/v2\/users\/68"}],"replies":[{"embeddable":true,"href":"https:\/\/www.univ-lorraine.fr\/culture\/wp-json\/wp\/v2\/comments?post=686"}],"version-history":[{"count":34,"href":"https:\/\/www.univ-lorraine.fr\/culture\/wp-json\/wp\/v2\/pages\/686\/revisions"}],"predecessor-version":[{"id":6150,"href":"https:\/\/www.univ-lorraine.fr\/culture\/wp-json\/wp\/v2\/pages\/686\/revisions\/6150"}],"up":[{"embeddable":true,"href":"https:\/\/www.univ-lorraine.fr\/culture\/wp-json\/wp\/v2\/pages\/225"}],"wp:attachment":[{"href":"https:\/\/www.univ-lorraine.fr\/culture\/wp-json\/wp\/v2\/media?parent=686"}],"curies":[{"name":"wp","href":"https:\/\/api.w.org\/{rel}","templated":true}]}}