{"id":1026,"date":"2022-03-30T17:02:30","date_gmt":"2022-03-30T15:02:30","guid":{"rendered":"https:\/\/www.univ-lorraine.fr\/egalite-diversite-inclusion\/?page_id=1026"},"modified":"2025-06-24T08:32:23","modified_gmt":"2025-06-24T06:32:23","slug":"guides-pratiques","status":"publish","type":"page","link":"https:\/\/www.univ-lorraine.fr\/egalite-diversite-inclusion\/guides-pratiques\/","title":{"rendered":"Guides pratiques"},"content":{"rendered":"<div class=\"gb-grid-wrapper gb-grid-wrapper-b317a72d\">\n<div class=\"gb-grid-column gb-grid-column-29b83ecf\"><div class=\"gb-container gb-container-29b83ecf\"><div class=\"gb-inside-container\">\n<div class=\"gb-grid-wrapper gb-grid-wrapper-3b6b9f37\">\n<div class=\"gb-grid-column gb-grid-column-c618cf53\"><div class=\"gb-container gb-container-c618cf53\"><div class=\"gb-inside-container\"><\/div><\/div><\/div>\n\n<div class=\"gb-grid-column gb-grid-column-4b8d45ef\"><div class=\"gb-container gb-container-4b8d45ef\"><div class=\"gb-inside-container\">\n<div class=\"gb-container gb-container-ed2064d0\"><div class=\"gb-inside-container\">\n<div class=\"gb-container gb-container-290c5a1d\"><div class=\"gb-inside-container\">\n\n<h3 class=\"gb-headline gb-headline-b93f507c\"><span class=\"gb-icon\"><svg viewBox=\"0 0 234 151.57\" xmlns=\"http:\/\/www.w3.org\/2000\/svg\" data-name=\"Calque 1\" id=\"Calque_1\"><defs><style>.cls-1{} <\/style><\/defs><polygon points=\"19.57 151.57 0 132 56.21 75.78 0 19.57 19.57 0 95.36 75.78 19.57 151.57\" class=\"cls-1\"><\/polygon> <polygon points=\"88.89 151.57 69.32 132 125.54 75.78 69.32 19.57 88.89 0 164.68 75.78 88.89 151.57\" class=\"cls-1\"><\/polygon> <polygon points=\"158.22 151.57 138.65 132 194.86 75.78 138.65 19.57 158.22 0 234 75.78 158.22 151.57\" class=\"cls-1\"><\/polygon><\/svg><\/span><span class=\"gb-headline-text\">Guide pratique de l\u2019\u00e9tudiant\u00b7e en situation de handicap<\/span><\/h3>\n\n\n<div class=\"gb-container gb-container-22305a79\"><div class=\"gb-inside-container\">\n\n<div class=\"wp-block-buttons is-content-justification-center is-layout-flex wp-container-core-buttons-is-layout-16018d1d wp-block-buttons-is-layout-flex\">\n<div class=\"wp-block-button\"><a class=\"wp-block-button__link wp-element-button\" href=\"https:\/\/www.univ-lorraine.fr\/wp-content\/uploads\/2024\/05\/univ-lorraine-guide_etudiant_2024_web-1.pdf\" target=\"_blank\" rel=\"noreferrer noopener\">T\u00e9l\u00e9charger le guide (FR)<\/a><\/div>\n<\/div>\n\n<\/div><\/div>\n<\/div><\/div>\n\n<div class=\"gb-container gb-container-36e1afdf\"><div class=\"gb-inside-container\">\n<div class=\"gb-container gb-container-f9a43009\"><div class=\"gb-inside-container\">\n<div class=\"gb-container gb-container-ce2bd457\"><div class=\"gb-inside-container\">\n<div class=\"gb-container gb-container-d430cf1f\"><div class=\"gb-inside-container\">\n\n<h3 class=\"gb-headline gb-headline-cd5f4013\"><span class=\"gb-icon\"><svg viewBox=\"0 0 234 151.57\" xmlns=\"http:\/\/www.w3.org\/2000\/svg\" data-name=\"Calque 1\" id=\"Calque_1\"><defs><style>.cls-1{} <\/style><\/defs><polygon points=\"19.57 151.57 0 132 56.21 75.78 0 19.57 19.57 0 95.36 75.78 19.57 151.57\" class=\"cls-1\"><\/polygon> <polygon points=\"88.89 151.57 69.32 132 125.54 75.78 69.32 19.57 88.89 0 164.68 75.78 88.89 151.57\" class=\"cls-1\"><\/polygon> <polygon points=\"158.22 151.57 138.65 132 194.86 75.78 138.65 19.57 158.22 0 234 75.78 158.22 151.57\" class=\"cls-1\"><\/polygon><\/svg><\/span><span class=\"gb-headline-text\">Guide Etudiant\u00b7e\u00b7s LGBTQIA+&nbsp;: nous sommes \u00e0 votre \u00e9coute<\/span><\/h3>\n\n\n\n<div class=\"wp-block-buttons is-content-justification-center is-layout-flex wp-container-core-buttons-is-layout-16018d1d wp-block-buttons-is-layout-flex\">\n<div class=\"wp-block-button\"><a class=\"wp-block-button__link wp-element-button\" href=\"https:\/\/www.univ-lorraine.fr\/egalite-diversite-inclusion\/wp-content\/uploads\/sites\/36\/2024\/08\/flyer-lgbt_rentree-2024_light-1.pdf\" target=\"_blank\" rel=\"noreferrer noopener\">T\u00e9l\u00e9charger le guide<\/a><\/div>\n<\/div>\n\n<\/div><\/div>\n<\/div><\/div>\n\n<div class=\"gb-container gb-container-182f9c3c\"><div class=\"gb-inside-container\">\n\n<h3 class=\"gb-headline gb-headline-12c4a869\"><span class=\"gb-icon\"><svg viewBox=\"0 0 234 151.57\" xmlns=\"http:\/\/www.w3.org\/2000\/svg\" data-name=\"Calque 1\" id=\"Calque_1\"><defs><style>.cls-1{} <\/style><\/defs><polygon points=\"19.57 151.57 0 132 56.21 75.78 0 19.57 19.57 0 95.36 75.78 19.57 151.57\" class=\"cls-1\"><\/polygon> <polygon points=\"88.89 151.57 69.32 132 125.54 75.78 69.32 19.57 88.89 0 164.68 75.78 88.89 151.57\" class=\"cls-1\"><\/polygon> <polygon points=\"158.22 151.57 138.65 132 194.86 75.78 138.65 19.57 158.22 0 234 75.78 158.22 151.57\" class=\"cls-1\"><\/polygon><\/svg><\/span><span class=\"gb-headline-text\">Kit de pr\u00e9vention des discriminations dans l&rsquo;enseignement sup\u00e9rieur et la recherche<\/span><\/h3>\n\n\n\n<div class=\"wp-block-buttons is-content-justification-center is-layout-flex wp-container-core-buttons-is-layout-16018d1d wp-block-buttons-is-layout-flex\">\n<div class=\"wp-block-button\"><a class=\"wp-block-button__link wp-element-button\" href=\"https:\/\/www.univ-lorraine.fr\/wp-content\/uploads\/2020\/12\/KIT-Prevention-Discriminations-ESR_v%C2%B0finale21dec21.pdf\" target=\"_blank\" rel=\"noreferrer noopener\">T\u00e9l\u00e9charger le kit de pr\u00e9vention<\/a><\/div>\n<\/div>\n\n<\/div><\/div>\n<\/div><\/div>\n<\/div><\/div>\n\n<div class=\"gb-container gb-container-dce29ce5\"><div class=\"gb-inside-container\">\n<div class=\"gb-container gb-container-425e2cd5\"><div class=\"gb-inside-container\">\n<div class=\"gb-container gb-container-6ff17011\"><div class=\"gb-inside-container\">\n<div class=\"gb-container gb-container-6be55416\"><div class=\"gb-inside-container\">\n\n<h3 class=\"gb-headline gb-headline-ea8987fc\"><span class=\"gb-icon\"><svg viewBox=\"0 0 234 151.57\" xmlns=\"http:\/\/www.w3.org\/2000\/svg\" data-name=\"Calque 1\" id=\"Calque_1\"><defs><style>.cls-1{} <\/style><\/defs><polygon points=\"19.57 151.57 0 132 56.21 75.78 0 19.57 19.57 0 95.36 75.78 19.57 151.57\" class=\"cls-1\"><\/polygon> <polygon points=\"88.89 151.57 69.32 132 125.54 75.78 69.32 19.57 88.89 0 164.68 75.78 88.89 151.57\" class=\"cls-1\"><\/polygon> <polygon points=\"158.22 151.57 138.65 132 194.86 75.78 138.65 19.57 158.22 0 234 75.78 158.22 151.57\" class=\"cls-1\"><\/polygon><\/svg><\/span><span class=\"gb-headline-text\">Conseils pratiques pour \u00c9crire l&rsquo;\u00c9galit\u00e9<\/span><\/h3>\n\n\n\n<div class=\"wp-block-buttons is-content-justification-center is-layout-flex wp-container-core-buttons-is-layout-16018d1d wp-block-buttons-is-layout-flex\">\n<div class=\"wp-block-button\"><a class=\"wp-block-button__link wp-element-button\" href=\"https:\/\/www.univ-lorraine.fr\/egalite-diversite-inclusion\/conseils-pratiques-pour-ecrire-legalite\/\">\u00c9crire l&rsquo;\u00e9galit\u00e9<\/a><\/div>\n<\/div>\n\n<\/div><\/div>\n<\/div><\/div>\n<\/div><\/div>\n<\/div><\/div>\n<\/div><\/div>\n<\/div><\/div><\/div>\n<\/div>\n<\/div><\/div><\/div>\n<\/div>\n\n\n<p><\/p>\n","protected":false},"excerpt":{"rendered":"","protected":false},"author":88,"featured_media":0,"parent":0,"menu_order":0,"comment_status":"closed","ping_status":"closed","template":"","meta":{"inline_featured_image":false,"footnotes":""},"class_list":["post-1026","page","type-page","status-publish"],"yoast_head":"<!-- This site is optimized with the Yoast SEO plugin v27.4 - https:\/\/yoast.com\/product\/yoast-seo-wordpress\/ -->\n<title>Guides pratiques - Egalit\u00e9 diversit\u00e9 Inclusion<\/title>\n<meta name=\"description\" content=\"Guides pratiques pour agir pour l&#039;\u00e9galit\u00e9, la diversit\u00e9 et l&#039;inclusion dans l&#039;enseignement sup\u00e9rieur.\" \/>\n<meta name=\"robots\" content=\"index, follow, max-snippet:-1, max-image-preview:large, max-video-preview:-1\" \/>\n<link rel=\"canonical\" href=\"https:\/\/www.univ-lorraine.fr\/egalite-diversite-inclusion\/guides-pratiques\/\" \/>\n<meta property=\"og:locale\" content=\"fr_FR\" \/>\n<meta property=\"og:type\" content=\"article\" \/>\n<meta property=\"og:title\" content=\"Guides pratiques - Egalit\u00e9 diversit\u00e9 Inclusion\" \/>\n<meta property=\"og:description\" content=\"Guides pratiques pour agir pour l&#039;\u00e9galit\u00e9, la diversit\u00e9 et l&#039;inclusion dans l&#039;enseignement sup\u00e9rieur.\" \/>\n<meta property=\"og:url\" content=\"https:\/\/www.univ-lorraine.fr\/egalite-diversite-inclusion\/guides-pratiques\/\" \/>\n<meta property=\"og:site_name\" content=\"Egalit\u00e9 diversit\u00e9 Inclusion\" \/>\n<meta property=\"article:modified_time\" content=\"2025-06-24T06:32:23+00:00\" \/>\n<meta name=\"twitter:card\" content=\"summary_large_image\" \/>\n<meta name=\"twitter:label1\" content=\"Dur\u00e9e de lecture estim\u00e9e\" \/>\n\t<meta name=\"twitter:data1\" content=\"1 minute\" \/>\n<script type=\"application\/ld+json\" class=\"yoast-schema-graph\">{\"@context\":\"https:\\\/\\\/schema.org\",\"@graph\":[{\"@type\":\"WebPage\",\"@id\":\"https:\\\/\\\/www.univ-lorraine.fr\\\/egalite-diversite-inclusion\\\/guides-pratiques\\\/\",\"url\":\"https:\\\/\\\/www.univ-lorraine.fr\\\/egalite-diversite-inclusion\\\/guides-pratiques\\\/\",\"name\":\"Guides pratiques - Egalit\u00e9 diversit\u00e9 Inclusion\",\"isPartOf\":{\"@id\":\"https:\\\/\\\/www.univ-lorraine.fr\\\/egalite-diversite-inclusion\\\/#website\"},\"datePublished\":\"2022-03-30T15:02:30+00:00\",\"dateModified\":\"2025-06-24T06:32:23+00:00\",\"description\":\"Guides pratiques pour agir pour l'\u00e9galit\u00e9, la diversit\u00e9 et l'inclusion dans l'enseignement sup\u00e9rieur.\",\"breadcrumb\":{\"@id\":\"https:\\\/\\\/www.univ-lorraine.fr\\\/egalite-diversite-inclusion\\\/guides-pratiques\\\/#breadcrumb\"},\"inLanguage\":\"fr-FR\",\"potentialAction\":[{\"@type\":\"ReadAction\",\"target\":[\"https:\\\/\\\/www.univ-lorraine.fr\\\/egalite-diversite-inclusion\\\/guides-pratiques\\\/\"]}]},{\"@type\":\"BreadcrumbList\",\"@id\":\"https:\\\/\\\/www.univ-lorraine.fr\\\/egalite-diversite-inclusion\\\/guides-pratiques\\\/#breadcrumb\",\"itemListElement\":[{\"@type\":\"ListItem\",\"position\":1,\"name\":\"Accueil\",\"item\":\"https:\\\/\\\/www.univ-lorraine.fr\\\/egalite-diversite-inclusion\\\/\"},{\"@type\":\"ListItem\",\"position\":2,\"name\":\"Guides pratiques\"}]},{\"@type\":\"WebSite\",\"@id\":\"https:\\\/\\\/www.univ-lorraine.fr\\\/egalite-diversite-inclusion\\\/#website\",\"url\":\"https:\\\/\\\/www.univ-lorraine.fr\\\/egalite-diversite-inclusion\\\/\",\"name\":\"Egalit\u00e9 diversit\u00e9 Inclusion\",\"description\":\"\",\"publisher\":{\"@id\":\"https:\\\/\\\/www.univ-lorraine.fr\\\/egalite-diversite-inclusion\\\/#organization\"},\"potentialAction\":[{\"@type\":\"SearchAction\",\"target\":{\"@type\":\"EntryPoint\",\"urlTemplate\":\"https:\\\/\\\/www.univ-lorraine.fr\\\/egalite-diversite-inclusion\\\/?s={search_term_string}\"},\"query-input\":{\"@type\":\"PropertyValueSpecification\",\"valueRequired\":true,\"valueName\":\"search_term_string\"}}],\"inLanguage\":\"fr-FR\"},{\"@type\":\"Organization\",\"@id\":\"https:\\\/\\\/www.univ-lorraine.fr\\\/egalite-diversite-inclusion\\\/#organization\",\"name\":\"Egalit\u00e9 diversit\u00e9 Inclusion\",\"url\":\"https:\\\/\\\/www.univ-lorraine.fr\\\/egalite-diversite-inclusion\\\/\",\"logo\":{\"@type\":\"ImageObject\",\"inLanguage\":\"fr-FR\",\"@id\":\"https:\\\/\\\/www.univ-lorraine.fr\\\/egalite-diversite-inclusion\\\/#\\\/schema\\\/logo\\\/image\\\/\",\"url\":\"https:\\\/\\\/www.univ-lorraine.fr\\\/egalite-diversite-inclusion\\\/wp-content\\\/uploads\\\/sites\\\/36\\\/2022\\\/04\\\/ulsengage-2.png\",\"contentUrl\":\"https:\\\/\\\/www.univ-lorraine.fr\\\/egalite-diversite-inclusion\\\/wp-content\\\/uploads\\\/sites\\\/36\\\/2022\\\/04\\\/ulsengage-2.png\",\"width\":812,\"height\":287,\"caption\":\"Egalit\u00e9 diversit\u00e9 Inclusion\"},\"image\":{\"@id\":\"https:\\\/\\\/www.univ-lorraine.fr\\\/egalite-diversite-inclusion\\\/#\\\/schema\\\/logo\\\/image\\\/\"}}]}<\/script>\n<!-- \/ Yoast SEO plugin. -->","yoast_head_json":{"title":"Guides pratiques - Egalit\u00e9 diversit\u00e9 Inclusion","description":"Guides pratiques pour agir pour l'\u00e9galit\u00e9, la diversit\u00e9 et l'inclusion dans l'enseignement sup\u00e9rieur.","robots":{"index":"index","follow":"follow","max-snippet":"max-snippet:-1","max-image-preview":"max-image-preview:large","max-video-preview":"max-video-preview:-1"},"canonical":"https:\/\/www.univ-lorraine.fr\/egalite-diversite-inclusion\/guides-pratiques\/","og_locale":"fr_FR","og_type":"article","og_title":"Guides pratiques - Egalit\u00e9 diversit\u00e9 Inclusion","og_description":"Guides pratiques pour agir pour l'\u00e9galit\u00e9, la diversit\u00e9 et l'inclusion dans l'enseignement sup\u00e9rieur.","og_url":"https:\/\/www.univ-lorraine.fr\/egalite-diversite-inclusion\/guides-pratiques\/","og_site_name":"Egalit\u00e9 diversit\u00e9 Inclusion","article_modified_time":"2025-06-24T06:32:23+00:00","twitter_card":"summary_large_image","twitter_misc":{"Dur\u00e9e de lecture estim\u00e9e":"1 minute"},"schema":{"@context":"https:\/\/schema.org","@graph":[{"@type":"WebPage","@id":"https:\/\/www.univ-lorraine.fr\/egalite-diversite-inclusion\/guides-pratiques\/","url":"https:\/\/www.univ-lorraine.fr\/egalite-diversite-inclusion\/guides-pratiques\/","name":"Guides pratiques - Egalit\u00e9 diversit\u00e9 Inclusion","isPartOf":{"@id":"https:\/\/www.univ-lorraine.fr\/egalite-diversite-inclusion\/#website"},"datePublished":"2022-03-30T15:02:30+00:00","dateModified":"2025-06-24T06:32:23+00:00","description":"Guides pratiques pour agir pour l'\u00e9galit\u00e9, la diversit\u00e9 et l'inclusion dans l'enseignement sup\u00e9rieur.","breadcrumb":{"@id":"https:\/\/www.univ-lorraine.fr\/egalite-diversite-inclusion\/guides-pratiques\/#breadcrumb"},"inLanguage":"fr-FR","potentialAction":[{"@type":"ReadAction","target":["https:\/\/www.univ-lorraine.fr\/egalite-diversite-inclusion\/guides-pratiques\/"]}]},{"@type":"BreadcrumbList","@id":"https:\/\/www.univ-lorraine.fr\/egalite-diversite-inclusion\/guides-pratiques\/#breadcrumb","itemListElement":[{"@type":"ListItem","position":1,"name":"Accueil","item":"https:\/\/www.univ-lorraine.fr\/egalite-diversite-inclusion\/"},{"@type":"ListItem","position":2,"name":"Guides pratiques"}]},{"@type":"WebSite","@id":"https:\/\/www.univ-lorraine.fr\/egalite-diversite-inclusion\/#website","url":"https:\/\/www.univ-lorraine.fr\/egalite-diversite-inclusion\/","name":"Egalit\u00e9 diversit\u00e9 Inclusion","description":"","publisher":{"@id":"https:\/\/www.univ-lorraine.fr\/egalite-diversite-inclusion\/#organization"},"potentialAction":[{"@type":"SearchAction","target":{"@type":"EntryPoint","urlTemplate":"https:\/\/www.univ-lorraine.fr\/egalite-diversite-inclusion\/?s={search_term_string}"},"query-input":{"@type":"PropertyValueSpecification","valueRequired":true,"valueName":"search_term_string"}}],"inLanguage":"fr-FR"},{"@type":"Organization","@id":"https:\/\/www.univ-lorraine.fr\/egalite-diversite-inclusion\/#organization","name":"Egalit\u00e9 diversit\u00e9 Inclusion","url":"https:\/\/www.univ-lorraine.fr\/egalite-diversite-inclusion\/","logo":{"@type":"ImageObject","inLanguage":"fr-FR","@id":"https:\/\/www.univ-lorraine.fr\/egalite-diversite-inclusion\/#\/schema\/logo\/image\/","url":"https:\/\/www.univ-lorraine.fr\/egalite-diversite-inclusion\/wp-content\/uploads\/sites\/36\/2022\/04\/ulsengage-2.png","contentUrl":"https:\/\/www.univ-lorraine.fr\/egalite-diversite-inclusion\/wp-content\/uploads\/sites\/36\/2022\/04\/ulsengage-2.png","width":812,"height":287,"caption":"Egalit\u00e9 diversit\u00e9 Inclusion"},"image":{"@id":"https:\/\/www.univ-lorraine.fr\/egalite-diversite-inclusion\/#\/schema\/logo\/image\/"}}]}},"_links":{"self":[{"href":"https:\/\/www.univ-lorraine.fr\/egalite-diversite-inclusion\/wp-json\/wp\/v2\/pages\/1026","targetHints":{"allow":["GET"]}}],"collection":[{"href":"https:\/\/www.univ-lorraine.fr\/egalite-diversite-inclusion\/wp-json\/wp\/v2\/pages"}],"about":[{"href":"https:\/\/www.univ-lorraine.fr\/egalite-diversite-inclusion\/wp-json\/wp\/v2\/types\/page"}],"author":[{"embeddable":true,"href":"https:\/\/www.univ-lorraine.fr\/egalite-diversite-inclusion\/wp-json\/wp\/v2\/users\/88"}],"replies":[{"embeddable":true,"href":"https:\/\/www.univ-lorraine.fr\/egalite-diversite-inclusion\/wp-json\/wp\/v2\/comments?post=1026"}],"version-history":[{"count":24,"href":"https:\/\/www.univ-lorraine.fr\/egalite-diversite-inclusion\/wp-json\/wp\/v2\/pages\/1026\/revisions"}],"predecessor-version":[{"id":1668,"href":"https:\/\/www.univ-lorraine.fr\/egalite-diversite-inclusion\/wp-json\/wp\/v2\/pages\/1026\/revisions\/1668"}],"wp:attachment":[{"href":"https:\/\/www.univ-lorraine.fr\/egalite-diversite-inclusion\/wp-json\/wp\/v2\/media?parent=1026"}],"curies":[{"name":"wp","href":"https:\/\/api.w.org\/{rel}","templated":true}]}}