{"id":1551,"date":"2024-11-19T11:29:39","date_gmt":"2024-11-19T10:29:39","guid":{"rendered":"https:\/\/www.univ-lorraine.fr\/egalite-diversite-inclusion\/?page_id=1551"},"modified":"2026-04-30T12:22:06","modified_gmt":"2026-04-30T10:22:06","slug":"laicite","status":"publish","type":"page","link":"https:\/\/www.univ-lorraine.fr\/egalite-diversite-inclusion\/laicite\/","title":{"rendered":"La\u00efcit\u00e9"},"content":{"rendered":"<div class=\"gb-container gb-container-5817cb3b\">\n<div class=\"gb-grid-wrapper gb-grid-wrapper-2ffd83c6\">\n<div class=\"gb-grid-column gb-grid-column-aff10c2f\"><div class=\"gb-container gb-container-aff10c2f\"><div class=\"gb-inside-container\">\n<div class=\"gb-container gb-container-501c4693\"><div class=\"gb-inside-container\">\n<div class=\"gb-container gb-container-b14a3719\"><div class=\"gb-inside-container\">\n\n<h2 class=\"gb-headline gb-headline-29a279fc gb-headline-text\">La la\u00efcit\u00e9 \u00e0 l&rsquo;Universit\u00e9 : De quoi parle-t-on ?<\/h2>\n\n\n\n<p class=\"gb-headline gb-headline-49f265e9 gb-headline-text\">L\u2019Universit\u00e9 de Lorraine lutte contre toutes les formes de discriminations religieuses et \u0153uvre pour garantir le respect des principes de la\u00efcit\u00e9 dans tout l&rsquo;\u00e9tablissement.<\/p>\n\n<\/div><\/div>\n<\/div><\/div>\n\n<div class=\"gb-container gb-container-72d8cbd8\"><div class=\"gb-inside-container\">\n<div class=\"gb-container gb-container-0d779c7f\"><div class=\"gb-inside-container\">\n\n<figure class=\"gb-block-image gb-block-image-798982c8\"><img loading=\"lazy\" decoding=\"async\" width=\"1024\" height=\"576\" class=\"gb-image gb-image-798982c8\" src=\"https:\/\/www.univ-lorraine.fr\/egalite-diversite-inclusion\/wp-content\/uploads\/sites\/36\/2024\/11\/visuel-site-edi-22-2-1024x576.png\" alt=\"\" title=\"Visuel Site EDI-2(2)\" srcset=\"https:\/\/www.univ-lorraine.fr\/egalite-diversite-inclusion\/wp-content\/uploads\/sites\/36\/2024\/11\/visuel-site-edi-22-2-1024x576.png 1024w, https:\/\/www.univ-lorraine.fr\/egalite-diversite-inclusion\/wp-content\/uploads\/sites\/36\/2024\/11\/visuel-site-edi-22-2-300x169.png 300w, https:\/\/www.univ-lorraine.fr\/egalite-diversite-inclusion\/wp-content\/uploads\/sites\/36\/2024\/11\/visuel-site-edi-22-2-768x432.png 768w, https:\/\/www.univ-lorraine.fr\/egalite-diversite-inclusion\/wp-content\/uploads\/sites\/36\/2024\/11\/visuel-site-edi-22-2-1536x864.png 1536w, https:\/\/www.univ-lorraine.fr\/egalite-diversite-inclusion\/wp-content\/uploads\/sites\/36\/2024\/11\/visuel-site-edi-22-2.png 1920w\" sizes=\"auto, (max-width: 1024px) 100vw, 1024px\" \/><\/figure>\n\n<\/div><\/div>\n<\/div><\/div>\n<\/div><\/div><\/div>\n\n<div class=\"gb-grid-column gb-grid-column-251d2865\"><div class=\"gb-container gb-container-251d2865\">\n\n<figure class=\"gb-block-image gb-block-image-16acae6a\"><img loading=\"lazy\" decoding=\"async\" width=\"400\" height=\"483\" class=\"gb-image gb-image-16acae6a\" src=\"https:\/\/www.univ-lorraine.fr\/egalite-diversite-inclusion\/wp-content\/uploads\/sites\/36\/2024\/11\/sans-titre11.png\" alt=\"\" title=\"Sans titre(11)\" srcset=\"https:\/\/www.univ-lorraine.fr\/egalite-diversite-inclusion\/wp-content\/uploads\/sites\/36\/2024\/11\/sans-titre11.png 400w, https:\/\/www.univ-lorraine.fr\/egalite-diversite-inclusion\/wp-content\/uploads\/sites\/36\/2024\/11\/sans-titre11-248x300.png 248w\" sizes=\"auto, (max-width: 400px) 100vw, 400px\" \/><\/figure>\n\n<\/div><\/div>\n<\/div>\n<\/div>\n\n\n<p><\/p>\n\n\n<div class=\"gb-container gb-container-8d3b8ae8\">\n<div class=\"gb-container gb-container-3d321dd0\">\n\n<blockquote class=\"wp-block-quote is-layout-flow wp-block-quote-is-layout-flow\">\n<p><\/p>\n\n\n\n<hr class=\"wp-block-separator has-alpha-channel-opacity\"\/>\n\n\n\n<p>\u00ab Le service public de l\u2019enseignement sup\u00e9rieur et de la recherche est la\u00efque et ind\u00e9pendant de toute emprise politique, \u00e9conomique, religieuse ou id\u00e9ologique ; il tend \u00e0 l\u2019objectivit\u00e9 du savoir ; il respecte la diversit\u00e9 des opinions. Il doit garantir \u00e0 l\u2019enseignement et \u00e0 la recherche leurs possibilit\u00e9s de libre d\u00e9veloppement scientifique, cr\u00e9ateur et critique. \u00bb<\/p>\n\n\n\n<p>\u2014  Article L141.6 du code de l&rsquo;\u00e9ducation<\/p>\n<\/blockquote>\n\n<\/div>\n<\/div>\n\n\n<p>Les principes de la\u00efcit\u00e9 s\u2019appliquent de mani\u00e8re diff\u00e9rente selon qu\u2019on soit \u00e9tudiante, \u00e9tudiant ou personnel de l\u2019Universit\u00e9 :<\/p>\n\n\n\n<h3 class=\"wp-block-heading\"><strong>Vous \u00eates \u00e9tudiant<\/strong>\u00b7<strong>ES<\/strong><\/h3>\n\n\n\n<p>Les \u00e9tudiantes et \u00e9tudiants en tant qu\u2019usagers du service public de l\u2019enseignement sup\u00e9rieur, ont le droit de porter des signes religieux visibles ou des tenues exprimant une conviction religieuse, s\u2019ils le souhaitent. Cependant, la dissimulation du visage, m\u00eame pour des raisons religieuses, est interdite dans les \u00e9tablissements universitaires.<\/p>\n\n\n\n<h3 class=\"wp-block-heading\"><strong>VOUS \u00caTES PERSONNEL, INTERVENANT\u00b7ES OU INVIT\u00e9\u00b7ES :<\/strong><\/h3>\n\n\n\n<ul class=\"wp-block-list\">\n<li>Les <strong>personnels administratifs, techniques, enseignant\u00b7es et chercheur\u00b7ses<\/strong> des \u00e9tablissements d&rsquo;enseignement sup\u00e9rieur, en tant qu&rsquo;agent\u00b7es publics, doivent respecter le devoir de neutralit\u00e9 et s&rsquo;abstenir de manifester leurs opinions religieuses dans l\u2019exercice de leurs fonctions. Ils doivent garantir un traitement \u00e9gal et respecter la libert\u00e9 de conscience de chacun (article L121-2 du code de la fonction publique).<\/li>\n<\/ul>\n\n\n\n<ul class=\"wp-block-list\">\n<li>Les <strong>enseignant\u00b7es-chercheur\u00b7es <\/strong>b\u00e9n\u00e9ficient toutefois d&rsquo;une libert\u00e9 d\u2019expression dans leurs activit\u00e9s d&rsquo;enseignement et de recherche, encadr\u00e9e par des principes de tol\u00e9rance et d&rsquo;objectivit\u00e9.<\/li>\n<\/ul>\n\n\n\n<ul class=\"wp-block-list\">\n<li><strong>Les intervenant\u00b7es ext\u00e9rieur\u00b7es ponctuel\u00b7les<\/strong>, non li\u00e9s par contrat public, ne sont pas soumis \u00e0 cette obligation de neutralit\u00e9.<\/li>\n<\/ul>\n\n\n\n<div style=\"height:40px\" aria-hidden=\"true\" class=\"wp-block-spacer\"><\/div>\n\n\n<div class=\"gb-container gb-container-7afbd12a\">\n<div class=\"gb-container gb-container-2ef68848 alignwide\"><div class=\"gb-inside-container\">\n<div class=\"gb-container gb-container-ac83c80a\">\n\n<p class=\"gb-headline gb-headline-613faa6b gb-headline-text\"><strong>Si vous \u00eates victimes de discrimination ou de harc\u00e8lement discriminatoire, ou constatez des actes de pros\u00e9lytisme, contactez le dispositif de signalement de l&rsquo;Universit\u00e9 de Lorraine :<\/strong> <br><br>&#8211; <strong>06 38 97 73 91 <\/strong><br>&#8211; <strong>stop-vio&#108;&#101;&#110;&#99;&#101;&#115;&#64;&#117;&#110;&#105;&#x76;&#x2d;&#x6c;&#x6f;&#x72;&#x72;&#x61;&#x69;&#x6e;&#x65;&#x2e;&#x66;&#x72;<\/strong><br><br><em>Si vous avez des questions au sujet de la la\u00efcit\u00e9, contactez le r\u00e9f\u00e9rent la\u00efcit\u00e9 de l&rsquo;\u00e9tablissement : <\/em><br><br>&#8211; &#114;&#x65;&#x66;e&#114;&#x65;n&#116;&#x2d;l&#97;&#x69;c&#105;&#x74;&#x65;&#64;&#x75;&#x6e;i&#118;&#x2d;l&#111;&#x72;r&#97;&#x69;&#x6e;&#101;&#x2e;&#x66;r<\/p>\n\n<\/div>\n<\/div><\/div>\n<\/div>\n\n\n<p><a id=\"_msocom_1\"><\/a><\/p>\n\n\n<div class=\"gb-container gb-container-d6946f37\">\n\n<div class=\"wp-block-buttons alignfull is-content-justification-center is-layout-flex wp-container-core-buttons-is-layout-16018d1d wp-block-buttons-is-layout-flex\">\n<div class=\"wp-block-button\"><a class=\"wp-block-button__link wp-element-button\" href=\"https:\/\/www.univ-lorraine.fr\/egalite-diversite-inclusion\/wp-content\/uploads\/sites\/36\/2024\/11\/guide-laicite-19-11-24.pdf\" target=\"_blank\" rel=\"noreferrer noopener\">T\u00c9L\u00c9CHARGER LE MODE D&rsquo;EMPLOI DE LA LA\u00cfCIT\u00c9 DE L&rsquo;UL [PDF]<\/a><\/div>\n\n\n\n<div class=\"wp-block-button\"><a class=\"wp-block-button__link wp-element-button\" href=\"https:\/\/www.univ-lorraine.fr\/egalite-diversite-inclusion\/wp-content\/uploads\/sites\/36\/2024\/11\/charte-laicite-esr-2023.pdf\" target=\"_blank\" rel=\"noreferrer noopener\">T\u00c9L\u00c9CHARGER LA CHARTE DE LA LA\u00cfCIT\u00c9 DU MESR [PDF]<\/a><\/div>\n<\/div>\n\n\n\n<div style=\"height:26px\" aria-hidden=\"true\" class=\"wp-block-spacer\"><\/div>\n\n\n\n<div class=\"wp-block-buttons alignfull is-content-justification-center is-layout-flex wp-container-core-buttons-is-layout-16018d1d wp-block-buttons-is-layout-flex\">\n<div class=\"wp-block-button\"><a class=\"wp-block-button__link wp-element-button\" href=\"https:\/\/www.univ-lorraine.fr\/wp-content\/uploads\/2026\/04\/rapport-activite-laicite-janvier-2026-v3_web.pdf\" target=\"_blank\" rel=\"noreferrer noopener\">T\u00c9L\u00c9CHARGER LE BILAN LA\u00cfCIT\u00c9 2026 DE L&rsquo;UL [PDF]<\/a><\/div>\n\n\n\n<div class=\"wp-block-button\"><a class=\"wp-block-button__link wp-element-button\" href=\"https:\/\/www.univ-lorraine.fr\/egalite-diversite-inclusion\/wp-content\/uploads\/sites\/36\/2025\/06\/rapport-activite-laicite-13-mars-2025-v2.pdf\" target=\"_blank\" rel=\"noreferrer noopener\">T\u00c9L\u00c9CHARGER LE BILAN LA\u00cfCIT\u00c9 2025 DE L&rsquo;UL [PDF]<\/a><\/div>\n\n\n\n<div class=\"wp-block-button\"><a class=\"wp-block-button__link wp-element-button\" href=\"https:\/\/www.univ-lorraine.fr\/egalite-diversite-inclusion\/wp-content\/uploads\/sites\/36\/2024\/11\/rapport-activite-laicite-22-nov-2024-1.pdf\" target=\"_blank\" rel=\"noreferrer noopener\">T\u00c9L\u00c9CHARGER LE BILAN LA\u00cfCIT\u00c9 2024 DE L&rsquo;UL [PDF]<\/a><\/div>\n\n\n\n<div class=\"wp-block-button\"><a class=\"wp-block-button__link wp-element-button\" href=\"https:\/\/www.univ-lorraine.fr\/egalite-diversite-inclusion\/wp-content\/uploads\/sites\/36\/2024\/11\/rvb_france_universites_le_guide_de_la_laicite_16x24cm.pdf\" target=\"_blank\" rel=\"noreferrer noopener\">T\u00c9L\u00c9CHARGER LE GUIDE DE LA LA\u00cfCIT\u00c9 DE FRANCE UNIVERSIT\u00c9 [PDF]<\/a><\/div>\n<\/div>\n\n<\/div>\n\n\n<div style=\"height:46px\" aria-hidden=\"true\" class=\"wp-block-spacer\"><\/div>\n\n\n<div class=\"gb-container gb-container-aa5ad4f1\">\n\n<p><\/p>\n\n\n<div class=\"gb-container gb-container-81276394\"><div class=\"gb-inside-container\">\n\n<h3 class=\"gb-headline gb-headline-686a3424 gb-headline-text\"><strong>NOS PROCHAINS \u00c9V\u00c8NEMENTS<\/strong><\/h3>\n\n\n\n<p><a href=\"https:\/\/factuel.univ-lorraine.fr\/archives\/agenda\">L&rsquo;<\/a><a href=\"https:\/\/factuel.univ-lorraine.fr\/archives\/agenda\" target=\"_blank\" rel=\"noreferrer noopener\">agenda<\/a><\/p>\n\n\n\n\n<\/div><\/div>\n\n\n<p><\/p>\n\n<\/div>","protected":false},"excerpt":{"rendered":"<p>\u00ab Le service public de l\u2019enseignement sup\u00e9rieur et de la recherche est la\u00efque et ind\u00e9pendant de toute emprise politique, \u00e9conomique, religieuse ou id\u00e9ologique ; il tend \u00e0 l\u2019objectivit\u00e9 du savoir ; il respecte la diversit\u00e9 des opinions. Il doit garantir \u00e0 l\u2019enseignement et \u00e0 la recherche leurs possibilit\u00e9s de libre d\u00e9veloppement scientifique, cr\u00e9ateur et critique. &#8230; <a title=\"La\u00efcit\u00e9\" class=\"read-more\" href=\"https:\/\/www.univ-lorraine.fr\/egalite-diversite-inclusion\/laicite\/\" aria-label=\"En savoir plus sur La\u00efcit\u00e9\">Lire plus<\/a><\/p>\n","protected":false},"author":1023,"featured_media":0,"parent":0,"menu_order":0,"comment_status":"closed","ping_status":"closed","template":"","meta":{"inline_featured_image":false,"footnotes":""},"class_list":["post-1551","page","type-page","status-publish"],"yoast_head":"<!-- This site is optimized with the Yoast SEO plugin v27.4 - https:\/\/yoast.com\/product\/yoast-seo-wordpress\/ -->\n<title>La\u00efcit\u00e9 - Egalit\u00e9 diversit\u00e9 Inclusion<\/title>\n<meta name=\"description\" content=\"L&#039;Universit\u00e9 de Lorraine lutte contre toutes les formes de discriminations religieuses et \u0153uvre pour garantir le respect des principes de la\u00efcit\u00e9 dans tout l&#039;\u00e9tablissement.\" \/>\n<meta name=\"robots\" content=\"index, follow, max-snippet:-1, max-image-preview:large, max-video-preview:-1\" \/>\n<link rel=\"canonical\" href=\"https:\/\/www.univ-lorraine.fr\/egalite-diversite-inclusion\/laicite\/\" \/>\n<meta property=\"og:locale\" content=\"fr_FR\" \/>\n<meta property=\"og:type\" content=\"article\" \/>\n<meta property=\"og:title\" content=\"La\u00efcit\u00e9 - Egalit\u00e9 diversit\u00e9 Inclusion\" \/>\n<meta property=\"og:description\" content=\"L&#039;Universit\u00e9 de Lorraine lutte contre toutes les formes de discriminations religieuses et \u0153uvre pour garantir le respect des principes de la\u00efcit\u00e9 dans tout l&#039;\u00e9tablissement.\" \/>\n<meta property=\"og:url\" content=\"https:\/\/www.univ-lorraine.fr\/egalite-diversite-inclusion\/laicite\/\" \/>\n<meta property=\"og:site_name\" content=\"Egalit\u00e9 diversit\u00e9 Inclusion\" \/>\n<meta property=\"article:modified_time\" content=\"2026-04-30T10:22:06+00:00\" \/>\n<meta property=\"og:image\" content=\"https:\/\/www.univ-lorraine.fr\/egalite-diversite-inclusion\/wp-content\/uploads\/sites\/36\/2024\/11\/visuel-site-edi-22-2-1024x576.png\" \/>\n<meta name=\"twitter:card\" content=\"summary_large_image\" \/>\n<meta name=\"twitter:label1\" content=\"Dur\u00e9e de lecture estim\u00e9e\" \/>\n\t<meta name=\"twitter:data1\" content=\"2 minutes\" \/>\n<script type=\"application\/ld+json\" class=\"yoast-schema-graph\">{\"@context\":\"https:\\\/\\\/schema.org\",\"@graph\":[{\"@type\":\"WebPage\",\"@id\":\"https:\\\/\\\/www.univ-lorraine.fr\\\/egalite-diversite-inclusion\\\/laicite\\\/\",\"url\":\"https:\\\/\\\/www.univ-lorraine.fr\\\/egalite-diversite-inclusion\\\/laicite\\\/\",\"name\":\"La\u00efcit\u00e9 - Egalit\u00e9 diversit\u00e9 Inclusion\",\"isPartOf\":{\"@id\":\"https:\\\/\\\/www.univ-lorraine.fr\\\/egalite-diversite-inclusion\\\/#website\"},\"primaryImageOfPage\":{\"@id\":\"https:\\\/\\\/www.univ-lorraine.fr\\\/egalite-diversite-inclusion\\\/laicite\\\/#primaryimage\"},\"image\":{\"@id\":\"https:\\\/\\\/www.univ-lorraine.fr\\\/egalite-diversite-inclusion\\\/laicite\\\/#primaryimage\"},\"thumbnailUrl\":\"https:\\\/\\\/www.univ-lorraine.fr\\\/egalite-diversite-inclusion\\\/wp-content\\\/uploads\\\/sites\\\/36\\\/2024\\\/11\\\/visuel-site-edi-22-2-1024x576.png\",\"datePublished\":\"2024-11-19T10:29:39+00:00\",\"dateModified\":\"2026-04-30T10:22:06+00:00\",\"description\":\"L'Universit\u00e9 de Lorraine lutte contre toutes les formes de discriminations religieuses et \u0153uvre pour garantir le respect des principes de la\u00efcit\u00e9 dans tout l'\u00e9tablissement.\",\"breadcrumb\":{\"@id\":\"https:\\\/\\\/www.univ-lorraine.fr\\\/egalite-diversite-inclusion\\\/laicite\\\/#breadcrumb\"},\"inLanguage\":\"fr-FR\",\"potentialAction\":[{\"@type\":\"ReadAction\",\"target\":[\"https:\\\/\\\/www.univ-lorraine.fr\\\/egalite-diversite-inclusion\\\/laicite\\\/\"]}]},{\"@type\":\"ImageObject\",\"inLanguage\":\"fr-FR\",\"@id\":\"https:\\\/\\\/www.univ-lorraine.fr\\\/egalite-diversite-inclusion\\\/laicite\\\/#primaryimage\",\"url\":\"https:\\\/\\\/www.univ-lorraine.fr\\\/egalite-diversite-inclusion\\\/wp-content\\\/uploads\\\/sites\\\/36\\\/2024\\\/11\\\/visuel-site-edi-22-2.png\",\"contentUrl\":\"https:\\\/\\\/www.univ-lorraine.fr\\\/egalite-diversite-inclusion\\\/wp-content\\\/uploads\\\/sites\\\/36\\\/2024\\\/11\\\/visuel-site-edi-22-2.png\",\"width\":1920,\"height\":1080},{\"@type\":\"BreadcrumbList\",\"@id\":\"https:\\\/\\\/www.univ-lorraine.fr\\\/egalite-diversite-inclusion\\\/laicite\\\/#breadcrumb\",\"itemListElement\":[{\"@type\":\"ListItem\",\"position\":1,\"name\":\"Accueil\",\"item\":\"https:\\\/\\\/www.univ-lorraine.fr\\\/egalite-diversite-inclusion\\\/\"},{\"@type\":\"ListItem\",\"position\":2,\"name\":\"La\u00efcit\u00e9\"}]},{\"@type\":\"WebSite\",\"@id\":\"https:\\\/\\\/www.univ-lorraine.fr\\\/egalite-diversite-inclusion\\\/#website\",\"url\":\"https:\\\/\\\/www.univ-lorraine.fr\\\/egalite-diversite-inclusion\\\/\",\"name\":\"Egalit\u00e9 diversit\u00e9 Inclusion\",\"description\":\"\",\"publisher\":{\"@id\":\"https:\\\/\\\/www.univ-lorraine.fr\\\/egalite-diversite-inclusion\\\/#organization\"},\"potentialAction\":[{\"@type\":\"SearchAction\",\"target\":{\"@type\":\"EntryPoint\",\"urlTemplate\":\"https:\\\/\\\/www.univ-lorraine.fr\\\/egalite-diversite-inclusion\\\/?s={search_term_string}\"},\"query-input\":{\"@type\":\"PropertyValueSpecification\",\"valueRequired\":true,\"valueName\":\"search_term_string\"}}],\"inLanguage\":\"fr-FR\"},{\"@type\":\"Organization\",\"@id\":\"https:\\\/\\\/www.univ-lorraine.fr\\\/egalite-diversite-inclusion\\\/#organization\",\"name\":\"Egalit\u00e9 diversit\u00e9 Inclusion\",\"url\":\"https:\\\/\\\/www.univ-lorraine.fr\\\/egalite-diversite-inclusion\\\/\",\"logo\":{\"@type\":\"ImageObject\",\"inLanguage\":\"fr-FR\",\"@id\":\"https:\\\/\\\/www.univ-lorraine.fr\\\/egalite-diversite-inclusion\\\/#\\\/schema\\\/logo\\\/image\\\/\",\"url\":\"https:\\\/\\\/www.univ-lorraine.fr\\\/egalite-diversite-inclusion\\\/wp-content\\\/uploads\\\/sites\\\/36\\\/2022\\\/04\\\/ulsengage-2.png\",\"contentUrl\":\"https:\\\/\\\/www.univ-lorraine.fr\\\/egalite-diversite-inclusion\\\/wp-content\\\/uploads\\\/sites\\\/36\\\/2022\\\/04\\\/ulsengage-2.png\",\"width\":812,\"height\":287,\"caption\":\"Egalit\u00e9 diversit\u00e9 Inclusion\"},\"image\":{\"@id\":\"https:\\\/\\\/www.univ-lorraine.fr\\\/egalite-diversite-inclusion\\\/#\\\/schema\\\/logo\\\/image\\\/\"}}]}<\/script>\n<!-- \/ Yoast SEO plugin. -->","yoast_head_json":{"title":"La\u00efcit\u00e9 - Egalit\u00e9 diversit\u00e9 Inclusion","description":"L'Universit\u00e9 de Lorraine lutte contre toutes les formes de discriminations religieuses et \u0153uvre pour garantir le respect des principes de la\u00efcit\u00e9 dans tout l'\u00e9tablissement.","robots":{"index":"index","follow":"follow","max-snippet":"max-snippet:-1","max-image-preview":"max-image-preview:large","max-video-preview":"max-video-preview:-1"},"canonical":"https:\/\/www.univ-lorraine.fr\/egalite-diversite-inclusion\/laicite\/","og_locale":"fr_FR","og_type":"article","og_title":"La\u00efcit\u00e9 - Egalit\u00e9 diversit\u00e9 Inclusion","og_description":"L'Universit\u00e9 de Lorraine lutte contre toutes les formes de discriminations religieuses et \u0153uvre pour garantir le respect des principes de la\u00efcit\u00e9 dans tout l'\u00e9tablissement.","og_url":"https:\/\/www.univ-lorraine.fr\/egalite-diversite-inclusion\/laicite\/","og_site_name":"Egalit\u00e9 diversit\u00e9 Inclusion","article_modified_time":"2026-04-30T10:22:06+00:00","og_image":[{"url":"https:\/\/www.univ-lorraine.fr\/egalite-diversite-inclusion\/wp-content\/uploads\/sites\/36\/2024\/11\/visuel-site-edi-22-2-1024x576.png","type":"","width":"","height":""}],"twitter_card":"summary_large_image","twitter_misc":{"Dur\u00e9e de lecture estim\u00e9e":"2 minutes"},"schema":{"@context":"https:\/\/schema.org","@graph":[{"@type":"WebPage","@id":"https:\/\/www.univ-lorraine.fr\/egalite-diversite-inclusion\/laicite\/","url":"https:\/\/www.univ-lorraine.fr\/egalite-diversite-inclusion\/laicite\/","name":"La\u00efcit\u00e9 - Egalit\u00e9 diversit\u00e9 Inclusion","isPartOf":{"@id":"https:\/\/www.univ-lorraine.fr\/egalite-diversite-inclusion\/#website"},"primaryImageOfPage":{"@id":"https:\/\/www.univ-lorraine.fr\/egalite-diversite-inclusion\/laicite\/#primaryimage"},"image":{"@id":"https:\/\/www.univ-lorraine.fr\/egalite-diversite-inclusion\/laicite\/#primaryimage"},"thumbnailUrl":"https:\/\/www.univ-lorraine.fr\/egalite-diversite-inclusion\/wp-content\/uploads\/sites\/36\/2024\/11\/visuel-site-edi-22-2-1024x576.png","datePublished":"2024-11-19T10:29:39+00:00","dateModified":"2026-04-30T10:22:06+00:00","description":"L'Universit\u00e9 de Lorraine lutte contre toutes les formes de discriminations religieuses et \u0153uvre pour garantir le respect des principes de la\u00efcit\u00e9 dans tout l'\u00e9tablissement.","breadcrumb":{"@id":"https:\/\/www.univ-lorraine.fr\/egalite-diversite-inclusion\/laicite\/#breadcrumb"},"inLanguage":"fr-FR","potentialAction":[{"@type":"ReadAction","target":["https:\/\/www.univ-lorraine.fr\/egalite-diversite-inclusion\/laicite\/"]}]},{"@type":"ImageObject","inLanguage":"fr-FR","@id":"https:\/\/www.univ-lorraine.fr\/egalite-diversite-inclusion\/laicite\/#primaryimage","url":"https:\/\/www.univ-lorraine.fr\/egalite-diversite-inclusion\/wp-content\/uploads\/sites\/36\/2024\/11\/visuel-site-edi-22-2.png","contentUrl":"https:\/\/www.univ-lorraine.fr\/egalite-diversite-inclusion\/wp-content\/uploads\/sites\/36\/2024\/11\/visuel-site-edi-22-2.png","width":1920,"height":1080},{"@type":"BreadcrumbList","@id":"https:\/\/www.univ-lorraine.fr\/egalite-diversite-inclusion\/laicite\/#breadcrumb","itemListElement":[{"@type":"ListItem","position":1,"name":"Accueil","item":"https:\/\/www.univ-lorraine.fr\/egalite-diversite-inclusion\/"},{"@type":"ListItem","position":2,"name":"La\u00efcit\u00e9"}]},{"@type":"WebSite","@id":"https:\/\/www.univ-lorraine.fr\/egalite-diversite-inclusion\/#website","url":"https:\/\/www.univ-lorraine.fr\/egalite-diversite-inclusion\/","name":"Egalit\u00e9 diversit\u00e9 Inclusion","description":"","publisher":{"@id":"https:\/\/www.univ-lorraine.fr\/egalite-diversite-inclusion\/#organization"},"potentialAction":[{"@type":"SearchAction","target":{"@type":"EntryPoint","urlTemplate":"https:\/\/www.univ-lorraine.fr\/egalite-diversite-inclusion\/?s={search_term_string}"},"query-input":{"@type":"PropertyValueSpecification","valueRequired":true,"valueName":"search_term_string"}}],"inLanguage":"fr-FR"},{"@type":"Organization","@id":"https:\/\/www.univ-lorraine.fr\/egalite-diversite-inclusion\/#organization","name":"Egalit\u00e9 diversit\u00e9 Inclusion","url":"https:\/\/www.univ-lorraine.fr\/egalite-diversite-inclusion\/","logo":{"@type":"ImageObject","inLanguage":"fr-FR","@id":"https:\/\/www.univ-lorraine.fr\/egalite-diversite-inclusion\/#\/schema\/logo\/image\/","url":"https:\/\/www.univ-lorraine.fr\/egalite-diversite-inclusion\/wp-content\/uploads\/sites\/36\/2022\/04\/ulsengage-2.png","contentUrl":"https:\/\/www.univ-lorraine.fr\/egalite-diversite-inclusion\/wp-content\/uploads\/sites\/36\/2022\/04\/ulsengage-2.png","width":812,"height":287,"caption":"Egalit\u00e9 diversit\u00e9 Inclusion"},"image":{"@id":"https:\/\/www.univ-lorraine.fr\/egalite-diversite-inclusion\/#\/schema\/logo\/image\/"}}]}},"_links":{"self":[{"href":"https:\/\/www.univ-lorraine.fr\/egalite-diversite-inclusion\/wp-json\/wp\/v2\/pages\/1551","targetHints":{"allow":["GET"]}}],"collection":[{"href":"https:\/\/www.univ-lorraine.fr\/egalite-diversite-inclusion\/wp-json\/wp\/v2\/pages"}],"about":[{"href":"https:\/\/www.univ-lorraine.fr\/egalite-diversite-inclusion\/wp-json\/wp\/v2\/types\/page"}],"author":[{"embeddable":true,"href":"https:\/\/www.univ-lorraine.fr\/egalite-diversite-inclusion\/wp-json\/wp\/v2\/users\/1023"}],"replies":[{"embeddable":true,"href":"https:\/\/www.univ-lorraine.fr\/egalite-diversite-inclusion\/wp-json\/wp\/v2\/comments?post=1551"}],"version-history":[{"count":46,"href":"https:\/\/www.univ-lorraine.fr\/egalite-diversite-inclusion\/wp-json\/wp\/v2\/pages\/1551\/revisions"}],"predecessor-version":[{"id":1961,"href":"https:\/\/www.univ-lorraine.fr\/egalite-diversite-inclusion\/wp-json\/wp\/v2\/pages\/1551\/revisions\/1961"}],"wp:attachment":[{"href":"https:\/\/www.univ-lorraine.fr\/egalite-diversite-inclusion\/wp-json\/wp\/v2\/media?parent=1551"}],"curies":[{"name":"wp","href":"https:\/\/api.w.org\/{rel}","templated":true}]}}