{"id":284,"date":"2024-02-15T11:09:55","date_gmt":"2024-02-15T10:09:55","guid":{"rendered":"https:\/\/www.univ-lorraine.fr\/handicap\/?page_id=284"},"modified":"2024-02-21T15:25:09","modified_gmt":"2024-02-21T14:25:09","slug":"demarches-damenagement","status":"publish","type":"page","link":"https:\/\/www.univ-lorraine.fr\/handicap\/demarches-damenagement\/","title":{"rendered":"Accompagnement au quotidien"},"content":{"rendered":"<div class=\"gb-container gb-container-7ef349a4\">\n<div class=\"gb-container gb-container-5c205d7a\">\n<div class=\"gb-grid-wrapper gb-grid-wrapper-57684760\">\n<div class=\"gb-grid-column gb-grid-column-1a5bf3e9\"><div class=\"gb-container gb-container-1a5bf3e9\"><div class=\"gb-inside-container\">\n<div class=\"gb-container gb-container-7a58e5bb\"><div class=\"gb-inside-container\">\n\n<h2 class=\"gb-headline gb-headline-e996c54e gb-headline-text\">Besoin d&rsquo;aide ? <\/h2>\n\n\n\n<p class=\"gb-headline gb-headline-17ac4fc9 gb-headline-text\">Retrouvez les listes des services d&rsquo;aide aux victimes avec leurs contacts ici. <\/p>\n\n<\/div><\/div>\n<\/div><\/div><\/div>\n\n\n<div class=\"gb-container gb-container-b9b54a0c\">\n<div class=\"gb-container gb-container-46bb1ea6\">\n<div class=\"gb-container gb-container-655bc498\"><div class=\"gb-inside-container\">\n<div class=\"gb-container gb-container-5e2006c2 display-none-mobile\"><div class=\"gb-inside-container\"><\/div><\/div>\n<\/div><\/div>\n<\/div>\n<\/div>\n\n\n<div class=\"gb-grid-column gb-grid-column-f3e15b8f\"><div class=\"gb-container gb-container-f3e15b8f\"><div class=\"gb-inside-container\">\n<div class=\"gb-container gb-container-00e9e634 display-none-mobile\"><div class=\"gb-inside-container\"><\/div><\/div>\n<\/div><\/div><\/div>\n<\/div>\n<\/div>\n<\/div>\n\n<div class=\"gb-container gb-container-b76342bd\">\n<div class=\"gb-grid-wrapper gb-grid-wrapper-16a13d8b\">\n<div class=\"gb-grid-column gb-grid-column-dc2b9b66\"><div class=\"gb-container gb-container-dc2b9b66\"><div class=\"gb-inside-container\">\n<div class=\"gb-container gb-container-ec96ad28\"><div class=\"gb-inside-container\">\n\n<h2 class=\"gb-headline gb-headline-bf7c2581 gb-headline-text\">Besoin d&rsquo;aide ? <\/h2>\n\n\n\n<p class=\"gb-headline gb-headline-43861d41 gb-headline-text\">Retrouvez les listes des services d&rsquo;aide aux victimes avec leurs contacts ici. <\/p>\n\n<\/div><\/div>\n<\/div><\/div><\/div>\n\n<div class=\"gb-grid-column gb-grid-column-35828b69\"><div class=\"gb-container gb-container-35828b69\"><div class=\"gb-inside-container\">\n<div class=\"gb-container gb-container-09ef1910 display-none-mobile\"><div class=\"gb-inside-container\"><\/div><\/div>\n<\/div><\/div><\/div>\n\n<div class=\"gb-grid-column gb-grid-column-4ea7c7f6\"><div class=\"gb-container gb-container-4ea7c7f6\"><div class=\"gb-inside-container\">\n<div class=\"gb-container gb-container-3e464b21 display-none-mobile\"><div class=\"gb-inside-container\"><\/div><\/div>\n<\/div><\/div><\/div>\n<\/div>\n<\/div>\n\n<div class=\"gb-container gb-container-feadd3b9\">\n<div class=\"gb-grid-wrapper gb-grid-wrapper-65b3ee3b\">\n<div class=\"gb-grid-column gb-grid-column-277ce76d\"><div class=\"gb-container gb-container-277ce76d\"><\/div><\/div>\n\n<div class=\"gb-grid-column gb-grid-column-0edd1bde\"><div class=\"gb-container gb-container-0edd1bde\"><\/div><\/div>\n\n<div class=\"gb-grid-column gb-grid-column-acbc74dc\"><div class=\"gb-container gb-container-acbc74dc\"><\/div><\/div>\n<\/div>\n<\/div>\n\n<div class=\"gb-grid-wrapper gb-grid-wrapper-3f5da08f\">\n<div class=\"gb-grid-column gb-grid-column-61a50000\"><div class=\"gb-container gb-container-61a50000\">\n\n<p class=\"has-base-3-color has-bleu-fonc-background-color has-text-color has-background has-link-color wp-elements-59577303a608191381f82b1e40620d2f\">Premi\u00e8re prise de contact votre charg\u00e9\u00b7e d\u2019accueil handicap et entretien pour identifier vos besoins en lien avec vos projet d\u2019\u00e9tude.  <\/p>\n\n<\/div><\/div>\n\n<div class=\"gb-grid-column gb-grid-column-88abd131\"><div class=\"gb-container gb-container-88abd131\">\n\n<p class=\"has-bleu-clair-background-color has-background\">Rencontre avec le m\u00e9decin du SSE et proposition des diff\u00e9rentes possibilit\u00e9s d&rsquo; am\u00e9nagements personnalis\u00e9s.<\/p>\n\n<\/div><\/div>\n\n<div class=\"gb-grid-column gb-grid-column-a6412738\"><div class=\"gb-container gb-container-a6412738\">\n\n<p class=\"has-jaune-handicap-background-color has-background\">Commission handicap avec l\u2019\u00e9quipe plurielle et vous<br>pour \u00e9tudier et ajuster si besoin les am\u00e9nagements<br>pr\u00e9conis\u00e9s par le m\u00e9decin avant de les valider. Une d\u00e9cision individuelle vous est remise, ainsi qu\u2019\u00e0 votre composante de formation. Elle pr\u00e9cise les modalit\u00e9s d\u2019accompagnement pour l\u2019acc\u00e8s aux cours et aux examens.<\/p>\n\n<\/div><\/div>\n\n<div class=\"gb-grid-column gb-grid-column-c63af8a1\"><div class=\"gb-container gb-container-c63af8a1 display-none-mobile\"><div class=\"gb-inside-container\">\n\n<div class=\"wp-block-group is-vertical is-layout-flex wp-container-core-group-is-layout-8cf370e7 wp-block-group-is-layout-flex\"><\/div>\n\n<\/div><\/div><\/div>\n<\/div>\n\n<div class=\"gb-grid-wrapper gb-grid-wrapper-cbf0ac69\"><\/div>","protected":false},"excerpt":{"rendered":"","protected":false},"author":580,"featured_media":0,"parent":0,"menu_order":0,"comment_status":"closed","ping_status":"closed","template":"","meta":{"inline_featured_image":false,"footnotes":""},"class_list":["post-284","page","type-page","status-publish"],"yoast_head":"<!-- This site is optimized with the Yoast SEO plugin v27.4 - https:\/\/yoast.com\/product\/yoast-seo-wordpress\/ -->\n<title>Accompagnement au quotidien - \u00c9tudes et handicap<\/title>\n<meta name=\"robots\" content=\"index, follow, max-snippet:-1, max-image-preview:large, max-video-preview:-1\" \/>\n<link rel=\"canonical\" href=\"https:\/\/www.univ-lorraine.fr\/handicap\/demarches-damenagement\/\" \/>\n<meta property=\"og:locale\" content=\"fr_FR\" \/>\n<meta property=\"og:type\" content=\"article\" \/>\n<meta property=\"og:title\" content=\"Accompagnement au quotidien - \u00c9tudes et handicap\" \/>\n<meta property=\"og:url\" content=\"https:\/\/www.univ-lorraine.fr\/handicap\/demarches-damenagement\/\" \/>\n<meta property=\"og:site_name\" content=\"\u00c9tudes et handicap\" \/>\n<meta property=\"article:modified_time\" content=\"2024-02-21T14:25:09+00:00\" \/>\n<meta name=\"twitter:card\" content=\"summary_large_image\" \/>\n<meta name=\"twitter:label1\" content=\"Dur\u00e9e de lecture estim\u00e9e\" \/>\n\t<meta name=\"twitter:data1\" content=\"1 minute\" \/>\n<script type=\"application\/ld+json\" class=\"yoast-schema-graph\">{\"@context\":\"https:\\\/\\\/schema.org\",\"@graph\":[{\"@type\":\"WebPage\",\"@id\":\"https:\\\/\\\/www.univ-lorraine.fr\\\/handicap\\\/demarches-damenagement\\\/\",\"url\":\"https:\\\/\\\/www.univ-lorraine.fr\\\/handicap\\\/demarches-damenagement\\\/\",\"name\":\"Accompagnement au quotidien - \u00c9tudes et handicap\",\"isPartOf\":{\"@id\":\"https:\\\/\\\/www.univ-lorraine.fr\\\/handicap\\\/#website\"},\"datePublished\":\"2024-02-15T10:09:55+00:00\",\"dateModified\":\"2024-02-21T14:25:09+00:00\",\"breadcrumb\":{\"@id\":\"https:\\\/\\\/www.univ-lorraine.fr\\\/handicap\\\/demarches-damenagement\\\/#breadcrumb\"},\"inLanguage\":\"fr-FR\",\"potentialAction\":[{\"@type\":\"ReadAction\",\"target\":[\"https:\\\/\\\/www.univ-lorraine.fr\\\/handicap\\\/demarches-damenagement\\\/\"]}]},{\"@type\":\"BreadcrumbList\",\"@id\":\"https:\\\/\\\/www.univ-lorraine.fr\\\/handicap\\\/demarches-damenagement\\\/#breadcrumb\",\"itemListElement\":[{\"@type\":\"ListItem\",\"position\":1,\"name\":\"Accueil\",\"item\":\"https:\\\/\\\/www.univ-lorraine.fr\\\/handicap\\\/\"},{\"@type\":\"ListItem\",\"position\":2,\"name\":\"Accompagnement au quotidien\"}]},{\"@type\":\"WebSite\",\"@id\":\"https:\\\/\\\/www.univ-lorraine.fr\\\/handicap\\\/#website\",\"url\":\"https:\\\/\\\/www.univ-lorraine.fr\\\/handicap\\\/\",\"name\":\"\u00c9tudes et handicap\",\"description\":\"Faire dialoguer les savoirs, c\u2019est innover\",\"publisher\":{\"@id\":\"https:\\\/\\\/www.univ-lorraine.fr\\\/handicap\\\/#organization\"},\"potentialAction\":[{\"@type\":\"SearchAction\",\"target\":{\"@type\":\"EntryPoint\",\"urlTemplate\":\"https:\\\/\\\/www.univ-lorraine.fr\\\/handicap\\\/?s={search_term_string}\"},\"query-input\":{\"@type\":\"PropertyValueSpecification\",\"valueRequired\":true,\"valueName\":\"search_term_string\"}}],\"inLanguage\":\"fr-FR\"},{\"@type\":\"Organization\",\"@id\":\"https:\\\/\\\/www.univ-lorraine.fr\\\/handicap\\\/#organization\",\"name\":\"Universit\u00e9 de Lorraine\",\"url\":\"https:\\\/\\\/www.univ-lorraine.fr\\\/handicap\\\/\",\"logo\":{\"@type\":\"ImageObject\",\"inLanguage\":\"fr-FR\",\"@id\":\"https:\\\/\\\/www.univ-lorraine.fr\\\/handicap\\\/#\\\/schema\\\/logo\\\/image\\\/\",\"url\":\"https:\\\/\\\/www.univ-lorraine.fr\\\/handicap\\\/wp-content\\\/uploads\\\/sites\\\/51\\\/2021\\\/01\\\/LOGO_UL.png\",\"contentUrl\":\"https:\\\/\\\/www.univ-lorraine.fr\\\/handicap\\\/wp-content\\\/uploads\\\/sites\\\/51\\\/2021\\\/01\\\/LOGO_UL.png\",\"width\":138,\"height\":48,\"caption\":\"Universit\u00e9 de Lorraine\"},\"image\":{\"@id\":\"https:\\\/\\\/www.univ-lorraine.fr\\\/handicap\\\/#\\\/schema\\\/logo\\\/image\\\/\"}}]}<\/script>\n<!-- \/ Yoast SEO plugin. -->","yoast_head_json":{"title":"Accompagnement au quotidien - \u00c9tudes et handicap","robots":{"index":"index","follow":"follow","max-snippet":"max-snippet:-1","max-image-preview":"max-image-preview:large","max-video-preview":"max-video-preview:-1"},"canonical":"https:\/\/www.univ-lorraine.fr\/handicap\/demarches-damenagement\/","og_locale":"fr_FR","og_type":"article","og_title":"Accompagnement au quotidien - \u00c9tudes et handicap","og_url":"https:\/\/www.univ-lorraine.fr\/handicap\/demarches-damenagement\/","og_site_name":"\u00c9tudes et handicap","article_modified_time":"2024-02-21T14:25:09+00:00","twitter_card":"summary_large_image","twitter_misc":{"Dur\u00e9e de lecture estim\u00e9e":"1 minute"},"schema":{"@context":"https:\/\/schema.org","@graph":[{"@type":"WebPage","@id":"https:\/\/www.univ-lorraine.fr\/handicap\/demarches-damenagement\/","url":"https:\/\/www.univ-lorraine.fr\/handicap\/demarches-damenagement\/","name":"Accompagnement au quotidien - \u00c9tudes et handicap","isPartOf":{"@id":"https:\/\/www.univ-lorraine.fr\/handicap\/#website"},"datePublished":"2024-02-15T10:09:55+00:00","dateModified":"2024-02-21T14:25:09+00:00","breadcrumb":{"@id":"https:\/\/www.univ-lorraine.fr\/handicap\/demarches-damenagement\/#breadcrumb"},"inLanguage":"fr-FR","potentialAction":[{"@type":"ReadAction","target":["https:\/\/www.univ-lorraine.fr\/handicap\/demarches-damenagement\/"]}]},{"@type":"BreadcrumbList","@id":"https:\/\/www.univ-lorraine.fr\/handicap\/demarches-damenagement\/#breadcrumb","itemListElement":[{"@type":"ListItem","position":1,"name":"Accueil","item":"https:\/\/www.univ-lorraine.fr\/handicap\/"},{"@type":"ListItem","position":2,"name":"Accompagnement au quotidien"}]},{"@type":"WebSite","@id":"https:\/\/www.univ-lorraine.fr\/handicap\/#website","url":"https:\/\/www.univ-lorraine.fr\/handicap\/","name":"\u00c9tudes et handicap","description":"Faire dialoguer les savoirs, c\u2019est innover","publisher":{"@id":"https:\/\/www.univ-lorraine.fr\/handicap\/#organization"},"potentialAction":[{"@type":"SearchAction","target":{"@type":"EntryPoint","urlTemplate":"https:\/\/www.univ-lorraine.fr\/handicap\/?s={search_term_string}"},"query-input":{"@type":"PropertyValueSpecification","valueRequired":true,"valueName":"search_term_string"}}],"inLanguage":"fr-FR"},{"@type":"Organization","@id":"https:\/\/www.univ-lorraine.fr\/handicap\/#organization","name":"Universit\u00e9 de Lorraine","url":"https:\/\/www.univ-lorraine.fr\/handicap\/","logo":{"@type":"ImageObject","inLanguage":"fr-FR","@id":"https:\/\/www.univ-lorraine.fr\/handicap\/#\/schema\/logo\/image\/","url":"https:\/\/www.univ-lorraine.fr\/handicap\/wp-content\/uploads\/sites\/51\/2021\/01\/LOGO_UL.png","contentUrl":"https:\/\/www.univ-lorraine.fr\/handicap\/wp-content\/uploads\/sites\/51\/2021\/01\/LOGO_UL.png","width":138,"height":48,"caption":"Universit\u00e9 de Lorraine"},"image":{"@id":"https:\/\/www.univ-lorraine.fr\/handicap\/#\/schema\/logo\/image\/"}}]}},"_links":{"self":[{"href":"https:\/\/www.univ-lorraine.fr\/handicap\/wp-json\/wp\/v2\/pages\/284","targetHints":{"allow":["GET"]}}],"collection":[{"href":"https:\/\/www.univ-lorraine.fr\/handicap\/wp-json\/wp\/v2\/pages"}],"about":[{"href":"https:\/\/www.univ-lorraine.fr\/handicap\/wp-json\/wp\/v2\/types\/page"}],"author":[{"embeddable":true,"href":"https:\/\/www.univ-lorraine.fr\/handicap\/wp-json\/wp\/v2\/users\/580"}],"replies":[{"embeddable":true,"href":"https:\/\/www.univ-lorraine.fr\/handicap\/wp-json\/wp\/v2\/comments?post=284"}],"version-history":[{"count":14,"href":"https:\/\/www.univ-lorraine.fr\/handicap\/wp-json\/wp\/v2\/pages\/284\/revisions"}],"predecessor-version":[{"id":1212,"href":"https:\/\/www.univ-lorraine.fr\/handicap\/wp-json\/wp\/v2\/pages\/284\/revisions\/1212"}],"wp:attachment":[{"href":"https:\/\/www.univ-lorraine.fr\/handicap\/wp-json\/wp\/v2\/media?parent=284"}],"curies":[{"name":"wp","href":"https:\/\/api.w.org\/{rel}","templated":true}]}}

<div class="gb-container gb-container-7ef349a4">
<div class="gb-container gb-container-5c205d7a">
<div class="gb-grid-wrapper gb-grid-wrapper-57684760">
<div class="gb-grid-column gb-grid-column-1a5bf3e9"><div class="gb-container gb-container-1a5bf3e9"><div class="gb-inside-container">
<div class="gb-container gb-container-7a58e5bb"><div class="gb-inside-container">

<h2 class="gb-headline gb-headline-e996c54e gb-headline-text">Besoin d&rsquo;aide ? </h2>



<p class="gb-headline gb-headline-17ac4fc9 gb-headline-text">Retrouvez les listes des services d&rsquo;aide aux victimes avec leurs contacts ici. </p>

</div></div>
</div></div></div>


<div class="gb-container gb-container-b9b54a0c">
<div class="gb-container gb-container-46bb1ea6">
<div class="gb-container gb-container-655bc498"><div class="gb-inside-container">
<div class="gb-container gb-container-5e2006c2 display-none-mobile"><div class="gb-inside-container"></div></div>
</div></div>
</div>
</div>


<div class="gb-grid-column gb-grid-column-f3e15b8f"><div class="gb-container gb-container-f3e15b8f"><div class="gb-inside-container">
<div class="gb-container gb-container-00e9e634 display-none-mobile"><div class="gb-inside-container"></div></div>
</div></div></div>
</div>
</div>
</div>

<div class="gb-container gb-container-b76342bd">
<div class="gb-grid-wrapper gb-grid-wrapper-16a13d8b">
<div class="gb-grid-column gb-grid-column-dc2b9b66"><div class="gb-container gb-container-dc2b9b66"><div class="gb-inside-container">
<div class="gb-container gb-container-ec96ad28"><div class="gb-inside-container">

<h2 class="gb-headline gb-headline-bf7c2581 gb-headline-text">Besoin d&rsquo;aide ? </h2>



<p class="gb-headline gb-headline-43861d41 gb-headline-text">Retrouvez les listes des services d&rsquo;aide aux victimes avec leurs contacts ici. </p>

</div></div>
</div></div></div>

<div class="gb-grid-column gb-grid-column-35828b69"><div class="gb-container gb-container-35828b69"><div class="gb-inside-container">
<div class="gb-container gb-container-09ef1910 display-none-mobile"><div class="gb-inside-container"></div></div>
</div></div></div>

<div class="gb-grid-column gb-grid-column-4ea7c7f6"><div class="gb-container gb-container-4ea7c7f6"><div class="gb-inside-container">
<div class="gb-container gb-container-3e464b21 display-none-mobile"><div class="gb-inside-container"></div></div>
</div></div></div>
</div>
</div>

<div class="gb-container gb-container-feadd3b9">
<div class="gb-grid-wrapper gb-grid-wrapper-65b3ee3b">
<div class="gb-grid-column gb-grid-column-277ce76d"><div class="gb-container gb-container-277ce76d"></div></div>

<div class="gb-grid-column gb-grid-column-0edd1bde"><div class="gb-container gb-container-0edd1bde"></div></div>

<div class="gb-grid-column gb-grid-column-acbc74dc"><div class="gb-container gb-container-acbc74dc"></div></div>
</div>
</div>

<div class="gb-grid-wrapper gb-grid-wrapper-3f5da08f">
<div class="gb-grid-column gb-grid-column-61a50000"><div class="gb-container gb-container-61a50000">

<p class="has-base-3-color has-bleu-fonc-background-color has-text-color has-background has-link-color wp-elements-59577303a608191381f82b1e40620d2f">Première prise de contact votre chargé·e d’accueil handicap et entretien pour identifier vos besoins en lien avec vos projet d’étude.  </p>

</div></div>

<div class="gb-grid-column gb-grid-column-88abd131"><div class="gb-container gb-container-88abd131">

<p class="has-bleu-clair-background-color has-background">Rencontre avec le médecin du SSE et proposition des différentes possibilités d&rsquo; aménagements personnalisés.</p>

</div></div>

<div class="gb-grid-column gb-grid-column-a6412738"><div class="gb-container gb-container-a6412738">

<p class="has-jaune-handicap-background-color has-background">Commission handicap avec l’équipe plurielle et vous<br>pour étudier et ajuster si besoin les aménagements<br>préconisés par le médecin avant de les valider. Une décision individuelle vous est remise, ainsi qu’à votre composante de formation. Elle précise les modalités d’accompagnement pour l’accès aux cours et aux examens.</p>

</div></div>

<div class="gb-grid-column gb-grid-column-c63af8a1"><div class="gb-container gb-container-c63af8a1 display-none-mobile"><div class="gb-inside-container">

<div class="wp-block-group is-vertical is-layout-flex wp-container-core-group-is-layout-8cf370e7 wp-block-group-is-layout-flex"></div>

</div></div></div>
</div>

<div class="gb-grid-wrapper gb-grid-wrapper-cbf0ac69"></div>

<!-- This site is optimized with the Yoast SEO plugin v27.4 - https://yoast.com/product/yoast-seo-wordpress/ -->
<title>Accompagnement au quotidien - Études et handicap</title>
<meta name="robots" content="index, follow, max-snippet:-1, max-image-preview:large, max-video-preview:-1" />
<link rel="canonical" href="https://www.univ-lorraine.fr/handicap/demarches-damenagement/" />
<meta property="og:locale" content="fr_FR" />
<meta property="og:type" content="article" />
<meta property="og:title" content="Accompagnement au quotidien - Études et handicap" />
<meta property="og:url" content="https://www.univ-lorraine.fr/handicap/demarches-damenagement/" />
<meta property="og:site_name" content="Études et handicap" />
<meta property="article:modified_time" content="2024-02-21T14:25:09+00:00" />
<meta name="twitter:card" content="summary_large_image" />
<meta name="twitter:label1" content="Durée de lecture estimée" />
	<meta name="twitter:data1" content="1 minute" />
<script type="application/ld+json" class="yoast-schema-graph">{"@context":"https:\/\/schema.org","@graph":[{"@type":"WebPage","@id":"https:\/\/www.univ-lorraine.fr\/handicap\/demarches-damenagement\/","url":"https:\/\/www.univ-lorraine.fr\/handicap\/demarches-damenagement\/","name":"Accompagnement au quotidien - Études et handicap","isPartOf":{"@id":"https:\/\/www.univ-lorraine.fr\/handicap\/#website"},"datePublished":"2024-02-15T10:09:55+00:00","dateModified":"2024-02-21T14:25:09+00:00","breadcrumb":{"@id":"https:\/\/www.univ-lorraine.fr\/handicap\/demarches-damenagement\/#breadcrumb"},"inLanguage":"fr-FR","potentialAction":[{"@type":"ReadAction","target":["https:\/\/www.univ-lorraine.fr\/handicap\/demarches-damenagement\/"]}]},{"@type":"BreadcrumbList","@id":"https:\/\/www.univ-lorraine.fr\/handicap\/demarches-damenagement\/#breadcrumb","itemListElement":[{"@type":"ListItem","position":1,"name":"Accueil","item":"https:\/\/www.univ-lorraine.fr\/handicap\/"},{"@type":"ListItem","position":2,"name":"Accompagnement au quotidien"}]},{"@type":"WebSite","@id":"https:\/\/www.univ-lorraine.fr\/handicap\/#website","url":"https:\/\/www.univ-lorraine.fr\/handicap\/","name":"Études et handicap","description":"Faire dialoguer les savoirs, c’est innover","publisher":{"@id":"https:\/\/www.univ-lorraine.fr\/handicap\/#organization"},"potentialAction":[{"@type":"SearchAction","target":{"@type":"EntryPoint","urlTemplate":"https:\/\/www.univ-lorraine.fr\/handicap\/?s={search_term_string}"},"query-input":{"@type":"PropertyValueSpecification","valueRequired":true,"valueName":"search_term_string"}}],"inLanguage":"fr-FR"},{"@type":"Organization","@id":"https:\/\/www.univ-lorraine.fr\/handicap\/#organization","name":"Université de Lorraine","url":"https:\/\/www.univ-lorraine.fr\/handicap\/","logo":{"@type":"ImageObject","inLanguage":"fr-FR","@id":"https:\/\/www.univ-lorraine.fr\/handicap\/#\/schema\/logo\/image\/","url":"https:\/\/www.univ-lorraine.fr\/handicap\/wp-content\/uploads\/sites\/51\/2021\/01\/LOGO_UL.png","contentUrl":"https:\/\/www.univ-lorraine.fr\/handicap\/wp-content\/uploads\/sites\/51\/2021\/01\/LOGO_UL.png","width":138,"height":48,"caption":"Université de Lorraine"},"image":{"@id":"https:\/\/www.univ-lorraine.fr\/handicap\/#\/schema\/logo\/image\/"}}]}</script>
<!-- / Yoast SEO plugin. -->

Accompagnement au quotidien - Études et handicap

Études et handicap

Université de Lorraine
