{"id":290,"date":"2024-02-15T11:11:27","date_gmt":"2024-02-15T10:11:27","guid":{"rendered":"https:\/\/www.univ-lorraine.fr\/handicap\/?page_id=290"},"modified":"2024-07-19T14:02:01","modified_gmt":"2024-07-19T12:02:01","slug":"laccompagnement-au-quotidien","status":"publish","type":"page","link":"https:\/\/www.univ-lorraine.fr\/handicap\/demarches-damenagement\/laccompagnement-au-quotidien\/","title":{"rendered":"L\u2019accompagnement au quotidien"},"content":{"rendered":"\n<p class=\"has-text-align-center\" style=\"font-size:22px\"><strong>Vous devez d\u00e9buter les d\u00e9marches d\u00e8s l\u2019obtention du bac ou d\u00e8s que vous d\u00e9cidez de vous (r\u00e9)inscrire. Vous devez les  renouveler chaque ann\u00e9e.<br>Si votre situation survient ou \u00e9volue au cours de l\u2019ann\u00e9e, des ajustements pourront \u00eatre fait.<\/strong><\/p>\n\n\n<div class=\"gb-container gb-container-1b9b455d\">\n\n<div style=\"height:19px\" aria-hidden=\"true\" class=\"wp-block-spacer\"><\/div>\n\n\n\n<h2 class=\"wp-block-heading\">J&rsquo;ai b\u00e9n\u00e9fici\u00e9 d&rsquo;am\u00e9nagements l&rsquo;ann\u00e9e derni\u00e8re, est ce que je dois refaire une demande ?<\/h2>\n\n\n\n<ul class=\"wp-block-list\">\n<li><strong>Si<\/strong> <strong>votre certificat<\/strong> est <strong>pluriannuel\u202f<\/strong>(information indiqu\u00e9e sur le document transmis par le m\u00e9decin)<br>Vos am\u00e9nagements seront <strong>renouvel\u00e9s automatiquement<\/strong> et \u00e0 <strong>l\u2019identique pendant la dur\u00e9e couverte par votre certificat<\/strong>. Vous n\u2019avez pas de d\u00e9marches particuli\u00e8res \u00e0 faire.<\/li>\n\n\n\n<li><strong>Si vous avez besoin de r\u00e9\u00e9valuer vos besoins<\/strong>, si vous changez de fili\u00e8re, de site de formation ou si vous passez en master<br>Contactez le Service de sant\u00e9 \u00e9tudiante (SSE) au plus vite apr\u00e8s votre inscription.&nbsp;<\/li>\n\n\n\n<li><strong>Si votre certificat 2023\/2024<\/strong> est <strong>annuel <\/strong>(ou \u00e9tabli pour un semestre) et que <strong>vous avez toujours besoin d\u2019am\u00e9nagements<\/strong><br>Il est n\u00e9cessaire de remplir le document de renouvellement et de le <strong>transmettre au plus vite<\/strong> apr\u00e8s votre inscription.<\/li>\n<\/ul>\n\n\n\n<p><mark class=\"annotation-text annotation-text-yoast\" id=\"annotation-text-3e4d9370-7c90-4b88-8c95-4f87dc94e1fb\"><\/mark><\/p>\n\n\n\n<div class=\"wp-block-buttons is-content-justification-center is-layout-flex wp-container-core-buttons-is-layout-16018d1d wp-block-buttons-is-layout-flex\">\n<div class=\"wp-block-button\"><a class=\"wp-block-button__link has-text-align-center wp-element-button\" href=\"https:\/\/www.univ-lorraine.fr\/handicap\/contact\/\">Je transmets ma demande de renouvellement<\/a><\/div>\n<\/div>\n\n\n\n<p>Afin de b\u00e9n\u00e9ficier des am\u00e9nagements adapt\u00e9s \u00e0 votre situation, <strong>n\u2019oubliez pas de signaler au m\u00e9decin du SSE tout changement intervenu dans votre situation m\u00e9dicale<\/strong>.&nbsp;<\/p>\n\n\n\n<p><strong>Cette proc\u00e9dure concerne uniquement les am\u00e9nagements des examens.&nbsp;<\/strong>&nbsp;<\/p>\n\n\n\n<p><strong>Pour les am\u00e9nagements de cours<\/strong> (ex\u202f: preneur de notes, \u2026) il est n\u00e9cessaire de<strong> r\u00e9\u00e9valuer les besoins chaque ann\u00e9e<\/strong>.&nbsp;&nbsp;<\/p>\n\n\n\n<p><strong>Prenez contact avec <a href=\"https:\/\/www.univ-lorraine.fr\/handicap\/contact\/\">votre charg\u00e9(e) d\u2019accueil r\u00e9f\u00e9rent(e)<\/a> et\/ou le m\u00e9decin universitaire pour faire le point.<\/strong>&nbsp;<\/p>\n\n\n<div class=\"gb-container gb-container-8d10411a\">\n\n<div style=\"height:10px\" aria-hidden=\"true\" class=\"wp-block-spacer\"><\/div>\n\n\n\n<figure class=\"wp-block-embed is-type-video is-provider-youtube wp-block-embed-youtube wp-embed-aspect-16-9 wp-has-aspect-ratio\"><div class=\"wp-block-embed__wrapper\">\n<iframe loading=\"lazy\" title=\"Guide de l&#039;\u00e9tudiant en situation de handicap \/ Episode 3\" width=\"1200\" height=\"675\" src=\"https:\/\/www.youtube.com\/embed\/okGRDanjLrI?feature=oembed\" frameborder=\"0\" allow=\"accelerometer; autoplay; clipboard-write; encrypted-media; gyroscope; picture-in-picture; web-share\" referrerpolicy=\"strict-origin-when-cross-origin\" allowfullscreen><\/iframe>\n<\/div><\/figure>\n\n\n\n<h3 class=\"wp-block-heading\" style=\"text-transform:none\">Le fonctionnement d\u2019un bin\u00f4me&nbsp;:<\/h3>\n\n\n<div class=\"gb-container gb-container-17627e65\">\n\n<div class=\"wp-block-media-text is-stacked-on-mobile\" style=\"grid-template-columns:25% auto\"><figure class=\"wp-block-media-text__media\"><a href=\"https:\/\/www.univ-lorraine.fr\/handicap\/wp-content\/uploads\/sites\/51\/2024\/02\/fichier-2.png\"><img decoding=\"async\" width=\"278\" height=\"178\" src=\"https:\/\/www.univ-lorraine.fr\/handicap\/wp-content\/uploads\/sites\/51\/2024\/02\/fichier-2.png\" alt=\"\" class=\"wp-image-508 size-full\"\/><\/a><\/figure><div class=\"wp-block-media-text__content\">\n<p class=\"has-medium-font-size\">L\u2019\u00e9tudiant\u00b7e en situation de handicap est mis\u00b7e en bin\u00f4me avec un autre \u00e9tudiant\u00b7e. Il re\u00e7oit ses cours de fa\u00e7on num\u00e9ris\u00e9e sous un d\u00e9lai de 48h. En contrepartie, l&rsquo;Universit\u00e9 de Lorraine r\u00e9mun\u00e8re l\u2019autre personne du bin\u00f4me.<\/p>\n<\/div><\/div>\n\n<\/div>\n<\/div>\n<\/div>","protected":false},"excerpt":{"rendered":"<p>Vous devez d\u00e9buter les d\u00e9marches d\u00e8s l\u2019obtention du bac ou d\u00e8s que vous d\u00e9cidez de vous (r\u00e9)inscrire. Vous devez les renouveler chaque ann\u00e9e.Si votre situation survient ou \u00e9volue au cours de l\u2019ann\u00e9e, des ajustements pourront \u00eatre fait. J&rsquo;ai b\u00e9n\u00e9fici\u00e9 d&rsquo;am\u00e9nagements l&rsquo;ann\u00e9e derni\u00e8re, est ce que je dois refaire une demande ? Afin de b\u00e9n\u00e9ficier des &#8230; <a title=\"L\u2019accompagnement au quotidien\" class=\"read-more\" href=\"https:\/\/www.univ-lorraine.fr\/handicap\/demarches-damenagement\/laccompagnement-au-quotidien\/\" aria-label=\"En savoir plus sur L\u2019accompagnement au quotidien\">Lire plus<\/a><\/p>\n","protected":false},"author":580,"featured_media":0,"parent":284,"menu_order":2,"comment_status":"closed","ping_status":"closed","template":"","meta":{"inline_featured_image":false,"footnotes":""},"class_list":["post-290","page","type-page","status-publish"],"yoast_head":"<!-- This site is optimized with the Yoast SEO plugin v27.4 - https:\/\/yoast.com\/product\/yoast-seo-wordpress\/ -->\n<title>L\u2019accompagnement au quotidien - \u00c9tudes et handicap<\/title>\n<meta name=\"description\" content=\"Quelles sont les d\u00e9marches pour l&#039;accompagnement des \u00e9tudiantes et \u00e9tudiants en situation de handicap \u00e0 l&#039;Universit\u00e9 de Lorraine ?\" \/>\n<meta name=\"robots\" content=\"index, follow, max-snippet:-1, max-image-preview:large, max-video-preview:-1\" \/>\n<link rel=\"canonical\" href=\"https:\/\/www.univ-lorraine.fr\/handicap\/demarches-damenagement\/laccompagnement-au-quotidien\/\" \/>\n<meta property=\"og:locale\" content=\"fr_FR\" \/>\n<meta property=\"og:type\" content=\"article\" \/>\n<meta property=\"og:title\" content=\"L\u2019accompagnement au quotidien - \u00c9tudes et handicap\" \/>\n<meta property=\"og:description\" content=\"Quelles sont les d\u00e9marches pour l&#039;accompagnement des \u00e9tudiantes et \u00e9tudiants en situation de handicap \u00e0 l&#039;Universit\u00e9 de Lorraine ?\" \/>\n<meta property=\"og:url\" content=\"https:\/\/www.univ-lorraine.fr\/handicap\/demarches-damenagement\/laccompagnement-au-quotidien\/\" \/>\n<meta property=\"og:site_name\" content=\"\u00c9tudes et handicap\" \/>\n<meta property=\"article:modified_time\" content=\"2024-07-19T12:02:01+00:00\" \/>\n<meta property=\"og:image\" content=\"https:\/\/www.univ-lorraine.fr\/handicap\/wp-content\/uploads\/sites\/51\/2024\/02\/fichier-2.png\" \/>\n<meta name=\"twitter:card\" content=\"summary_large_image\" \/>\n<meta name=\"twitter:label1\" content=\"Dur\u00e9e de lecture estim\u00e9e\" \/>\n\t<meta name=\"twitter:data1\" content=\"2 minutes\" \/>\n<script type=\"application\/ld+json\" class=\"yoast-schema-graph\">{\"@context\":\"https:\\\/\\\/schema.org\",\"@graph\":[{\"@type\":\"WebPage\",\"@id\":\"https:\\\/\\\/www.univ-lorraine.fr\\\/handicap\\\/demarches-damenagement\\\/laccompagnement-au-quotidien\\\/\",\"url\":\"https:\\\/\\\/www.univ-lorraine.fr\\\/handicap\\\/demarches-damenagement\\\/laccompagnement-au-quotidien\\\/\",\"name\":\"L\u2019accompagnement au quotidien - \u00c9tudes et handicap\",\"isPartOf\":{\"@id\":\"https:\\\/\\\/www.univ-lorraine.fr\\\/handicap\\\/#website\"},\"primaryImageOfPage\":{\"@id\":\"https:\\\/\\\/www.univ-lorraine.fr\\\/handicap\\\/demarches-damenagement\\\/laccompagnement-au-quotidien\\\/#primaryimage\"},\"image\":{\"@id\":\"https:\\\/\\\/www.univ-lorraine.fr\\\/handicap\\\/demarches-damenagement\\\/laccompagnement-au-quotidien\\\/#primaryimage\"},\"thumbnailUrl\":\"https:\\\/\\\/www.univ-lorraine.fr\\\/handicap\\\/wp-content\\\/uploads\\\/sites\\\/51\\\/2024\\\/02\\\/fichier-2.png\",\"datePublished\":\"2024-02-15T10:11:27+00:00\",\"dateModified\":\"2024-07-19T12:02:01+00:00\",\"description\":\"Quelles sont les d\u00e9marches pour l'accompagnement des \u00e9tudiantes et \u00e9tudiants en situation de handicap \u00e0 l'Universit\u00e9 de Lorraine ?\",\"breadcrumb\":{\"@id\":\"https:\\\/\\\/www.univ-lorraine.fr\\\/handicap\\\/demarches-damenagement\\\/laccompagnement-au-quotidien\\\/#breadcrumb\"},\"inLanguage\":\"fr-FR\",\"potentialAction\":[{\"@type\":\"ReadAction\",\"target\":[\"https:\\\/\\\/www.univ-lorraine.fr\\\/handicap\\\/demarches-damenagement\\\/laccompagnement-au-quotidien\\\/\"]}]},{\"@type\":\"ImageObject\",\"inLanguage\":\"fr-FR\",\"@id\":\"https:\\\/\\\/www.univ-lorraine.fr\\\/handicap\\\/demarches-damenagement\\\/laccompagnement-au-quotidien\\\/#primaryimage\",\"url\":\"https:\\\/\\\/www.univ-lorraine.fr\\\/handicap\\\/wp-content\\\/uploads\\\/sites\\\/51\\\/2024\\\/02\\\/fichier-2.png\",\"contentUrl\":\"https:\\\/\\\/www.univ-lorraine.fr\\\/handicap\\\/wp-content\\\/uploads\\\/sites\\\/51\\\/2024\\\/02\\\/fichier-2.png\",\"width\":278,\"height\":178,\"caption\":\"Illustration du Guide de l'\u00e9tudiant\u00b7e en situation de handicap\"},{\"@type\":\"BreadcrumbList\",\"@id\":\"https:\\\/\\\/www.univ-lorraine.fr\\\/handicap\\\/demarches-damenagement\\\/laccompagnement-au-quotidien\\\/#breadcrumb\",\"itemListElement\":[{\"@type\":\"ListItem\",\"position\":1,\"name\":\"Accueil\",\"item\":\"https:\\\/\\\/www.univ-lorraine.fr\\\/handicap\\\/\"},{\"@type\":\"ListItem\",\"position\":2,\"name\":\"Accompagnement au quotidien\",\"item\":\"https:\\\/\\\/www.univ-lorraine.fr\\\/handicap\\\/demarches-damenagement\\\/\"},{\"@type\":\"ListItem\",\"position\":3,\"name\":\"L\u2019accompagnement au quotidien\"}]},{\"@type\":\"WebSite\",\"@id\":\"https:\\\/\\\/www.univ-lorraine.fr\\\/handicap\\\/#website\",\"url\":\"https:\\\/\\\/www.univ-lorraine.fr\\\/handicap\\\/\",\"name\":\"\u00c9tudes et handicap\",\"description\":\"Faire dialoguer les savoirs, c\u2019est innover\",\"publisher\":{\"@id\":\"https:\\\/\\\/www.univ-lorraine.fr\\\/handicap\\\/#organization\"},\"potentialAction\":[{\"@type\":\"SearchAction\",\"target\":{\"@type\":\"EntryPoint\",\"urlTemplate\":\"https:\\\/\\\/www.univ-lorraine.fr\\\/handicap\\\/?s={search_term_string}\"},\"query-input\":{\"@type\":\"PropertyValueSpecification\",\"valueRequired\":true,\"valueName\":\"search_term_string\"}}],\"inLanguage\":\"fr-FR\"},{\"@type\":\"Organization\",\"@id\":\"https:\\\/\\\/www.univ-lorraine.fr\\\/handicap\\\/#organization\",\"name\":\"Universit\u00e9 de Lorraine\",\"url\":\"https:\\\/\\\/www.univ-lorraine.fr\\\/handicap\\\/\",\"logo\":{\"@type\":\"ImageObject\",\"inLanguage\":\"fr-FR\",\"@id\":\"https:\\\/\\\/www.univ-lorraine.fr\\\/handicap\\\/#\\\/schema\\\/logo\\\/image\\\/\",\"url\":\"https:\\\/\\\/www.univ-lorraine.fr\\\/handicap\\\/wp-content\\\/uploads\\\/sites\\\/51\\\/2021\\\/01\\\/LOGO_UL.png\",\"contentUrl\":\"https:\\\/\\\/www.univ-lorraine.fr\\\/handicap\\\/wp-content\\\/uploads\\\/sites\\\/51\\\/2021\\\/01\\\/LOGO_UL.png\",\"width\":138,\"height\":48,\"caption\":\"Universit\u00e9 de Lorraine\"},\"image\":{\"@id\":\"https:\\\/\\\/www.univ-lorraine.fr\\\/handicap\\\/#\\\/schema\\\/logo\\\/image\\\/\"}}]}<\/script>\n<!-- \/ Yoast SEO plugin. -->","yoast_head_json":{"title":"L\u2019accompagnement au quotidien - \u00c9tudes et handicap","description":"Quelles sont les d\u00e9marches pour l'accompagnement des \u00e9tudiantes et \u00e9tudiants en situation de handicap \u00e0 l'Universit\u00e9 de Lorraine ?","robots":{"index":"index","follow":"follow","max-snippet":"max-snippet:-1","max-image-preview":"max-image-preview:large","max-video-preview":"max-video-preview:-1"},"canonical":"https:\/\/www.univ-lorraine.fr\/handicap\/demarches-damenagement\/laccompagnement-au-quotidien\/","og_locale":"fr_FR","og_type":"article","og_title":"L\u2019accompagnement au quotidien - \u00c9tudes et handicap","og_description":"Quelles sont les d\u00e9marches pour l'accompagnement des \u00e9tudiantes et \u00e9tudiants en situation de handicap \u00e0 l'Universit\u00e9 de Lorraine ?","og_url":"https:\/\/www.univ-lorraine.fr\/handicap\/demarches-damenagement\/laccompagnement-au-quotidien\/","og_site_name":"\u00c9tudes et handicap","article_modified_time":"2024-07-19T12:02:01+00:00","og_image":[{"url":"https:\/\/www.univ-lorraine.fr\/handicap\/wp-content\/uploads\/sites\/51\/2024\/02\/fichier-2.png","type":"","width":"","height":""}],"twitter_card":"summary_large_image","twitter_misc":{"Dur\u00e9e de lecture estim\u00e9e":"2 minutes"},"schema":{"@context":"https:\/\/schema.org","@graph":[{"@type":"WebPage","@id":"https:\/\/www.univ-lorraine.fr\/handicap\/demarches-damenagement\/laccompagnement-au-quotidien\/","url":"https:\/\/www.univ-lorraine.fr\/handicap\/demarches-damenagement\/laccompagnement-au-quotidien\/","name":"L\u2019accompagnement au quotidien - \u00c9tudes et handicap","isPartOf":{"@id":"https:\/\/www.univ-lorraine.fr\/handicap\/#website"},"primaryImageOfPage":{"@id":"https:\/\/www.univ-lorraine.fr\/handicap\/demarches-damenagement\/laccompagnement-au-quotidien\/#primaryimage"},"image":{"@id":"https:\/\/www.univ-lorraine.fr\/handicap\/demarches-damenagement\/laccompagnement-au-quotidien\/#primaryimage"},"thumbnailUrl":"https:\/\/www.univ-lorraine.fr\/handicap\/wp-content\/uploads\/sites\/51\/2024\/02\/fichier-2.png","datePublished":"2024-02-15T10:11:27+00:00","dateModified":"2024-07-19T12:02:01+00:00","description":"Quelles sont les d\u00e9marches pour l'accompagnement des \u00e9tudiantes et \u00e9tudiants en situation de handicap \u00e0 l'Universit\u00e9 de Lorraine ?","breadcrumb":{"@id":"https:\/\/www.univ-lorraine.fr\/handicap\/demarches-damenagement\/laccompagnement-au-quotidien\/#breadcrumb"},"inLanguage":"fr-FR","potentialAction":[{"@type":"ReadAction","target":["https:\/\/www.univ-lorraine.fr\/handicap\/demarches-damenagement\/laccompagnement-au-quotidien\/"]}]},{"@type":"ImageObject","inLanguage":"fr-FR","@id":"https:\/\/www.univ-lorraine.fr\/handicap\/demarches-damenagement\/laccompagnement-au-quotidien\/#primaryimage","url":"https:\/\/www.univ-lorraine.fr\/handicap\/wp-content\/uploads\/sites\/51\/2024\/02\/fichier-2.png","contentUrl":"https:\/\/www.univ-lorraine.fr\/handicap\/wp-content\/uploads\/sites\/51\/2024\/02\/fichier-2.png","width":278,"height":178,"caption":"Illustration du Guide de l'\u00e9tudiant\u00b7e en situation de handicap"},{"@type":"BreadcrumbList","@id":"https:\/\/www.univ-lorraine.fr\/handicap\/demarches-damenagement\/laccompagnement-au-quotidien\/#breadcrumb","itemListElement":[{"@type":"ListItem","position":1,"name":"Accueil","item":"https:\/\/www.univ-lorraine.fr\/handicap\/"},{"@type":"ListItem","position":2,"name":"Accompagnement au quotidien","item":"https:\/\/www.univ-lorraine.fr\/handicap\/demarches-damenagement\/"},{"@type":"ListItem","position":3,"name":"L\u2019accompagnement au quotidien"}]},{"@type":"WebSite","@id":"https:\/\/www.univ-lorraine.fr\/handicap\/#website","url":"https:\/\/www.univ-lorraine.fr\/handicap\/","name":"\u00c9tudes et handicap","description":"Faire dialoguer les savoirs, c\u2019est innover","publisher":{"@id":"https:\/\/www.univ-lorraine.fr\/handicap\/#organization"},"potentialAction":[{"@type":"SearchAction","target":{"@type":"EntryPoint","urlTemplate":"https:\/\/www.univ-lorraine.fr\/handicap\/?s={search_term_string}"},"query-input":{"@type":"PropertyValueSpecification","valueRequired":true,"valueName":"search_term_string"}}],"inLanguage":"fr-FR"},{"@type":"Organization","@id":"https:\/\/www.univ-lorraine.fr\/handicap\/#organization","name":"Universit\u00e9 de Lorraine","url":"https:\/\/www.univ-lorraine.fr\/handicap\/","logo":{"@type":"ImageObject","inLanguage":"fr-FR","@id":"https:\/\/www.univ-lorraine.fr\/handicap\/#\/schema\/logo\/image\/","url":"https:\/\/www.univ-lorraine.fr\/handicap\/wp-content\/uploads\/sites\/51\/2021\/01\/LOGO_UL.png","contentUrl":"https:\/\/www.univ-lorraine.fr\/handicap\/wp-content\/uploads\/sites\/51\/2021\/01\/LOGO_UL.png","width":138,"height":48,"caption":"Universit\u00e9 de Lorraine"},"image":{"@id":"https:\/\/www.univ-lorraine.fr\/handicap\/#\/schema\/logo\/image\/"}}]}},"_links":{"self":[{"href":"https:\/\/www.univ-lorraine.fr\/handicap\/wp-json\/wp\/v2\/pages\/290","targetHints":{"allow":["GET"]}}],"collection":[{"href":"https:\/\/www.univ-lorraine.fr\/handicap\/wp-json\/wp\/v2\/pages"}],"about":[{"href":"https:\/\/www.univ-lorraine.fr\/handicap\/wp-json\/wp\/v2\/types\/page"}],"author":[{"embeddable":true,"href":"https:\/\/www.univ-lorraine.fr\/handicap\/wp-json\/wp\/v2\/users\/580"}],"replies":[{"embeddable":true,"href":"https:\/\/www.univ-lorraine.fr\/handicap\/wp-json\/wp\/v2\/comments?post=290"}],"version-history":[{"count":52,"href":"https:\/\/www.univ-lorraine.fr\/handicap\/wp-json\/wp\/v2\/pages\/290\/revisions"}],"predecessor-version":[{"id":806,"href":"https:\/\/www.univ-lorraine.fr\/handicap\/wp-json\/wp\/v2\/pages\/290\/revisions\/806"}],"up":[{"embeddable":true,"href":"https:\/\/www.univ-lorraine.fr\/handicap\/wp-json\/wp\/v2\/pages\/284"}],"wp:attachment":[{"href":"https:\/\/www.univ-lorraine.fr\/handicap\/wp-json\/wp\/v2\/media?parent=290"}],"curies":[{"name":"wp","href":"https:\/\/api.w.org\/{rel}","templated":true}]}}