{"id":473,"date":"2021-04-26T14:09:12","date_gmt":"2021-04-26T12:09:12","guid":{"rendered":"https:\/\/www.univ-lorraine.fr\/initiatives-etudiantes\/?page_id=473"},"modified":"2021-09-09T16:16:05","modified_gmt":"2021-09-09T14:16:05","slug":"nos-videos","status":"publish","type":"page","link":"https:\/\/www.univ-lorraine.fr\/initiatives-etudiantes\/maisons-de-letudiant\/nos-videos\/","title":{"rendered":"Nos vid\u00e9os"},"content":{"rendered":"<div class=\"gb-grid-wrapper gb-grid-wrapper-b02e97e9\">\n<div class=\"gb-grid-column gb-grid-column-ca87d7bf\"><div class=\"gb-container gb-container-ca87d7bf\"><div class=\"gb-inside-container\">\n\n<div class=\"wp-block-image is-style-default\"><figure class=\"aligncenter size-full is-resized\"><img loading=\"lazy\" decoding=\"async\" src=\"https:\/\/www.univ-lorraine.fr\/initiatives-etudiantes\/wp-content\/uploads\/sites\/11\/2021\/08\/A-la-face-cachee.png\" alt=\"alt=&quot;live insolite&quot;\" class=\"wp-image-1389\" width=\"212\" height=\"192\"\/><\/figure><\/div>\n\n\n<div class=\"gb-container gb-container-e4c7639f\"><div class=\"gb-inside-container\">\n\n<div class=\"wp-block-buttons is-content-justification-center is-layout-flex wp-block-buttons-is-layout-flex\">\n<div class=\"wp-block-button has-custom-width wp-block-button__width-50\"><a class=\"wp-block-button__link\" href=\"https:\/\/www.univ-lorraine.fr\/initiatives-etudiantes\/les-lives-insolites\/\">Live Insolite<\/a><\/div>\n<\/div>\n\n<\/div><\/div>\n\n\n<p class=\"has-text-align-center\"><strong>Le Live Insolite<\/strong> est une \u00e9mission musicale r\u00e9alis\u00e9e avec des \u00e9tudiants et personnels de l&rsquo;Universit\u00e9 de Lorraine. Ce programme a \u00e9t\u00e9 cr\u00e9\u00e9 pour proposer une offre musicale \u00e0 l&rsquo;Universit\u00e9. C&rsquo;est \u00e9galement pour poursuivre les activit\u00e9s culturelles avec les \u00e9tudiants, et continuer \u00e0 faire d\u00e9couvrir des artistes et des lieux qui font la richesse de la r\u00e9gion. C&rsquo;est aussi une mani\u00e8re de soutenir la culture et les artistes durement impact\u00e9s par la crise sanitaire.<\/p>\n\n<\/div><\/div><\/div>\n\n<div class=\"gb-grid-column gb-grid-column-5f33d199\"><div class=\"gb-container gb-container-5f33d199\"><div class=\"gb-inside-container\">\n\n<div class=\"wp-block-image is-style-default\"><figure class=\"aligncenter size-full is-resized\"><img loading=\"lazy\" decoding=\"async\" src=\"https:\/\/www.univ-lorraine.fr\/initiatives-etudiantes\/wp-content\/uploads\/sites\/11\/2021\/08\/fabricou.png\" alt=\"alt=&quot;la fabrique universitaire du cin\u00e9ma&quot;\" class=\"wp-image-1392\" width=\"212\" height=\"192\"\/><\/figure><\/div>\n\n\n<div class=\"gb-container gb-container-3a0e8766\"><div class=\"gb-inside-container\">\n\n<div class=\"wp-block-buttons is-content-justification-center is-layout-flex wp-block-buttons-is-layout-flex\">\n<div class=\"wp-block-button has-custom-width wp-block-button__width-50\"><a class=\"wp-block-button__link\" href=\"https:\/\/www.univ-lorraine.fr\/initiatives-etudiantes\/interviews-reportages\/\">Interview et Reportage<\/a><\/div>\n<\/div>\n\n<\/div><\/div>\n\n\n<p class=\"has-text-align-center\"><strong>La Fabrique Universitaire du Cin\u00e9ma<\/strong> propose de d\u00e9couvrir le 7e art sous toutes ses formes. A travers, des projections, des ateliers hebdomadaires ou des stages \u00e0 l\u2019accompagnement (\u00e9criture, jeu\u2026), \u00e0 la production de films (fiction, documentaire, reportage&#8230;). Elle f\u00e9d\u00e8re des actions  sur le territoire en participant \u00e0 des festivals et en accompagnant l\u2019implication des \u00e9tudiants de l\u2019Universit\u00e9 et leurs initiatives.<\/p>\n\n<\/div><\/div><\/div>\n<\/div>\n\n<div class=\"gb-container gb-container-89768872 asso-ul\"><div class=\"gb-inside-container\">\n\n<h2 class=\"gb-headline gb-headline-29ec4f20 gb-headline-text\">La cha\u00eene Twitch \u00ab\u00a0Vie \u00e9tudiante\u00a0\u00bb<\/h2>\n\n\n\n<iframe src=\"https:\/\/player.twitch.tv\/?channel=vie_etudiante_ul&amp;parent=www.univ-lorraine.fr&amp;autoplay=false\" allowfullscreen=\"true\" scrolling=\"no\" frameborder=\"0\">\n <\/iframe>\n\n<\/div><\/div>","protected":false},"excerpt":{"rendered":"<p>La cha\u00eene Twitch \u00ab\u00a0Vie \u00e9tudiante\u00a0\u00bb<\/p>\n","protected":false},"author":29,"featured_media":0,"parent":223,"menu_order":0,"comment_status":"closed","ping_status":"closed","template":"","meta":{"inline_featured_image":false,"footnotes":""},"class_list":["post-473","page","type-page","status-publish"],"yoast_head":"<!-- This site is optimized with the Yoast SEO plugin v27.4 - https:\/\/yoast.com\/product\/yoast-seo-wordpress\/ -->\n<title>Les Lives, interviews et reportages de l&#039;Universit\u00e9 de Lorraine %<\/title>\n<meta name=\"description\" content=\"D\u00e9couvre les vid\u00e9os, interviews et reportages r\u00e9alis\u00e9s par les \u00e9tudiants de l&#039;Universit\u00e9 de Lorraine avec l&#039;aide des MDE % %\" \/>\n<meta name=\"robots\" content=\"index, follow, max-snippet:-1, max-image-preview:large, max-video-preview:-1\" \/>\n<link rel=\"canonical\" href=\"https:\/\/www.univ-lorraine.fr\/initiatives-etudiantes\/maisons-de-letudiant\/nos-videos\/\" \/>\n<meta property=\"og:locale\" content=\"fr_FR\" \/>\n<meta property=\"og:type\" content=\"article\" \/>\n<meta property=\"og:title\" content=\"Les Lives, interviews et reportages de l&#039;Universit\u00e9 de Lorraine %\" \/>\n<meta property=\"og:description\" content=\"D\u00e9couvre les vid\u00e9os, interviews et reportages r\u00e9alis\u00e9s par les \u00e9tudiants de l&#039;Universit\u00e9 de Lorraine avec l&#039;aide des MDE % %\" \/>\n<meta property=\"og:url\" content=\"https:\/\/www.univ-lorraine.fr\/initiatives-etudiantes\/maisons-de-letudiant\/nos-videos\/\" \/>\n<meta property=\"og:site_name\" content=\"Initiatives Etudiantes\" \/>\n<meta property=\"article:modified_time\" content=\"2021-09-09T14:16:05+00:00\" \/>\n<meta property=\"og:image\" content=\"https:\/\/www.univ-lorraine.fr\/initiatives-etudiantes\/wp-content\/uploads\/sites\/11\/2021\/08\/A-la-face-cachee.png\" \/>\n<meta name=\"twitter:card\" content=\"summary_large_image\" \/>\n<meta name=\"twitter:label1\" content=\"Dur\u00e9e de lecture estim\u00e9e\" \/>\n\t<meta name=\"twitter:data1\" content=\"2 minutes\" \/>\n<script type=\"application\/ld+json\" class=\"yoast-schema-graph\">{\"@context\":\"https:\\\/\\\/schema.org\",\"@graph\":[{\"@type\":\"WebPage\",\"@id\":\"https:\\\/\\\/www.univ-lorraine.fr\\\/initiatives-etudiantes\\\/maisons-de-letudiant\\\/nos-videos\\\/\",\"url\":\"https:\\\/\\\/www.univ-lorraine.fr\\\/initiatives-etudiantes\\\/maisons-de-letudiant\\\/nos-videos\\\/\",\"name\":\"Les Lives, interviews et reportages de l'Universit\u00e9 de Lorraine %\",\"isPartOf\":{\"@id\":\"https:\\\/\\\/www.univ-lorraine.fr\\\/initiatives-etudiantes\\\/#website\"},\"primaryImageOfPage\":{\"@id\":\"https:\\\/\\\/www.univ-lorraine.fr\\\/initiatives-etudiantes\\\/maisons-de-letudiant\\\/nos-videos\\\/#primaryimage\"},\"image\":{\"@id\":\"https:\\\/\\\/www.univ-lorraine.fr\\\/initiatives-etudiantes\\\/maisons-de-letudiant\\\/nos-videos\\\/#primaryimage\"},\"thumbnailUrl\":\"https:\\\/\\\/www.univ-lorraine.fr\\\/initiatives-etudiantes\\\/wp-content\\\/uploads\\\/sites\\\/11\\\/2021\\\/08\\\/A-la-face-cachee.png\",\"datePublished\":\"2021-04-26T12:09:12+00:00\",\"dateModified\":\"2021-09-09T14:16:05+00:00\",\"description\":\"D\u00e9couvre les vid\u00e9os, interviews et reportages r\u00e9alis\u00e9s par les \u00e9tudiants de l'Universit\u00e9 de Lorraine avec l'aide des MDE % %\",\"breadcrumb\":{\"@id\":\"https:\\\/\\\/www.univ-lorraine.fr\\\/initiatives-etudiantes\\\/maisons-de-letudiant\\\/nos-videos\\\/#breadcrumb\"},\"inLanguage\":\"fr-FR\",\"potentialAction\":[{\"@type\":\"ReadAction\",\"target\":[\"https:\\\/\\\/www.univ-lorraine.fr\\\/initiatives-etudiantes\\\/maisons-de-letudiant\\\/nos-videos\\\/\"]}]},{\"@type\":\"ImageObject\",\"inLanguage\":\"fr-FR\",\"@id\":\"https:\\\/\\\/www.univ-lorraine.fr\\\/initiatives-etudiantes\\\/maisons-de-letudiant\\\/nos-videos\\\/#primaryimage\",\"url\":\"https:\\\/\\\/www.univ-lorraine.fr\\\/initiatives-etudiantes\\\/wp-content\\\/uploads\\\/sites\\\/11\\\/2021\\\/08\\\/A-la-face-cachee.png\",\"contentUrl\":\"https:\\\/\\\/www.univ-lorraine.fr\\\/initiatives-etudiantes\\\/wp-content\\\/uploads\\\/sites\\\/11\\\/2021\\\/08\\\/A-la-face-cachee.png\",\"width\":282,\"height\":256},{\"@type\":\"BreadcrumbList\",\"@id\":\"https:\\\/\\\/www.univ-lorraine.fr\\\/initiatives-etudiantes\\\/maisons-de-letudiant\\\/nos-videos\\\/#breadcrumb\",\"itemListElement\":[{\"@type\":\"ListItem\",\"position\":1,\"name\":\"Accueil\",\"item\":\"https:\\\/\\\/www.univ-lorraine.fr\\\/initiatives-etudiantes\\\/\"},{\"@type\":\"ListItem\",\"position\":2,\"name\":\"Maison de l&rsquo;\u00e9tudiant\",\"item\":\"https:\\\/\\\/www.univ-lorraine.fr\\\/initiatives-etudiantes\\\/maisons-de-letudiant\\\/\"},{\"@type\":\"ListItem\",\"position\":3,\"name\":\"Nos vid\u00e9os\"}]},{\"@type\":\"WebSite\",\"@id\":\"https:\\\/\\\/www.univ-lorraine.fr\\\/initiatives-etudiantes\\\/#website\",\"url\":\"https:\\\/\\\/www.univ-lorraine.fr\\\/initiatives-etudiantes\\\/\",\"name\":\"Initiatives Etudiantes\",\"description\":\"\",\"publisher\":{\"@id\":\"https:\\\/\\\/www.univ-lorraine.fr\\\/initiatives-etudiantes\\\/#organization\"},\"potentialAction\":[{\"@type\":\"SearchAction\",\"target\":{\"@type\":\"EntryPoint\",\"urlTemplate\":\"https:\\\/\\\/www.univ-lorraine.fr\\\/initiatives-etudiantes\\\/?s={search_term_string}\"},\"query-input\":{\"@type\":\"PropertyValueSpecification\",\"valueRequired\":true,\"valueName\":\"search_term_string\"}}],\"inLanguage\":\"fr-FR\"},{\"@type\":\"Organization\",\"@id\":\"https:\\\/\\\/www.univ-lorraine.fr\\\/initiatives-etudiantes\\\/#organization\",\"name\":\"Initiatives Etudiantes\",\"url\":\"https:\\\/\\\/www.univ-lorraine.fr\\\/initiatives-etudiantes\\\/\",\"logo\":{\"@type\":\"ImageObject\",\"inLanguage\":\"fr-FR\",\"@id\":\"https:\\\/\\\/www.univ-lorraine.fr\\\/initiatives-etudiantes\\\/#\\\/schema\\\/logo\\\/image\\\/\",\"url\":\"https:\\\/\\\/www.univ-lorraine.fr\\\/initiatives-etudiantes\\\/wp-content\\\/uploads\\\/sites\\\/11\\\/2021\\\/07\\\/Vie-campus-signature.svg\",\"contentUrl\":\"https:\\\/\\\/www.univ-lorraine.fr\\\/initiatives-etudiantes\\\/wp-content\\\/uploads\\\/sites\\\/11\\\/2021\\\/07\\\/Vie-campus-signature.svg\",\"caption\":\"Initiatives Etudiantes\"},\"image\":{\"@id\":\"https:\\\/\\\/www.univ-lorraine.fr\\\/initiatives-etudiantes\\\/#\\\/schema\\\/logo\\\/image\\\/\"}}]}<\/script>\n<!-- \/ Yoast SEO plugin. -->","yoast_head_json":{"title":"Les Lives, interviews et reportages de l'Universit\u00e9 de Lorraine %","description":"D\u00e9couvre les vid\u00e9os, interviews et reportages r\u00e9alis\u00e9s par les \u00e9tudiants de l'Universit\u00e9 de Lorraine avec l'aide des MDE % %","robots":{"index":"index","follow":"follow","max-snippet":"max-snippet:-1","max-image-preview":"max-image-preview:large","max-video-preview":"max-video-preview:-1"},"canonical":"https:\/\/www.univ-lorraine.fr\/initiatives-etudiantes\/maisons-de-letudiant\/nos-videos\/","og_locale":"fr_FR","og_type":"article","og_title":"Les Lives, interviews et reportages de l'Universit\u00e9 de Lorraine %","og_description":"D\u00e9couvre les vid\u00e9os, interviews et reportages r\u00e9alis\u00e9s par les \u00e9tudiants de l'Universit\u00e9 de Lorraine avec l'aide des MDE % %","og_url":"https:\/\/www.univ-lorraine.fr\/initiatives-etudiantes\/maisons-de-letudiant\/nos-videos\/","og_site_name":"Initiatives Etudiantes","article_modified_time":"2021-09-09T14:16:05+00:00","og_image":[{"url":"https:\/\/www.univ-lorraine.fr\/initiatives-etudiantes\/wp-content\/uploads\/sites\/11\/2021\/08\/A-la-face-cachee.png","type":"","width":"","height":""}],"twitter_card":"summary_large_image","twitter_misc":{"Dur\u00e9e de lecture estim\u00e9e":"2 minutes"},"schema":{"@context":"https:\/\/schema.org","@graph":[{"@type":"WebPage","@id":"https:\/\/www.univ-lorraine.fr\/initiatives-etudiantes\/maisons-de-letudiant\/nos-videos\/","url":"https:\/\/www.univ-lorraine.fr\/initiatives-etudiantes\/maisons-de-letudiant\/nos-videos\/","name":"Les Lives, interviews et reportages de l'Universit\u00e9 de Lorraine %","isPartOf":{"@id":"https:\/\/www.univ-lorraine.fr\/initiatives-etudiantes\/#website"},"primaryImageOfPage":{"@id":"https:\/\/www.univ-lorraine.fr\/initiatives-etudiantes\/maisons-de-letudiant\/nos-videos\/#primaryimage"},"image":{"@id":"https:\/\/www.univ-lorraine.fr\/initiatives-etudiantes\/maisons-de-letudiant\/nos-videos\/#primaryimage"},"thumbnailUrl":"https:\/\/www.univ-lorraine.fr\/initiatives-etudiantes\/wp-content\/uploads\/sites\/11\/2021\/08\/A-la-face-cachee.png","datePublished":"2021-04-26T12:09:12+00:00","dateModified":"2021-09-09T14:16:05+00:00","description":"D\u00e9couvre les vid\u00e9os, interviews et reportages r\u00e9alis\u00e9s par les \u00e9tudiants de l'Universit\u00e9 de Lorraine avec l'aide des MDE % %","breadcrumb":{"@id":"https:\/\/www.univ-lorraine.fr\/initiatives-etudiantes\/maisons-de-letudiant\/nos-videos\/#breadcrumb"},"inLanguage":"fr-FR","potentialAction":[{"@type":"ReadAction","target":["https:\/\/www.univ-lorraine.fr\/initiatives-etudiantes\/maisons-de-letudiant\/nos-videos\/"]}]},{"@type":"ImageObject","inLanguage":"fr-FR","@id":"https:\/\/www.univ-lorraine.fr\/initiatives-etudiantes\/maisons-de-letudiant\/nos-videos\/#primaryimage","url":"https:\/\/www.univ-lorraine.fr\/initiatives-etudiantes\/wp-content\/uploads\/sites\/11\/2021\/08\/A-la-face-cachee.png","contentUrl":"https:\/\/www.univ-lorraine.fr\/initiatives-etudiantes\/wp-content\/uploads\/sites\/11\/2021\/08\/A-la-face-cachee.png","width":282,"height":256},{"@type":"BreadcrumbList","@id":"https:\/\/www.univ-lorraine.fr\/initiatives-etudiantes\/maisons-de-letudiant\/nos-videos\/#breadcrumb","itemListElement":[{"@type":"ListItem","position":1,"name":"Accueil","item":"https:\/\/www.univ-lorraine.fr\/initiatives-etudiantes\/"},{"@type":"ListItem","position":2,"name":"Maison de l&rsquo;\u00e9tudiant","item":"https:\/\/www.univ-lorraine.fr\/initiatives-etudiantes\/maisons-de-letudiant\/"},{"@type":"ListItem","position":3,"name":"Nos vid\u00e9os"}]},{"@type":"WebSite","@id":"https:\/\/www.univ-lorraine.fr\/initiatives-etudiantes\/#website","url":"https:\/\/www.univ-lorraine.fr\/initiatives-etudiantes\/","name":"Initiatives Etudiantes","description":"","publisher":{"@id":"https:\/\/www.univ-lorraine.fr\/initiatives-etudiantes\/#organization"},"potentialAction":[{"@type":"SearchAction","target":{"@type":"EntryPoint","urlTemplate":"https:\/\/www.univ-lorraine.fr\/initiatives-etudiantes\/?s={search_term_string}"},"query-input":{"@type":"PropertyValueSpecification","valueRequired":true,"valueName":"search_term_string"}}],"inLanguage":"fr-FR"},{"@type":"Organization","@id":"https:\/\/www.univ-lorraine.fr\/initiatives-etudiantes\/#organization","name":"Initiatives Etudiantes","url":"https:\/\/www.univ-lorraine.fr\/initiatives-etudiantes\/","logo":{"@type":"ImageObject","inLanguage":"fr-FR","@id":"https:\/\/www.univ-lorraine.fr\/initiatives-etudiantes\/#\/schema\/logo\/image\/","url":"https:\/\/www.univ-lorraine.fr\/initiatives-etudiantes\/wp-content\/uploads\/sites\/11\/2021\/07\/Vie-campus-signature.svg","contentUrl":"https:\/\/www.univ-lorraine.fr\/initiatives-etudiantes\/wp-content\/uploads\/sites\/11\/2021\/07\/Vie-campus-signature.svg","caption":"Initiatives Etudiantes"},"image":{"@id":"https:\/\/www.univ-lorraine.fr\/initiatives-etudiantes\/#\/schema\/logo\/image\/"}}]}},"_links":{"self":[{"href":"https:\/\/www.univ-lorraine.fr\/initiatives-etudiantes\/wp-json\/wp\/v2\/pages\/473","targetHints":{"allow":["GET"]}}],"collection":[{"href":"https:\/\/www.univ-lorraine.fr\/initiatives-etudiantes\/wp-json\/wp\/v2\/pages"}],"about":[{"href":"https:\/\/www.univ-lorraine.fr\/initiatives-etudiantes\/wp-json\/wp\/v2\/types\/page"}],"author":[{"embeddable":true,"href":"https:\/\/www.univ-lorraine.fr\/initiatives-etudiantes\/wp-json\/wp\/v2\/users\/29"}],"replies":[{"embeddable":true,"href":"https:\/\/www.univ-lorraine.fr\/initiatives-etudiantes\/wp-json\/wp\/v2\/comments?post=473"}],"version-history":[{"count":35,"href":"https:\/\/www.univ-lorraine.fr\/initiatives-etudiantes\/wp-json\/wp\/v2\/pages\/473\/revisions"}],"predecessor-version":[{"id":1426,"href":"https:\/\/www.univ-lorraine.fr\/initiatives-etudiantes\/wp-json\/wp\/v2\/pages\/473\/revisions\/1426"}],"up":[{"embeddable":true,"href":"https:\/\/www.univ-lorraine.fr\/initiatives-etudiantes\/wp-json\/wp\/v2\/pages\/223"}],"wp:attachment":[{"href":"https:\/\/www.univ-lorraine.fr\/initiatives-etudiantes\/wp-json\/wp\/v2\/media?parent=473"}],"curies":[{"name":"wp","href":"https:\/\/api.w.org\/{rel}","templated":true}]}}