{"id":1366,"date":"2025-09-26T16:47:09","date_gmt":"2025-09-26T14:47:09","guid":{"rendered":"https:\/\/www.univ-lorraine.fr\/isite-lorraine\/?page_id=1366"},"modified":"2025-09-29T08:06:04","modified_gmt":"2025-09-29T06:06:04","slug":"sirius","status":"publish","type":"page","link":"https:\/\/www.univ-lorraine.fr\/isite-lorraine\/initiative-dexcellence-lorraine\/sirius\/","title":{"rendered":"SIRIUS"},"content":{"rendered":"<div class=\"gb-grid-wrapper gb-grid-wrapper-762b326b\">\n<div class=\"gb-grid-column gb-grid-column-b4837255\"><div class=\"gb-container gb-container-b4837255\">\n\n<h2 class=\"wp-block-heading\"><strong>Strat\u00e9gie d\u2019Innovation pour le Renforcement des Interactions entre Universit\u00e9 et Soci\u00e9t\u00e9<\/strong><\/h2>\n\n<\/div><\/div>\n\n<div class=\"gb-grid-column gb-grid-column-946b5943\"><div class=\"gb-container gb-container-946b5943\"><div class=\"gb-inside-container\">\n\n<figure class=\"wp-block-image size-large\"><img decoding=\"async\" src=\"https:\/\/www.univ-lorraine.fr\/lue\/wp-content\/uploads\/sites\/34\/2022\/03\/helices-sirius-1024x638.png\" alt=\"\" class=\"wp-image-869\"\/><\/figure>\n\n<\/div><\/div><\/div>\n\n<div class=\"gb-grid-column gb-grid-column-69d4b952\"><div class=\"gb-container gb-container-69d4b952\"><div class=\"gb-inside-container\">\n\n<p>Laur\u00e9at d\u2019un financement \u00ab Programme Investissement d\u2019Avenir \u00bb, le projet SIRIUS (\u00ab Strat\u00e9gie d\u2019Innovation pour le Renforcement des Interactions entre Universit\u00e9 et Soci\u00e9t\u00e9 \u00bb) rassemble les partenaires de Lorraine Universit\u00e9 d\u2019Excellence (Universit\u00e9 de Lorraine, CNRS, Inria, Inserm, INRAE, CHRU, AgroParisTech, Georgia Tech-Europe).<br>Avec une dotation de 13,9 M\u20ac sur 8 ans, il a pour ambition le d\u00e9veloppement d\u2019une strat\u00e9gie globale d\u2019innovation des partenaires du site lorrain, avec pour objectif l\u2019am\u00e9lioration significative de leur impact social et \u00e9conomique.<br>Le projet est compos\u00e9 de 4 volets d\u2019actions compl\u00e9mentaires, qui agissent de mani\u00e8re syst\u00e9mique par une dynamique entra\u00eenant les parties prenantes de l\u2019innovation : monde acad\u00e9mique, monde \u00e9conomique, collectivit\u00e9s et citoyens.<\/p>\n\n<\/div><\/div><\/div>\n\n<div class=\"gb-grid-column gb-grid-column-559bd5e6\"><div class=\"gb-container gb-container-559bd5e6\">\n\n<ul class=\"wp-block-list\">\n<li>Responsable scientifique et technique : H\u00e9l\u00e8ne Boulanger, Pr\u00e9sidente de l&rsquo;Universit\u00e9 de Lorraine<\/li>\n\n\n\n<li>Chef de projet op\u00e9rationnel : Ugo Dainche-Cecconello<\/li>\n<\/ul>\n\n<\/div><\/div>\n<\/div>\n\n<div class=\"gb-container gb-container-6e7947ad\">\n<div class=\"gb-container gb-container-7dac2ac5\">\n\n<h2 class=\"gb-headline gb-headline-d6d570fa gb-headline-text\">Deep Change Lab : \u00eatre plus efficace \u00e0 votre service<\/h2>\n\n\n\n<p>Le volet \u00ab Deep Change Lab \u00bb a pour objectif de fluidifier les processus et proc\u00e9dures inter et intra \u00e9tablissement(s). Pour ce faire, le volet veut mettre en place une culture de l\u2019innovation au sein m\u00eame des services op\u00e9rationnels des partenaires de SIRIUS via la cr\u00e9ation d\u2019un laboratoire d\u2019innovation publique qui a pour objectif principal de fluidifier et faciliter les relations avec nos partenaires, dans une logique d\u2019am\u00e9lioration du service rendu par l\u2019universit\u00e9 \u00e0 la soci\u00e9t\u00e9. Ce laboratoire d\u2019innovation publique pourra intervenir sur des th\u00e9matiques plus larges et accompagner les personnels d\u00e9sireux d\u2019am\u00e9liorer et\/ou d\u2019optimiser un processus. Le projet va aussi permettre la mise en place d\u2019un r\u00e9seau d\u2019ambassadeurs et d\u2019une chaire portant de nouvelles m\u00e9thodes pour concevoir nos services.<\/p>\n\n\n\n<p><strong>Responsables <\/strong>:<\/p>\n\n\n\n<ul class=\"wp-block-list\">\n<li>Mathilde BARTHE, charg\u00e9e de mission &#8211; Direction g\u00e9n\u00e9rale des Services et<\/li>\n\n\n\n<li>Rachida RAJOUH, charg\u00e9e d&rsquo;\u00e9tudes qualit\u00e9 &#8211; gouvernance \u00e0 la Direction de l\u2019Aide au Pilotage Et \u00e0 la Qualit\u00e9 (DAPEQ).<\/li>\n<\/ul>\n\n<\/div>\n\n<div class=\"gb-container gb-container-e2263b30\">\n\n<h2 class=\"gb-headline gb-headline-b3703403 gb-headline-text\">4 SH : cr\u00e9er, prototyper, tester<\/h2>\n\n\n\n<p>Le volet \u00ab 4 Stakeholders \u00bb (4SH) vise \u00e0 rendre accessible les innovations des partenaires du site lorrain aux citoyens, aux collectivit\u00e9s territoriales et aux entreprises. Ce volet a plusieurs objectifs :<br>\u2022 favoriser la rencontre entre chercheurs, \u00e9tudiants, entreprises, associations, collectivit\u00e9s et citoyens dans des lieux ouverts.<br>\u2022 f\u00e9d\u00e9rer et labelliser ces structures d\u2019openlab, afin d\u2019augmenter leurs horaires d\u2019ouverture, de les \u00e9quiper en mat\u00e9riel innovant et d\u2019am\u00e9liorer leur visibilit\u00e9, en lien avec le volet communication du projet.<br>\u2022 d\u00e9velopper des groupes d\u2019expertises permettant d\u2019accompagner les pouvoirs publics dans l\u2019\u00e9laboration de leurs politiques publiques.<\/p>\n\n\n\n<p>Mise en place au d\u00e9but de l\u2019ann\u00e9e 2023, la&nbsp;<strong>F\u00e9d\u00e9ration<\/strong>&nbsp;<strong>des Espaces d\u2019Innovation<\/strong> est constitu\u00e9e de 10 openlabs issus de tous les membres du site Lorrain&nbsp;:<\/p>\n\n\n\n<ul class=\"wp-block-list\">\n<li><strong><em><a href=\"https:\/\/iut-charlemagne.univ-lorraine.fr\/presentation\/services-communs\/\">Charly Lab<\/a><\/em><\/strong><\/li>\n\n\n\n<li><strong><em><a href=\"https:\/\/creativlab.loria.fr\/\">Cr\u00e9ativ&rsquo;Lab<\/a><\/em><\/strong><\/li>\n\n\n\n<li><strong><em><a href=\"https:\/\/www.expressivegame.com\/\">Expressive GameLab<\/a><\/em><\/strong><\/li>\n\n\n\n<li><strong><em><a href=\"https:\/\/www.agroparistech.fr\/innovation\/innlabs\/forestinnlab\">Forest\u2019Inn Lab<\/a><\/em><\/strong><\/li>\n\n\n\n<li><strong><em><a href=\"https:\/\/europe.gatech.edu\/en\/research-and-innovation\">Georgia Tech Lab<\/a><\/em><\/strong><\/li>\n\n\n\n<li><strong><em>Lab-Cit\u00e9<\/em><\/strong><\/li>\n\n\n\n<li><strong><em><a href=\"https:\/\/telecomnancy.univ-lorraine.fr\/introduction-recherche\/living-lab-prometee\/\">Living Lab PROMETEE<\/a><\/em><\/strong><\/li>\n\n\n\n<li><strong><em><a href=\"https:\/\/lf2l.fr\/fr\/\">Lorraine Fab Living Lab (LF2L)<\/a><\/em><\/strong><\/li>\n\n\n\n<li><strong><em><a href=\"https:\/\/peel.univ-lorraine.fr\/peelab-en-images\/\">PeeLaB<\/a><\/em><\/strong><\/li>\n\n\n\n<li><strong><em><a href=\"https:\/\/www.touschercheurs.fr\/\">Tous Chercheurs<\/a><\/em><\/strong><\/li>\n<\/ul>\n\n\n\n<p><strong>Responsable <\/strong>: <\/p>\n\n\n\n<ul class=\"wp-block-list\">\n<li><a href=\"&#109;&#x61;i&#108;&#x74;o&#58;&#x64;i&#x64;&#x69;&#101;&#x72;&#46;&#104;&#x75;m&#98;&#x65;r&#x74;&#x40;&#117;&#x6e;&#x69;&#118;&#x2d;l&#111;&#x72;r&#97;&#x69;n&#x65;&#x2e;&#102;&#x72;\">Didier HUMBERT<\/a>, Responsable P\u00f4le Promotion Marketing et volet 4SH de la Direction des Partenariats de l&rsquo;Universit\u00e9 de Lorraine<\/li>\n<\/ul>\n\n<\/div>\n\n<div class=\"gb-container gb-container-562ff2f8\">\n\n<h2 class=\"wp-block-heading\">360\u00b0 Booster : nouer des liens, cr\u00e9er des r\u00e9seaux, partager<\/h2>\n\n\n\n<p>Le volet 360\u00b0 Booster a pour objectif de renforcer l\u2019impact de LUE sur le tissus \u00e9conomique Lorrain. Ce volet est compos\u00e9 de deux axes compl\u00e9mentaires :<\/p>\n\n\n\n<ul class=\"wp-block-list\">\n<li>D\u2019une part cr\u00e9er 8 Communaut\u00e9s Th\u00e9matiques (CT) autour de sujets regroupant les laboratoires de recherche du site Lorrain, des entreprises, des associations et collectivit\u00e9s territoriales. 4 CT existaient avant le d\u00e9marrage de SIRIUS.<\/li>\n\n\n\n<li>D\u2019autre part cr\u00e9er des groupes de chercheurs\/doctorants, qui vont apporter leurs expertises aux partenaires demandeurs.<\/li>\n<\/ul>\n\n\n\n<p><strong>Responsables <\/strong>:<\/p>\n\n\n\n<ul class=\"wp-block-list\">\n<li><a href=\"https:\/\/factuel.univ-lorraine.fr\/node\/20787\">J\u00e9r\u00f4me STERPENICH<\/a>, Vice-pr\u00e9sident en charge des partenariats socio-\u00e9conomiques et du d\u00e9veloppement territorial et <\/li>\n\n\n\n<li><a href=\"https:\/\/factuel.univ-lorraine.fr\/node\/22004\">J\u00e9r\u00f4me EMONOT<\/a>, Directeur des partenariats de l\u2019Universit\u00e9 de Lorraine.<\/li>\n<\/ul>\n\n<\/div>\n\n<div class=\"gb-container gb-container-05808651\">\n\n<h2 class=\"wp-block-heading\">Communication strat\u00e9gique : faire rayonner la recherche Lorraine<\/h2>\n\n\n\n<p>L\u2019objectif du volet communication est de mieux faire conna\u00eetre, en France et ailleurs dans le monde, les acteurs du site acad\u00e9mique lorrain et leurs forces en recherche, en formation et en innovation. Le volet communication est organis\u00e9 en 3 phases successives :<\/p>\n\n\n\n<p>Faire conna\u00eetre les r\u00e9ussites de Lorraine Universit\u00e9 d\u2019Excellence \u00e0 travers les m\u00e9dias au niveau international, national et r\u00e9gional, et f\u00e9d\u00e9rer les partenaires du site lorrain en d\u00e9veloppant une v\u00e9ritable identit\u00e9 de marque<\/p>\n\n\n\n<p>D\u00e9velopper la notori\u00e9t\u00e9 du site lorrain de recherche \u00e0 travers cette marque pour \u00eatre plus lisibles et efficaces au niveau des territoires<\/p>\n\n\n\n<p>Faire adh\u00e9rer \u00e0 la marque du site lorrain de recherche en interne afin de d\u00e9velopper un sentiment d\u2019appartenance et d\u2019am\u00e9liorer l\u2019efficacit\u00e9 des services aupr\u00e8s des utilisateurs<\/p>\n\n\n\n<p><strong>Responsables <\/strong>:<\/p>\n\n\n\n<ul class=\"wp-block-list\">\n<li>David DINE, directeur de la communication de l\u2019Universit\u00e9 de Lorraine et <\/li>\n\n\n\n<li>Aude ANGSTER, cheffe de projets communication<\/li>\n<\/ul>\n\n\n\n<p>Plus d\u2019infos :<a href=\"&#109;&#x61;&#105;&#x6c;&#116;&#x6f;:&#x75;g&#x6f;&#46;&#100;&#x61;&#105;&#x6e;&#99;&#x68;&#101;&#x40;u&#x6e;i&#x76;-&#108;&#x6f;&#114;&#x72;&#97;&#x69;&#110;&#x65;&#46;&#x66;r\"> ugo&#46;&#100;&#97;&#105;&#110;&#99;&#104;&#101;&#x40;&#x75;&#x6e;&#x69;&#x76;&#x2d;&#x6c;&#x6f;&#x72;rain&#101;&#46;&#102;&#114;<\/a><\/p>\n\n<\/div>\n<\/div>","protected":false},"excerpt":{"rendered":"<p>Deep Change Lab : \u00eatre plus efficace \u00e0 votre service Le volet \u00ab Deep Change Lab \u00bb a pour objectif de fluidifier les processus et proc\u00e9dures inter et intra \u00e9tablissement(s). Pour ce faire, le volet veut mettre en place une culture de l\u2019innovation au sein m\u00eame des services op\u00e9rationnels des partenaires de SIRIUS via la &#8230; <a title=\"SIRIUS\" class=\"read-more\" href=\"https:\/\/www.univ-lorraine.fr\/isite-lorraine\/initiative-dexcellence-lorraine\/sirius\/\" aria-label=\"En savoir plus sur SIRIUS\">Lire plus<\/a><\/p>\n","protected":false},"author":7,"featured_media":0,"parent":435,"menu_order":0,"comment_status":"closed","ping_status":"closed","template":"","meta":{"inline_featured_image":false,"footnotes":""},"class_list":["post-1366","page","type-page","status-publish"],"yoast_head":"<!-- This site is optimized with the Yoast SEO plugin v27.4 - https:\/\/yoast.com\/product\/yoast-seo-wordpress\/ -->\n<title>SIRIUS - Isite Lorraine<\/title>\n<meta name=\"robots\" content=\"index, follow, max-snippet:-1, max-image-preview:large, max-video-preview:-1\" \/>\n<link rel=\"canonical\" href=\"https:\/\/www.univ-lorraine.fr\/isite-lorraine\/initiative-dexcellence-lorraine\/sirius\/\" \/>\n<meta property=\"og:locale\" content=\"fr_FR\" \/>\n<meta property=\"og:type\" content=\"article\" \/>\n<meta property=\"og:title\" content=\"SIRIUS - Isite Lorraine\" \/>\n<meta property=\"og:description\" content=\"Deep Change Lab : \u00eatre plus efficace \u00e0 votre service Le volet \u00ab Deep Change Lab \u00bb a pour objectif de fluidifier les processus et proc\u00e9dures inter et intra \u00e9tablissement(s). Pour ce faire, le volet veut mettre en place une culture de l\u2019innovation au sein m\u00eame des services op\u00e9rationnels des partenaires de SIRIUS via la ... Lire plus\" \/>\n<meta property=\"og:url\" content=\"https:\/\/www.univ-lorraine.fr\/isite-lorraine\/initiative-dexcellence-lorraine\/sirius\/\" \/>\n<meta property=\"og:site_name\" content=\"Isite Lorraine\" \/>\n<meta property=\"article:modified_time\" content=\"2025-09-29T06:06:04+00:00\" \/>\n<meta name=\"twitter:card\" content=\"summary_large_image\" \/>\n<meta name=\"twitter:label1\" content=\"Dur\u00e9e de lecture estim\u00e9e\" \/>\n\t<meta name=\"twitter:data1\" content=\"4 minutes\" \/>\n<script type=\"application\/ld+json\" class=\"yoast-schema-graph\">{\"@context\":\"https:\\\/\\\/schema.org\",\"@graph\":[{\"@type\":\"WebPage\",\"@id\":\"https:\\\/\\\/www.univ-lorraine.fr\\\/isite-lorraine\\\/initiative-dexcellence-lorraine\\\/sirius\\\/\",\"url\":\"https:\\\/\\\/www.univ-lorraine.fr\\\/isite-lorraine\\\/initiative-dexcellence-lorraine\\\/sirius\\\/\",\"name\":\"SIRIUS - Isite Lorraine\",\"isPartOf\":{\"@id\":\"https:\\\/\\\/www.univ-lorraine.fr\\\/isite-lorraine\\\/#website\"},\"primaryImageOfPage\":{\"@id\":\"https:\\\/\\\/www.univ-lorraine.fr\\\/isite-lorraine\\\/initiative-dexcellence-lorraine\\\/sirius\\\/#primaryimage\"},\"image\":{\"@id\":\"https:\\\/\\\/www.univ-lorraine.fr\\\/isite-lorraine\\\/initiative-dexcellence-lorraine\\\/sirius\\\/#primaryimage\"},\"thumbnailUrl\":\"https:\\\/\\\/www.univ-lorraine.fr\\\/lue\\\/wp-content\\\/uploads\\\/sites\\\/34\\\/2022\\\/03\\\/helices-sirius-1024x638.png\",\"datePublished\":\"2025-09-26T14:47:09+00:00\",\"dateModified\":\"2025-09-29T06:06:04+00:00\",\"breadcrumb\":{\"@id\":\"https:\\\/\\\/www.univ-lorraine.fr\\\/isite-lorraine\\\/initiative-dexcellence-lorraine\\\/sirius\\\/#breadcrumb\"},\"inLanguage\":\"fr-FR\",\"potentialAction\":[{\"@type\":\"ReadAction\",\"target\":[\"https:\\\/\\\/www.univ-lorraine.fr\\\/isite-lorraine\\\/initiative-dexcellence-lorraine\\\/sirius\\\/\"]}]},{\"@type\":\"ImageObject\",\"inLanguage\":\"fr-FR\",\"@id\":\"https:\\\/\\\/www.univ-lorraine.fr\\\/isite-lorraine\\\/initiative-dexcellence-lorraine\\\/sirius\\\/#primaryimage\",\"url\":\"https:\\\/\\\/www.univ-lorraine.fr\\\/lue\\\/wp-content\\\/uploads\\\/sites\\\/34\\\/2022\\\/03\\\/helices-sirius-1024x638.png\",\"contentUrl\":\"https:\\\/\\\/www.univ-lorraine.fr\\\/lue\\\/wp-content\\\/uploads\\\/sites\\\/34\\\/2022\\\/03\\\/helices-sirius-1024x638.png\"},{\"@type\":\"BreadcrumbList\",\"@id\":\"https:\\\/\\\/www.univ-lorraine.fr\\\/isite-lorraine\\\/initiative-dexcellence-lorraine\\\/sirius\\\/#breadcrumb\",\"itemListElement\":[{\"@type\":\"ListItem\",\"position\":1,\"name\":\"Accueil\",\"item\":\"https:\\\/\\\/www.univ-lorraine.fr\\\/isite-lorraine\\\/\"},{\"@type\":\"ListItem\",\"position\":2,\"name\":\"Initiative d&rsquo;Excellence Lorraine\",\"item\":\"https:\\\/\\\/www.univ-lorraine.fr\\\/isite-lorraine\\\/initiative-dexcellence-lorraine\\\/\"},{\"@type\":\"ListItem\",\"position\":3,\"name\":\"SIRIUS\"}]},{\"@type\":\"WebSite\",\"@id\":\"https:\\\/\\\/www.univ-lorraine.fr\\\/isite-lorraine\\\/#website\",\"url\":\"https:\\\/\\\/www.univ-lorraine.fr\\\/isite-lorraine\\\/\",\"name\":\"Isite Lorraine\",\"description\":\"Faire dialoguer les savoirs, c\u2019est innover\",\"publisher\":{\"@id\":\"https:\\\/\\\/www.univ-lorraine.fr\\\/isite-lorraine\\\/#organization\"},\"potentialAction\":[{\"@type\":\"SearchAction\",\"target\":{\"@type\":\"EntryPoint\",\"urlTemplate\":\"https:\\\/\\\/www.univ-lorraine.fr\\\/isite-lorraine\\\/?s={search_term_string}\"},\"query-input\":{\"@type\":\"PropertyValueSpecification\",\"valueRequired\":true,\"valueName\":\"search_term_string\"}}],\"inLanguage\":\"fr-FR\"},{\"@type\":\"Organization\",\"@id\":\"https:\\\/\\\/www.univ-lorraine.fr\\\/isite-lorraine\\\/#organization\",\"name\":\"Universit\u00e9 de Lorraine\",\"url\":\"https:\\\/\\\/www.univ-lorraine.fr\\\/isite-lorraine\\\/\",\"logo\":{\"@type\":\"ImageObject\",\"inLanguage\":\"fr-FR\",\"@id\":\"https:\\\/\\\/www.univ-lorraine.fr\\\/isite-lorraine\\\/#\\\/schema\\\/logo\\\/image\\\/\",\"url\":\"https:\\\/\\\/www.univ-lorraine.fr\\\/isite-lorraine\\\/wp-content\\\/uploads\\\/sites\\\/55\\\/2021\\\/01\\\/LOGO_UL.png\",\"contentUrl\":\"https:\\\/\\\/www.univ-lorraine.fr\\\/isite-lorraine\\\/wp-content\\\/uploads\\\/sites\\\/55\\\/2021\\\/01\\\/LOGO_UL.png\",\"width\":138,\"height\":48,\"caption\":\"Universit\u00e9 de Lorraine\"},\"image\":{\"@id\":\"https:\\\/\\\/www.univ-lorraine.fr\\\/isite-lorraine\\\/#\\\/schema\\\/logo\\\/image\\\/\"}}]}<\/script>\n<!-- \/ Yoast SEO plugin. -->","yoast_head_json":{"title":"SIRIUS - Isite Lorraine","robots":{"index":"index","follow":"follow","max-snippet":"max-snippet:-1","max-image-preview":"max-image-preview:large","max-video-preview":"max-video-preview:-1"},"canonical":"https:\/\/www.univ-lorraine.fr\/isite-lorraine\/initiative-dexcellence-lorraine\/sirius\/","og_locale":"fr_FR","og_type":"article","og_title":"SIRIUS - Isite Lorraine","og_description":"Deep Change Lab : \u00eatre plus efficace \u00e0 votre service Le volet \u00ab Deep Change Lab \u00bb a pour objectif de fluidifier les processus et proc\u00e9dures inter et intra \u00e9tablissement(s). Pour ce faire, le volet veut mettre en place une culture de l\u2019innovation au sein m\u00eame des services op\u00e9rationnels des partenaires de SIRIUS via la ... Lire plus","og_url":"https:\/\/www.univ-lorraine.fr\/isite-lorraine\/initiative-dexcellence-lorraine\/sirius\/","og_site_name":"Isite Lorraine","article_modified_time":"2025-09-29T06:06:04+00:00","twitter_card":"summary_large_image","twitter_misc":{"Dur\u00e9e de lecture estim\u00e9e":"4 minutes"},"schema":{"@context":"https:\/\/schema.org","@graph":[{"@type":"WebPage","@id":"https:\/\/www.univ-lorraine.fr\/isite-lorraine\/initiative-dexcellence-lorraine\/sirius\/","url":"https:\/\/www.univ-lorraine.fr\/isite-lorraine\/initiative-dexcellence-lorraine\/sirius\/","name":"SIRIUS - Isite Lorraine","isPartOf":{"@id":"https:\/\/www.univ-lorraine.fr\/isite-lorraine\/#website"},"primaryImageOfPage":{"@id":"https:\/\/www.univ-lorraine.fr\/isite-lorraine\/initiative-dexcellence-lorraine\/sirius\/#primaryimage"},"image":{"@id":"https:\/\/www.univ-lorraine.fr\/isite-lorraine\/initiative-dexcellence-lorraine\/sirius\/#primaryimage"},"thumbnailUrl":"https:\/\/www.univ-lorraine.fr\/lue\/wp-content\/uploads\/sites\/34\/2022\/03\/helices-sirius-1024x638.png","datePublished":"2025-09-26T14:47:09+00:00","dateModified":"2025-09-29T06:06:04+00:00","breadcrumb":{"@id":"https:\/\/www.univ-lorraine.fr\/isite-lorraine\/initiative-dexcellence-lorraine\/sirius\/#breadcrumb"},"inLanguage":"fr-FR","potentialAction":[{"@type":"ReadAction","target":["https:\/\/www.univ-lorraine.fr\/isite-lorraine\/initiative-dexcellence-lorraine\/sirius\/"]}]},{"@type":"ImageObject","inLanguage":"fr-FR","@id":"https:\/\/www.univ-lorraine.fr\/isite-lorraine\/initiative-dexcellence-lorraine\/sirius\/#primaryimage","url":"https:\/\/www.univ-lorraine.fr\/lue\/wp-content\/uploads\/sites\/34\/2022\/03\/helices-sirius-1024x638.png","contentUrl":"https:\/\/www.univ-lorraine.fr\/lue\/wp-content\/uploads\/sites\/34\/2022\/03\/helices-sirius-1024x638.png"},{"@type":"BreadcrumbList","@id":"https:\/\/www.univ-lorraine.fr\/isite-lorraine\/initiative-dexcellence-lorraine\/sirius\/#breadcrumb","itemListElement":[{"@type":"ListItem","position":1,"name":"Accueil","item":"https:\/\/www.univ-lorraine.fr\/isite-lorraine\/"},{"@type":"ListItem","position":2,"name":"Initiative d&rsquo;Excellence Lorraine","item":"https:\/\/www.univ-lorraine.fr\/isite-lorraine\/initiative-dexcellence-lorraine\/"},{"@type":"ListItem","position":3,"name":"SIRIUS"}]},{"@type":"WebSite","@id":"https:\/\/www.univ-lorraine.fr\/isite-lorraine\/#website","url":"https:\/\/www.univ-lorraine.fr\/isite-lorraine\/","name":"Isite Lorraine","description":"Faire dialoguer les savoirs, c\u2019est innover","publisher":{"@id":"https:\/\/www.univ-lorraine.fr\/isite-lorraine\/#organization"},"potentialAction":[{"@type":"SearchAction","target":{"@type":"EntryPoint","urlTemplate":"https:\/\/www.univ-lorraine.fr\/isite-lorraine\/?s={search_term_string}"},"query-input":{"@type":"PropertyValueSpecification","valueRequired":true,"valueName":"search_term_string"}}],"inLanguage":"fr-FR"},{"@type":"Organization","@id":"https:\/\/www.univ-lorraine.fr\/isite-lorraine\/#organization","name":"Universit\u00e9 de Lorraine","url":"https:\/\/www.univ-lorraine.fr\/isite-lorraine\/","logo":{"@type":"ImageObject","inLanguage":"fr-FR","@id":"https:\/\/www.univ-lorraine.fr\/isite-lorraine\/#\/schema\/logo\/image\/","url":"https:\/\/www.univ-lorraine.fr\/isite-lorraine\/wp-content\/uploads\/sites\/55\/2021\/01\/LOGO_UL.png","contentUrl":"https:\/\/www.univ-lorraine.fr\/isite-lorraine\/wp-content\/uploads\/sites\/55\/2021\/01\/LOGO_UL.png","width":138,"height":48,"caption":"Universit\u00e9 de Lorraine"},"image":{"@id":"https:\/\/www.univ-lorraine.fr\/isite-lorraine\/#\/schema\/logo\/image\/"}}]}},"_links":{"self":[{"href":"https:\/\/www.univ-lorraine.fr\/isite-lorraine\/wp-json\/wp\/v2\/pages\/1366","targetHints":{"allow":["GET"]}}],"collection":[{"href":"https:\/\/www.univ-lorraine.fr\/isite-lorraine\/wp-json\/wp\/v2\/pages"}],"about":[{"href":"https:\/\/www.univ-lorraine.fr\/isite-lorraine\/wp-json\/wp\/v2\/types\/page"}],"author":[{"embeddable":true,"href":"https:\/\/www.univ-lorraine.fr\/isite-lorraine\/wp-json\/wp\/v2\/users\/7"}],"replies":[{"embeddable":true,"href":"https:\/\/www.univ-lorraine.fr\/isite-lorraine\/wp-json\/wp\/v2\/comments?post=1366"}],"version-history":[{"count":8,"href":"https:\/\/www.univ-lorraine.fr\/isite-lorraine\/wp-json\/wp\/v2\/pages\/1366\/revisions"}],"predecessor-version":[{"id":1398,"href":"https:\/\/www.univ-lorraine.fr\/isite-lorraine\/wp-json\/wp\/v2\/pages\/1366\/revisions\/1398"}],"up":[{"embeddable":true,"href":"https:\/\/www.univ-lorraine.fr\/isite-lorraine\/wp-json\/wp\/v2\/pages\/435"}],"wp:attachment":[{"href":"https:\/\/www.univ-lorraine.fr\/isite-lorraine\/wp-json\/wp\/v2\/media?parent=1366"}],"curies":[{"name":"wp","href":"https:\/\/api.w.org\/{rel}","templated":true}]}}