{"id":13729,"date":"2025-07-25T10:41:28","date_gmt":"2025-07-25T08:41:28","guid":{"rendered":"https:\/\/www.univ-lorraine.fr\/orientation-insertion-professionnelle\/?page_id=13729"},"modified":"2026-01-21T13:45:26","modified_gmt":"2026-01-21T12:45:26","slug":"explore-lunivr","status":"publish","type":"page","link":"https:\/\/www.univ-lorraine.fr\/orientation-insertion-professionnelle\/explore-lunivr\/","title":{"rendered":"Explore l&rsquo;UniVR"},"content":{"rendered":"<!DOCTYPE html PUBLIC \"-\/\/W3C\/\/DTD HTML 4.0 Transitional\/\/EN\" \"http:\/\/www.w3.org\/TR\/REC-html40\/loose.dtd\">\n<?xml encoding=\"utf-8\" ?><html><body><div class=\"gb-container gb-container-657d6666\">\n<div class=\"gb-container gb-container-425a7822\">\n\n<h2 class=\"gb-headline gb-headline-8cb24ad3 gb-headline-text titre\"> D&eacute;couvrir la vie &eacute;tudiante<\/h2>\n\n<\/div>\n\n\n<div class=\"wp-block-columns is-layout-flex wp-container-core-columns-is-layout-9d6595d7 wp-block-columns-is-layout-flex\">\n<div class=\"wp-block-column is-vertically-aligned-center is-layout-flow wp-block-column-is-layout-flow\"><div class=\"gb-container gb-container-2f9ea4e7\">\n<div class=\"gb-container gb-container-581e18b8\">\n\n<figure class=\"wp-block-embed aligncenter is-type-wp-embed is-provider-vid-oth-que-de-lul wp-block-embed-vid-oth-que-de-lul wp-embed-aspect-16-9 wp-has-aspect-ratio\"><div class=\"wp-block-embed__wrapper\">\n<iframe class=\"wp-embedded-content\" title=\"Teaser Explore l'UniVR\" src=\"https:\/\/ultv.univ-lorraine.fr\/video\/19769-teaser-explore-lunivr\/?is_iframe=true#?secret=ONnTqfUP47\" data-secret=\"ONnTqfUP47\" loading=\"lazy\" allowfullscreen=\"\"><\/iframe>\n<\/div><\/figure>\n\n<\/div>\n<\/div><\/div>\n\n\n\n<div class=\"wp-block-column is-vertically-aligned-center is-layout-flow wp-block-column-is-layout-flow\"><div class=\"gb-container gb-container-164eb3c8\">\n\n<p class=\"has-text-align-left\">Pour mieux&nbsp;<strong>se projeter dans les &eacute;tudes sup&eacute;rieures<\/strong>, Explore l&rsquo;UniVR est un jeu pour casque de r&eacute;alit&eacute; virtuelle qui permet d&rsquo;incarner un.e &eacute;tudiant.e et de d&eacute;couvrir l&rsquo;universit&eacute; &agrave; travers<br>&ndash; une s&eacute;rie de&nbsp;<strong>mini-qu&ecirc;tes immersives<\/strong><br>&ndash; un&nbsp;<strong>accompagnement<\/strong>&nbsp;par des professionnel.les de l&rsquo;orientation et\/ou des &eacute;tudiant.es.<\/p>\n\n\n\n<p><\/p>\n\n\n\n<hr class=\"wp-block-separator has-text-color has-base-color has-alpha-channel-opacity has-base-background-color has-background\">\n\n\n\n<div class=\"wp-block-columns is-layout-flex wp-container-core-columns-is-layout-9d6595d7 wp-block-columns-is-layout-flex\">\n<div class=\"wp-block-column is-vertically-aligned-top is-layout-flow wp-block-column-is-layout-flow\">\n<figure class=\"gb-block-image gb-block-image-696ee341\"><img loading=\"lazy\" decoding=\"async\" width=\"500\" height=\"500\" class=\"gb-image gb-image-696ee341\" src=\"https:\/\/www.univ-lorraine.fr\/orientation-insertion-professionnelle\/wp-content\/uploads\/sites\/7\/2025\/07\/500px-logo_soip_explore-univr.png\" alt=\"\" title=\"500px LOGO_SOIP_EXPLORE UNIVR\" srcset=\"https:\/\/www.univ-lorraine.fr\/orientation-insertion-professionnelle\/wp-content\/uploads\/sites\/7\/2025\/07\/500px-logo_soip_explore-univr.png 500w, https:\/\/www.univ-lorraine.fr\/orientation-insertion-professionnelle\/wp-content\/uploads\/sites\/7\/2025\/07\/500px-logo_soip_explore-univr-300x300.png 300w, https:\/\/www.univ-lorraine.fr\/orientation-insertion-professionnelle\/wp-content\/uploads\/sites\/7\/2025\/07\/500px-logo_soip_explore-univr-150x150.png 150w\" sizes=\"auto, (max-width: 500px) 100vw, 500px\"><\/figure>\n<\/div>\n\n\n\n<div class=\"wp-block-column is-vertically-aligned-center is-layout-flow wp-block-column-is-layout-flow\">\n<p class=\"has-text-align-center\" style=\"font-size:14px\">R&eacute;alis&eacute; par l&rsquo;Universit&eacute; de Lorraine, le Rectorat Nancy-Metz et la soci&eacute;t&eacute; meurthe-et-mosellane Mist Studio.<br>Co-con&ccedil;u avec des lyc&eacute;es du Territoire Num&eacute;rique Educatif des Vosges dans le cadre du projet PLEIADES (ANR21-DMES-0010).<\/p>\n<\/div>\n<\/div>\n\n<\/div><\/div>\n<\/div>\n\n\n<div class=\"gb-container gb-container-ffc31637\">\n\n<a class=\"gb-button gb-button-5b0db27d gb-button-text\" href=\"#telecharger\">TELECHARGER &darr;<\/a>\n\n<\/div>\n<\/div>\n\n<div class=\"gb-container gb-container-e33e79cd\">\n\n<hr class=\"wp-block-separator has-text-color has-base-color has-alpha-channel-opacity has-base-background-color has-background\">\n\n\n\n<h2 class=\"gb-headline gb-headline-35f6fd61 gb-headline-text\" id=\"telecharger\">TELECHARGER L&rsquo;APPLICATION<\/h2>\n\n\n<div class=\"gb-container gb-container-80856b8c\">\n<div class=\"gb-container gb-container-d086f8be\">\n\n<figure class=\"gb-block-image gb-block-image-c97c0fee\"><a href=\"https:\/\/u2l.fr\/euvrquest\"><img decoding=\"async\" class=\"gb-image gb-image-c97c0fee\" src=\"https:\/\/www.univ-lorraine.fr\/orientation-insertion-professionnelle\/wp-content\/uploads\/sites\/7\/2025\/07\/logo-metaquest-2.png\" alt=\"\" title=\"logo metaquest\"><\/a><\/figure>\n\n\n<div class=\"gb-container gb-container-5931a9ab\">\n\n<h2 class=\"gb-headline gb-headline-6fdcc7e8 gb-headline-text\"><strong>Meta Quest<\/strong><\/h2>\n\n\n\n<figure class=\"gb-block-image gb-block-image-eb89e845\"><a href=\"https:\/\/u2l.fr\/euvrquest\"><img loading=\"lazy\" decoding=\"async\" width=\"290\" height=\"290\" class=\"gb-image gb-image-eb89e845\" src=\"https:\/\/www.univ-lorraine.fr\/orientation-insertion-professionnelle\/wp-content\/uploads\/sites\/7\/2025\/07\/qrcodequest.png\" alt=\"\" title=\"qrcodequest\" srcset=\"https:\/\/www.univ-lorraine.fr\/orientation-insertion-professionnelle\/wp-content\/uploads\/sites\/7\/2025\/07\/qrcodequest.png 290w, https:\/\/www.univ-lorraine.fr\/orientation-insertion-professionnelle\/wp-content\/uploads\/sites\/7\/2025\/07\/qrcodequest-150x150.png 150w\" sizes=\"auto, (max-width: 290px) 100vw, 290px\"><\/a><\/figure>\n\n<\/div>\n\n\n<a class=\"gb-button gb-button-363e73cc gb-button-text\" href=\"https:\/\/u2l.fr\/euvrquest\">TELECHARGER<\/a>\n\n<\/div>\n\n<div class=\"gb-container gb-container-1d8a0d09\">\n\n<figure class=\"gb-block-image gb-block-image-802ab461\"><a href=\"https:\/\/u2l.fr\/euvrpico\"><img decoding=\"async\" class=\"gb-image gb-image-802ab461\" src=\"https:\/\/www.univ-lorraine.fr\/orientation-insertion-professionnelle\/wp-content\/uploads\/sites\/7\/2025\/07\/logo-pico.png\" alt=\"\" title=\"logo pico\"><\/a><\/figure>\n\n\n<div class=\"gb-container gb-container-015c57a6\">\n\n<h2 class=\"gb-headline gb-headline-2f79817f gb-headline-text\"><strong>Pico VR<\/strong><\/h2>\n\n\n\n<figure class=\"gb-block-image gb-block-image-f33a9d62\"><a href=\"https:\/\/u2l.fr\/euvrpico\"><img loading=\"lazy\" decoding=\"async\" width=\"290\" height=\"290\" class=\"gb-image gb-image-f33a9d62\" src=\"https:\/\/www.univ-lorraine.fr\/orientation-insertion-professionnelle\/wp-content\/uploads\/sites\/7\/2025\/07\/qrcodepico.png\" alt=\"\" title=\"qrcodepico\" srcset=\"https:\/\/www.univ-lorraine.fr\/orientation-insertion-professionnelle\/wp-content\/uploads\/sites\/7\/2025\/07\/qrcodepico.png 290w, https:\/\/www.univ-lorraine.fr\/orientation-insertion-professionnelle\/wp-content\/uploads\/sites\/7\/2025\/07\/qrcodepico-150x150.png 150w\" sizes=\"auto, (max-width: 290px) 100vw, 290px\"><\/a><\/figure>\n\n<\/div>\n\n\n<a class=\"gb-button gb-button-719b9fc0 gb-button-text\" href=\"https:\/\/u2l.fr\/euvrpico\">TELECHARGER<\/a>\n\n<\/div>\n<\/div>\n<\/div>\n\n<div class=\"gb-container gb-container-1a500fc0\">\n\n<hr class=\"wp-block-separator has-text-color has-base-color has-alpha-channel-opacity has-base-background-color has-background\">\n\n\n\n<h2 class=\"gb-headline gb-headline-7c2b3b62 gb-headline-text\" id=\"telecharger\">EN SAVOIR PLUS<\/h2>\n\n\n<div class=\"gb-container gb-container-d001da37\">\n<div class=\"gb-container gb-container-7ddf7a90\">\n\n<div data-wp-interactive=\"core\/file\" class=\"wp-block-file aligncenter\"><object data-wp-bind--hidden=\"!state.hasPdfPreview\" hidden class=\"wp-block-file__embed\" data=\"https:\/\/www.univ-lorraine.fr\/orientation-insertion-professionnelle\/wp-content\/uploads\/sites\/7\/2026\/01\/retour-dexperiences-immersives-metavers-minicampus-et-jeu-explore-lunivr-pleiades-territoires.pdf\" type=\"application\/pdf\" style=\"width:100%;height:600px\" aria-label=\"Contenu embarqu&eacute; Retour d'exp&eacute;riences immersives - Jeu Explore l'UniVR &amp; M&eacute;tavers MiniCampus - Projet Pleiades Territoires.\"><\/object><a id=\"wp-block-file--media-187ddef9-1733-4503-a9ab-6b9069f13c32\" href=\"https:\/\/www.univ-lorraine.fr\/orientation-insertion-professionnelle\/wp-content\/uploads\/sites\/7\/2026\/01\/retour-dexperiences-immersives-metavers-minicampus-et-jeu-explore-lunivr-pleiades-territoires.pdf\">Retour d&rsquo;exp&eacute;riences immersives &ndash; Jeu Explore l&rsquo;UniVR &amp; M&eacute;tavers MiniCampus &ndash; Projet Pleiades Territoires<\/a><\/div>\n\n<\/div>\n<\/div>\n<\/div>\n\n\n<hr class=\"wp-block-separator has-text-color has-base-color has-alpha-channel-opacity has-base-background-color has-background is-style-default\">\n\n\n\n<p><\/p>\n<\/body><\/html>\n","protected":false},"excerpt":{"rendered":"<p>D\u00e9couvrir la vie \u00e9tudiante Pour mieux\u00a0se projeter dans les \u00e9tudes sup\u00e9rieures, Explore l&rsquo;UniVR est un jeu pour casque de r\u00e9alit\u00e9 virtuelle qui permet d&rsquo;incarner un.e \u00e9tudiant.e et de d\u00e9couvrir l&rsquo;universit\u00e9 \u00e0 travers&#8211; une s\u00e9rie de\u00a0mini-qu\u00eates immersives&#8211; un\u00a0accompagnement\u00a0par des professionnel.les de l\u2019orientation et\/ou des \u00e9tudiant.es. R\u00e9alis\u00e9 par l\u2019Universit\u00e9 de Lorraine, le Rectorat Nancy-Metz et la soci\u00e9t\u00e9 &#8230; <a title=\"Explore l&rsquo;UniVR\" class=\"read-more\" href=\"https:\/\/www.univ-lorraine.fr\/orientation-insertion-professionnelle\/explore-lunivr\/\" aria-label=\"En savoir plus sur Explore l&rsquo;UniVR\">Lire plus<\/a><\/p>\n","protected":false},"author":149,"featured_media":0,"parent":0,"menu_order":0,"comment_status":"closed","ping_status":"closed","template":"","meta":{"inline_featured_image":false,"footnotes":""},"categories":[28],"tags":[],"class_list":{"0":"post-13729","1":"page","2":"type-page","3":"status-publish","5":"category-ressources"},"yoast_head":"<!-- This site is optimized with the Yoast SEO plugin v27.4 - https:\/\/yoast.com\/product\/yoast-seo-wordpress\/ -->\n<title>Explore l&#039;UniVR - Orientation et insertion professionnelle<\/title>\n<meta name=\"robots\" content=\"index, follow, max-snippet:-1, max-image-preview:large, max-video-preview:-1\" \/>\n<link rel=\"canonical\" href=\"https:\/\/www.univ-lorraine.fr\/orientation-insertion-professionnelle\/explore-lunivr\/\" \/>\n<meta property=\"og:locale\" content=\"fr_FR\" \/>\n<meta property=\"og:type\" content=\"article\" \/>\n<meta property=\"og:title\" content=\"Explore l&#039;UniVR - Orientation et insertion professionnelle\" \/>\n<meta property=\"og:description\" content=\"D\u00e9couvrir la vie \u00e9tudiante Pour mieux\u00a0se projeter dans les \u00e9tudes sup\u00e9rieures, Explore l&rsquo;UniVR est un jeu pour casque de r\u00e9alit\u00e9 virtuelle qui permet d&rsquo;incarner un.e \u00e9tudiant.e et de d\u00e9couvrir l&rsquo;universit\u00e9 \u00e0 travers&#8211; une s\u00e9rie de\u00a0mini-qu\u00eates immersives&#8211; un\u00a0accompagnement\u00a0par des professionnel.les de l\u2019orientation et\/ou des \u00e9tudiant.es. R\u00e9alis\u00e9 par l\u2019Universit\u00e9 de Lorraine, le Rectorat Nancy-Metz et la soci\u00e9t\u00e9 ... Lire plus\" \/>\n<meta property=\"og:url\" content=\"https:\/\/www.univ-lorraine.fr\/orientation-insertion-professionnelle\/explore-lunivr\/\" \/>\n<meta property=\"og:site_name\" content=\"Orientation et insertion professionnelle\" \/>\n<meta property=\"article:modified_time\" content=\"2026-01-21T12:45:26+00:00\" \/>\n<meta property=\"og:image\" content=\"https:\/\/www.univ-lorraine.fr\/orientation-insertion-professionnelle\/wp-content\/uploads\/sites\/7\/2025\/07\/500px-logo_soip_explore-univr.png\" \/>\n<meta name=\"twitter:card\" content=\"summary_large_image\" \/>\n<meta name=\"twitter:label1\" content=\"Dur\u00e9e de lecture estim\u00e9e\" \/>\n\t<meta name=\"twitter:data1\" content=\"2 minutes\" \/>\n<script type=\"application\/ld+json\" class=\"yoast-schema-graph\">{\"@context\":\"https:\\\/\\\/schema.org\",\"@graph\":[{\"@type\":\"WebPage\",\"@id\":\"https:\\\/\\\/www.univ-lorraine.fr\\\/orientation-insertion-professionnelle\\\/explore-lunivr\\\/\",\"url\":\"https:\\\/\\\/www.univ-lorraine.fr\\\/orientation-insertion-professionnelle\\\/explore-lunivr\\\/\",\"name\":\"Explore l'UniVR - Orientation et insertion professionnelle\",\"isPartOf\":{\"@id\":\"https:\\\/\\\/www.univ-lorraine.fr\\\/orientation-insertion-professionnelle\\\/#website\"},\"primaryImageOfPage\":{\"@id\":\"https:\\\/\\\/www.univ-lorraine.fr\\\/orientation-insertion-professionnelle\\\/explore-lunivr\\\/#primaryimage\"},\"image\":{\"@id\":\"https:\\\/\\\/www.univ-lorraine.fr\\\/orientation-insertion-professionnelle\\\/explore-lunivr\\\/#primaryimage\"},\"thumbnailUrl\":\"https:\\\/\\\/www.univ-lorraine.fr\\\/orientation-insertion-professionnelle\\\/wp-content\\\/uploads\\\/sites\\\/7\\\/2025\\\/07\\\/500px-logo_soip_explore-univr.png\",\"datePublished\":\"2025-07-25T08:41:28+00:00\",\"dateModified\":\"2026-01-21T12:45:26+00:00\",\"breadcrumb\":{\"@id\":\"https:\\\/\\\/www.univ-lorraine.fr\\\/orientation-insertion-professionnelle\\\/explore-lunivr\\\/#breadcrumb\"},\"inLanguage\":\"fr-FR\",\"potentialAction\":[{\"@type\":\"ReadAction\",\"target\":[\"https:\\\/\\\/www.univ-lorraine.fr\\\/orientation-insertion-professionnelle\\\/explore-lunivr\\\/\"]}]},{\"@type\":\"ImageObject\",\"inLanguage\":\"fr-FR\",\"@id\":\"https:\\\/\\\/www.univ-lorraine.fr\\\/orientation-insertion-professionnelle\\\/explore-lunivr\\\/#primaryimage\",\"url\":\"https:\\\/\\\/www.univ-lorraine.fr\\\/orientation-insertion-professionnelle\\\/wp-content\\\/uploads\\\/sites\\\/7\\\/2025\\\/07\\\/500px-logo_soip_explore-univr.png\",\"contentUrl\":\"https:\\\/\\\/www.univ-lorraine.fr\\\/orientation-insertion-professionnelle\\\/wp-content\\\/uploads\\\/sites\\\/7\\\/2025\\\/07\\\/500px-logo_soip_explore-univr.png\",\"width\":500,\"height\":500},{\"@type\":\"BreadcrumbList\",\"@id\":\"https:\\\/\\\/www.univ-lorraine.fr\\\/orientation-insertion-professionnelle\\\/explore-lunivr\\\/#breadcrumb\",\"itemListElement\":[{\"@type\":\"ListItem\",\"position\":1,\"name\":\"Accueil\",\"item\":\"https:\\\/\\\/www.univ-lorraine.fr\\\/orientation-insertion-professionnelle\\\/\"},{\"@type\":\"ListItem\",\"position\":2,\"name\":\"Explore l&rsquo;UniVR\"}]},{\"@type\":\"WebSite\",\"@id\":\"https:\\\/\\\/www.univ-lorraine.fr\\\/orientation-insertion-professionnelle\\\/#website\",\"url\":\"https:\\\/\\\/www.univ-lorraine.fr\\\/orientation-insertion-professionnelle\\\/\",\"name\":\"Orientation et insertion professionnelle\",\"description\":\"\",\"publisher\":{\"@id\":\"https:\\\/\\\/www.univ-lorraine.fr\\\/orientation-insertion-professionnelle\\\/#organization\"},\"potentialAction\":[{\"@type\":\"SearchAction\",\"target\":{\"@type\":\"EntryPoint\",\"urlTemplate\":\"https:\\\/\\\/www.univ-lorraine.fr\\\/orientation-insertion-professionnelle\\\/?s={search_term_string}\"},\"query-input\":{\"@type\":\"PropertyValueSpecification\",\"valueRequired\":true,\"valueName\":\"search_term_string\"}}],\"inLanguage\":\"fr-FR\"},{\"@type\":\"Organization\",\"@id\":\"https:\\\/\\\/www.univ-lorraine.fr\\\/orientation-insertion-professionnelle\\\/#organization\",\"name\":\"Universit\u00e9 de Lorraine\",\"url\":\"https:\\\/\\\/www.univ-lorraine.fr\\\/orientation-insertion-professionnelle\\\/\",\"logo\":{\"@type\":\"ImageObject\",\"inLanguage\":\"fr-FR\",\"@id\":\"https:\\\/\\\/www.univ-lorraine.fr\\\/orientation-insertion-professionnelle\\\/#\\\/schema\\\/logo\\\/image\\\/\",\"url\":\"https:\\\/\\\/www.univ-lorraine.fr\\\/orientation-insertion-professionnelle\\\/wp-content\\\/uploads\\\/sites\\\/7\\\/2023\\\/04\\\/logo_siteweb2_Plan-de-travail-1.png\",\"contentUrl\":\"https:\\\/\\\/www.univ-lorraine.fr\\\/orientation-insertion-professionnelle\\\/wp-content\\\/uploads\\\/sites\\\/7\\\/2023\\\/04\\\/logo_siteweb2_Plan-de-travail-1.png\",\"width\":852,\"height\":492,\"caption\":\"Universit\u00e9 de Lorraine\"},\"image\":{\"@id\":\"https:\\\/\\\/www.univ-lorraine.fr\\\/orientation-insertion-professionnelle\\\/#\\\/schema\\\/logo\\\/image\\\/\"}}]}<\/script>\n<!-- \/ Yoast SEO plugin. -->","yoast_head_json":{"title":"Explore l'UniVR - Orientation et insertion professionnelle","robots":{"index":"index","follow":"follow","max-snippet":"max-snippet:-1","max-image-preview":"max-image-preview:large","max-video-preview":"max-video-preview:-1"},"canonical":"https:\/\/www.univ-lorraine.fr\/orientation-insertion-professionnelle\/explore-lunivr\/","og_locale":"fr_FR","og_type":"article","og_title":"Explore l'UniVR - Orientation et insertion professionnelle","og_description":"D\u00e9couvrir la vie \u00e9tudiante Pour mieux\u00a0se projeter dans les \u00e9tudes sup\u00e9rieures, Explore l&rsquo;UniVR est un jeu pour casque de r\u00e9alit\u00e9 virtuelle qui permet d&rsquo;incarner un.e \u00e9tudiant.e et de d\u00e9couvrir l&rsquo;universit\u00e9 \u00e0 travers&#8211; une s\u00e9rie de\u00a0mini-qu\u00eates immersives&#8211; un\u00a0accompagnement\u00a0par des professionnel.les de l\u2019orientation et\/ou des \u00e9tudiant.es. R\u00e9alis\u00e9 par l\u2019Universit\u00e9 de Lorraine, le Rectorat Nancy-Metz et la soci\u00e9t\u00e9 ... Lire plus","og_url":"https:\/\/www.univ-lorraine.fr\/orientation-insertion-professionnelle\/explore-lunivr\/","og_site_name":"Orientation et insertion professionnelle","article_modified_time":"2026-01-21T12:45:26+00:00","og_image":[{"url":"https:\/\/www.univ-lorraine.fr\/orientation-insertion-professionnelle\/wp-content\/uploads\/sites\/7\/2025\/07\/500px-logo_soip_explore-univr.png","type":"","width":"","height":""}],"twitter_card":"summary_large_image","twitter_misc":{"Dur\u00e9e de lecture estim\u00e9e":"2 minutes"},"schema":{"@context":"https:\/\/schema.org","@graph":[{"@type":"WebPage","@id":"https:\/\/www.univ-lorraine.fr\/orientation-insertion-professionnelle\/explore-lunivr\/","url":"https:\/\/www.univ-lorraine.fr\/orientation-insertion-professionnelle\/explore-lunivr\/","name":"Explore l'UniVR - Orientation et insertion professionnelle","isPartOf":{"@id":"https:\/\/www.univ-lorraine.fr\/orientation-insertion-professionnelle\/#website"},"primaryImageOfPage":{"@id":"https:\/\/www.univ-lorraine.fr\/orientation-insertion-professionnelle\/explore-lunivr\/#primaryimage"},"image":{"@id":"https:\/\/www.univ-lorraine.fr\/orientation-insertion-professionnelle\/explore-lunivr\/#primaryimage"},"thumbnailUrl":"https:\/\/www.univ-lorraine.fr\/orientation-insertion-professionnelle\/wp-content\/uploads\/sites\/7\/2025\/07\/500px-logo_soip_explore-univr.png","datePublished":"2025-07-25T08:41:28+00:00","dateModified":"2026-01-21T12:45:26+00:00","breadcrumb":{"@id":"https:\/\/www.univ-lorraine.fr\/orientation-insertion-professionnelle\/explore-lunivr\/#breadcrumb"},"inLanguage":"fr-FR","potentialAction":[{"@type":"ReadAction","target":["https:\/\/www.univ-lorraine.fr\/orientation-insertion-professionnelle\/explore-lunivr\/"]}]},{"@type":"ImageObject","inLanguage":"fr-FR","@id":"https:\/\/www.univ-lorraine.fr\/orientation-insertion-professionnelle\/explore-lunivr\/#primaryimage","url":"https:\/\/www.univ-lorraine.fr\/orientation-insertion-professionnelle\/wp-content\/uploads\/sites\/7\/2025\/07\/500px-logo_soip_explore-univr.png","contentUrl":"https:\/\/www.univ-lorraine.fr\/orientation-insertion-professionnelle\/wp-content\/uploads\/sites\/7\/2025\/07\/500px-logo_soip_explore-univr.png","width":500,"height":500},{"@type":"BreadcrumbList","@id":"https:\/\/www.univ-lorraine.fr\/orientation-insertion-professionnelle\/explore-lunivr\/#breadcrumb","itemListElement":[{"@type":"ListItem","position":1,"name":"Accueil","item":"https:\/\/www.univ-lorraine.fr\/orientation-insertion-professionnelle\/"},{"@type":"ListItem","position":2,"name":"Explore l&rsquo;UniVR"}]},{"@type":"WebSite","@id":"https:\/\/www.univ-lorraine.fr\/orientation-insertion-professionnelle\/#website","url":"https:\/\/www.univ-lorraine.fr\/orientation-insertion-professionnelle\/","name":"Orientation et insertion professionnelle","description":"","publisher":{"@id":"https:\/\/www.univ-lorraine.fr\/orientation-insertion-professionnelle\/#organization"},"potentialAction":[{"@type":"SearchAction","target":{"@type":"EntryPoint","urlTemplate":"https:\/\/www.univ-lorraine.fr\/orientation-insertion-professionnelle\/?s={search_term_string}"},"query-input":{"@type":"PropertyValueSpecification","valueRequired":true,"valueName":"search_term_string"}}],"inLanguage":"fr-FR"},{"@type":"Organization","@id":"https:\/\/www.univ-lorraine.fr\/orientation-insertion-professionnelle\/#organization","name":"Universit\u00e9 de Lorraine","url":"https:\/\/www.univ-lorraine.fr\/orientation-insertion-professionnelle\/","logo":{"@type":"ImageObject","inLanguage":"fr-FR","@id":"https:\/\/www.univ-lorraine.fr\/orientation-insertion-professionnelle\/#\/schema\/logo\/image\/","url":"https:\/\/www.univ-lorraine.fr\/orientation-insertion-professionnelle\/wp-content\/uploads\/sites\/7\/2023\/04\/logo_siteweb2_Plan-de-travail-1.png","contentUrl":"https:\/\/www.univ-lorraine.fr\/orientation-insertion-professionnelle\/wp-content\/uploads\/sites\/7\/2023\/04\/logo_siteweb2_Plan-de-travail-1.png","width":852,"height":492,"caption":"Universit\u00e9 de Lorraine"},"image":{"@id":"https:\/\/www.univ-lorraine.fr\/orientation-insertion-professionnelle\/#\/schema\/logo\/image\/"}}]}},"_links":{"self":[{"href":"https:\/\/www.univ-lorraine.fr\/orientation-insertion-professionnelle\/wp-json\/wp\/v2\/pages\/13729","targetHints":{"allow":["GET"]}}],"collection":[{"href":"https:\/\/www.univ-lorraine.fr\/orientation-insertion-professionnelle\/wp-json\/wp\/v2\/pages"}],"about":[{"href":"https:\/\/www.univ-lorraine.fr\/orientation-insertion-professionnelle\/wp-json\/wp\/v2\/types\/page"}],"author":[{"embeddable":true,"href":"https:\/\/www.univ-lorraine.fr\/orientation-insertion-professionnelle\/wp-json\/wp\/v2\/users\/149"}],"replies":[{"embeddable":true,"href":"https:\/\/www.univ-lorraine.fr\/orientation-insertion-professionnelle\/wp-json\/wp\/v2\/comments?post=13729"}],"version-history":[{"count":69,"href":"https:\/\/www.univ-lorraine.fr\/orientation-insertion-professionnelle\/wp-json\/wp\/v2\/pages\/13729\/revisions"}],"predecessor-version":[{"id":15462,"href":"https:\/\/www.univ-lorraine.fr\/orientation-insertion-professionnelle\/wp-json\/wp\/v2\/pages\/13729\/revisions\/15462"}],"wp:attachment":[{"href":"https:\/\/www.univ-lorraine.fr\/orientation-insertion-professionnelle\/wp-json\/wp\/v2\/media?parent=13729"}],"wp:term":[{"taxonomy":"category","embeddable":true,"href":"https:\/\/www.univ-lorraine.fr\/orientation-insertion-professionnelle\/wp-json\/wp\/v2\/categories?post=13729"},{"taxonomy":"post_tag","embeddable":true,"href":"https:\/\/www.univ-lorraine.fr\/orientation-insertion-professionnelle\/wp-json\/wp\/v2\/tags?post=13729"}],"curies":[{"name":"wp","href":"https:\/\/api.w.org\/{rel}","templated":true}]}}