{"id":193,"date":"2021-03-18T21:03:44","date_gmt":"2021-03-18T20:03:44","guid":{"rendered":"https:\/\/www.univ-lorraine.fr\/orientation-insertion-professionnelle\/?page_id=193"},"modified":"2024-11-20T09:28:43","modified_gmt":"2024-11-20T08:28:43","slug":"appels-a-projets","status":"publish","type":"page","link":"https:\/\/www.univ-lorraine.fr\/orientation-insertion-professionnelle\/appels-a-projets\/","title":{"rendered":"Appels \u00e0 projets"},"content":{"rendered":"\n<h2 class=\"wp-block-heading has-text-align-center\" id=\"que-ce-soit-en-qualite-de-pilote-ou-de-partenaire-le-soip-est-implique-dans-la-mise-en-oeuvre-de-trois-appels-a-projets-couvrant-le-champ-de-ses-missions\"><strong>Que ce soit en qualit\u00e9 de pilote ou de partenaire, <\/strong><br><strong>le SOIP est impliqu\u00e9 dans la mise en \u0153uvre <\/strong><br><strong>de trois appels \u00e0 projets, couvrant le champ de ses missions.<\/strong><\/h2>\n\n\n<div class=\"gb-grid-wrapper gb-grid-wrapper-faf4066e\">\n<div class=\"gb-grid-column gb-grid-column-73e586fc\"><div class=\"gb-container gb-container-73e586fc\"><div class=\"gb-inside-container\">\n\n<h3 class=\"wp-block-heading\" id=\"ailes\">Projet Ailes<\/h3>\n\n\n\n<h4 class=\"wp-block-heading\"><strong>Accompagnement \u00e0 l\u2019int\u00e9gration des lyc\u00e9ens dans l\u2019enseignement sup\u00e9rieur<\/strong><\/h4>\n\n\n<div class=\"gb-container gb-container-0741be8e\"><div class=\"gb-inside-container\">\n<div class=\"wp-block-image\">\n<figure class=\"alignleft size-full is-resized\"><img loading=\"lazy\" decoding=\"async\" width=\"409\" height=\"248\" src=\"https:\/\/www.univ-lorraine.fr\/orientation-insertion-professionnelle\/wp-content\/uploads\/sites\/7\/2023\/04\/logo-Ailes-1-couleurs.png\" alt=\"\" class=\"wp-image-6523\" style=\"width:182px;height:110px\" srcset=\"https:\/\/www.univ-lorraine.fr\/orientation-insertion-professionnelle\/wp-content\/uploads\/sites\/7\/2023\/04\/logo-Ailes-1-couleurs.png 409w, https:\/\/www.univ-lorraine.fr\/orientation-insertion-professionnelle\/wp-content\/uploads\/sites\/7\/2023\/04\/logo-Ailes-1-couleurs-300x182.png 300w\" sizes=\"auto, (max-width: 409px) 100vw, 409px\" \/><\/figure>\n<\/div>\n<\/div><\/div>\n\n\n<p>Le projet Ailes (Accompagnement \u00e0 l\u2019int\u00e9gration des lyc\u00e9ens dans l\u2019enseignement sup\u00e9rieur) est n\u00e9 en r\u00e9ponse \u00e0 un appel \u00e0 projet du Programme d\u2019Investissements d\u2019Avenir \u00ab Dispositifs territoriaux pour l\u2019orientation vers les \u00e9tudes sup\u00e9rieures \u00bb.<\/p>\n\n\n\n<p>Il associe trois universit\u00e9s (Universit\u00e9 de Lorraine, Universit\u00e9 de Reims Champagne-Ardenne et Universit\u00e9 technologique de Troyes) et deux rectorats (Nancy-Metz et Reims). Le projet repose sur une d\u00e9marche Living Lab, en collaboration avec l\u2019\u00c9RPI (\u00c9quipe de recherche sur les processus innovatifs) et vise \u00e0 la co-construction des dispositifs par l\u2019ensemble des parties prenantes. Il recouvre quatre actions et un observatoire des parcours :<\/p>\n\n\n\n<ul class=\"wp-block-list\">\n<li>appuyer l\u2019accompagnement de proximit\u00e9 dans les lyc\u00e9es ;<\/li>\n\n\n\n<li>mieux informer les lyc\u00e9ens sur l\u2019enseignement sup\u00e9rieur ;<\/li>\n\n\n\n<li>donner confiance aux jeunes dans leurs choix d\u2019orientation ;<\/li>\n\n\n\n<li>faire d\u00e9couvrir les m\u00e9tiers pour ouvrir le champ des possibles.<\/li>\n<\/ul>\n\n\n\n<div class=\"wp-block-buttons is-content-justification-center is-layout-flex wp-container-core-buttons-is-layout-16018d1d wp-block-buttons-is-layout-flex\">\n<div class=\"wp-block-button\"><a class=\"wp-block-button__link has-text-align-center wp-element-button\" href=\"https:\/\/www.ac-reims.fr\/ailes\" target=\"_blank\" rel=\"noreferrer noopener\">Site du projet Ailes<\/a><\/div>\n<\/div>\n\n\n\n<p class=\"gb-headline gb-headline-9735332b gb-headline-text\"><strong>Contacts :<\/strong> <\/p>\n\n\n\n<ul class=\"wp-block-list\">\n<li>Romain MATHIEU (sous-directeur charg\u00e9 du p\u00f4le \u00ab&nbsp;Liaison secondaire\/sup\u00e9rieur&nbsp;\u00bb) <\/li>\n\n\n\n<li>Sarah BOGATAY, charg\u00e9e de projet Ailes<\/li>\n<\/ul>\n\n<\/div><\/div><\/div>\n\n<div class=\"gb-grid-column gb-grid-column-5677791f\"><div class=\"gb-container gb-container-5677791f\"><div class=\"gb-inside-container\">\n\n<h3 class=\"wp-block-heading\" id=\"pedagogie-et-numerique\">P\u00e9dagogie et num\u00e9rique<\/h3>\n\n\n\n<h4 class=\"wp-block-heading\"><strong>AMI 2019 \u00ab Transformation p\u00e9dagogique et num\u00e9rique \u00bb<\/strong> <strong>Flexibilisation du projet personnel et professionnel<\/strong><\/h4>\n\n\n<div class=\"gb-container gb-container-1d717186\"><div class=\"gb-inside-container\">\n<div class=\"wp-block-image\">\n<figure class=\"alignleft size-large is-resized\"><img loading=\"lazy\" decoding=\"async\" width=\"800\" height=\"500\" src=\"https:\/\/www.univ-lorraine.fr\/orientation-insertion-professionnelle\/wp-content\/uploads\/sites\/7\/2021\/03\/Outils_bureautiques_preview1-edited.jpg\" alt=\"\" class=\"wp-image-303\" style=\"width:177px;height:110px\" srcset=\"https:\/\/www.univ-lorraine.fr\/orientation-insertion-professionnelle\/wp-content\/uploads\/sites\/7\/2021\/03\/Outils_bureautiques_preview1-edited.jpg 800w, https:\/\/www.univ-lorraine.fr\/orientation-insertion-professionnelle\/wp-content\/uploads\/sites\/7\/2021\/03\/Outils_bureautiques_preview1-edited-300x188.jpg 300w, https:\/\/www.univ-lorraine.fr\/orientation-insertion-professionnelle\/wp-content\/uploads\/sites\/7\/2021\/03\/Outils_bureautiques_preview1-edited-768x480.jpg 768w\" sizes=\"auto, (max-width: 800px) 100vw, 800px\" \/><\/figure>\n<\/div>\n<\/div><\/div>\n\n\n<p>En 2019,&nbsp;l\u2019universit\u00e9 de Lorraine a \u00e9t\u00e9 laur\u00e9ate d&rsquo;un appel \u00e0 manifestation d\u2019int\u00e9r\u00eat sur la transformation p\u00e9dagogique et num\u00e9rique, qui s\u2019est concr\u00e9tis\u00e9 par la r\u00e9alisation du <strong>PPP (Projet personnel et professionnel de l\u2019\u00e9tudiant) en ligne.<\/strong><\/p>\n\n\n\n<h5 class=\"wp-block-heading\"><strong>\u00c0 pr\u00e9sent op\u00e9rationnel, le \u00ab&nbsp;PPP en ligne&nbsp;\u00bb peut repr\u00e9senter une solution pour les \u00e9quipes p\u00e9dagogiques d\u00e9sireuses&nbsp;:<\/strong><\/h5>\n\n\n\n<ul class=\"wp-block-list\">\n<li>d\u2019accompagner leurs \u00e9tudiants dans la construction de leur projet&nbsp;;<\/li>\n\n\n\n<li>de favoriser leur pers\u00e9v\u00e9rance et leur r\u00e9ussite en 1<sup>\u00e8re<\/sup> ann\u00e9e&nbsp;;<\/li>\n\n\n\n<li>de d\u00e9velopper leurs comp\u00e9tences \u00e0 s\u2019orienter.<\/li>\n<\/ul>\n\n\n\n<h5 class=\"wp-block-heading\"><strong>Modalit\u00e9s&nbsp;:<\/strong><\/h5>\n\n\n\n<ul class=\"wp-block-list\">\n<li><strong>Souplesse, flexibilit\u00e9&nbsp;:<\/strong> 100 % \u00e0 distance ou hybride (pour r\u00e9pondre de fa\u00e7on diff\u00e9renci\u00e9e aux contraintes et besoins de chaque fili\u00e8re)&nbsp;; asynchrone (pour s\u2019adapter au rythme de chaque \u00e9tudiant)&nbsp;;<\/li>\n\n\n\n<li><strong>Transdisciplinarit\u00e9&nbsp;:<\/strong> les comp\u00e9tences d\u00e9velopp\u00e9es sont par nature transversales&nbsp;et propres \u00e0 s\u2019adapter \u00e0 toutes les fili\u00e8res ;<\/li>\n\n\n\n<li><strong>Individualisation<\/strong>, quels que soient les effectifs des fili\u00e8res.<\/li>\n\n\n\n<li><strong>Capitalisation&nbsp;:<\/strong> les r\u00e9flexions et informations collect\u00e9es au fil du PPP sont enregistr\u00e9es dans l\u2019ePortfolio CompACT et conserv\u00e9es tout au long des \u00e9tudes.<\/li>\n<\/ul>\n\n\n\n<h5 class=\"wp-block-heading\"><strong>Support :<\/strong><\/h5>\n\n\n\n<ul class=\"wp-block-list\">\n<li><strong>Cours sc\u00e9naris\u00e9 sur Arche<\/strong>, avec activit\u00e9s et ressources<\/li>\n<\/ul>\n\n\n\n<p><strong>Contact :<\/strong> <a href=\"&#109;&#97;&#x69;l&#116;&#x6f;&#x3a;v&#101;&#x72;&#x6f;n&#105;&#x71;u&#101;&#x2e;&#x63;h&#108;&#x6f;&#x75;p&#64;&#x75;n&#105;&#x76;&#x2d;l&#111;&#x72;&#x72;a&#105;&#x6e;&#x65;&#46;&#102;&#x72;\" target=\"_blank\" rel=\"noreferrer noopener\">&#97;&#x6e;&#x6e;&#101;&#x2e;&#x63;i&#x6f;&#x6e;i&#64;&#x75;n&#105;&#x76;-&#108;&#x6f;r&#114;&#x61;i&#110;&#x65;&#x2e;&#102;&#x72;<\/a> (sous-directrice charg\u00e9e du p\u00f4le \u00ab&nbsp;projet professionnel de l\u2019\u00e9tudiant, accompagnement vers le stage et l\u2019emploi&nbsp;\u00bb)<\/p>\n\n<\/div><\/div><\/div>\n\n<div class=\"gb-grid-column gb-grid-column-c44b6294\"><div class=\"gb-container gb-container-c44b6294\"><div class=\"gb-inside-container\">\n\n<h3 class=\"wp-block-heading\" id=\"projetpilot\">Programme Territoires du projet PLEIADES<\/h3>\n\n\n\n<figure class=\"wp-block-image size-medium is-resized\"><img loading=\"lazy\" decoding=\"async\" width=\"300\" height=\"60\" src=\"https:\/\/www.univ-lorraine.fr\/orientation-insertion-professionnelle\/wp-content\/uploads\/sites\/7\/2023\/04\/cropped-PLEIADES_Identite-graphique-20.png-300x60.webp\" alt=\"\" class=\"wp-image-6521\" style=\"width:225px;height:45px\" srcset=\"https:\/\/www.univ-lorraine.fr\/orientation-insertion-professionnelle\/wp-content\/uploads\/sites\/7\/2023\/04\/cropped-PLEIADES_Identite-graphique-20.png-300x60.webp 300w, https:\/\/www.univ-lorraine.fr\/orientation-insertion-professionnelle\/wp-content\/uploads\/sites\/7\/2023\/04\/cropped-PLEIADES_Identite-graphique-20.png.webp 542w\" sizes=\"auto, (max-width: 300px) 100vw, 300px\" \/><\/figure>\n\n\n\n<p class=\"gb-headline gb-headline-0adf123c gb-headline-text\"><strong>Le programme Territoires s\u2019inscrit dans le projet PLEIADES <\/strong>(1), dont l\u2019enjeu est de promouvoir le <strong>num\u00e9rique au service des interactions et des nouvelles modalit\u00e9s d\u2019apprentissage<\/strong>, dans la perspective de rompre les distances sociales, disciplinaires et g\u00e9ographiques.<\/p>\n\n\n\n<p>Associant le rectorat de l\u2019acad\u00e9mie Nancy-Metz, le consortium ESUP Portail, et des entreprises du num\u00e9rique issues de l&rsquo;association <em>EdTech France,<\/em> PLEIADES se d\u00e9cline en deux projets transversaux et cinq programmes (2).<\/p>\n\n\n\n<p><strong>En ce qui concerne le programme Territoires<\/strong>, il ambitionne de <strong>faciliter le passage vers le sup\u00e9rieur et d\u2019encourager la poursuite d\u2019\u00e9tudes (bac-3 \/ bac+3)<\/strong>, en s\u2019appuyant sur les <strong>possibilit\u00e9s offertes par les technologies immersives.<\/strong><\/p>\n\n\n<div class=\"gb-container gb-container-78a98522\">\n\n<div class=\"wp-block-pb-accordion-item c-accordion__item js-accordion-item no-js\" data-initially-open=\"false\" data-click-to-close=\"true\" data-auto-close=\"true\" data-scroll=\"false\" data-scroll-offset=\"0\"><h4 id=\"at-1930\" class=\"c-accordion__title js-accordion-controller\" role=\"button\">En savoir plus sur le programme Territoires<\/h4><div id=\"ac-1930\" class=\"c-accordion__content\">\n<p>\u00ab Territoires \u00bb associe, pour l\u2019universit\u00e9, le SOIP (Service universitaire d\u2019orientation et d\u2019insertion professionnelle), la SDUN (Sous-direction usages du num\u00e9rique) et l\u2019\u00c9RPI (\u00c9quipe de recherche sur les processus innovatifs), et pour le rectorat, la DANE (D\u00e9l\u00e9gation acad\u00e9mique au num\u00e9rique pour l\u2019\u00e9ducation) et le SAIO (Service acad\u00e9mique d\u2019information et d\u2019orientation) et implique naturellement des acteurs du territoire tels que le conseil d\u00e9partemental 88, le TNE (Territoire num\u00e9rique \u00e9ducatif) des Vosges et la r\u00e9gion Grand Est.<\/p>\n\n\n\n<p>Reposant sur un <strong>environnement immersif<\/strong> connect\u00e9 aux syst\u00e8mes d\u2019information de l\u2019universit\u00e9 de Lorraine et de l\u2019acad\u00e9mie de Nancy-Metz, il vise \u00e0 <strong>cr\u00e9er des liens entre l\u2019universit\u00e9 et certains lyc\u00e9es vosgiens<\/strong> et \u00e0 leur proposer des <strong>activit\u00e9s \u00e0 distance<\/strong>. Concr\u00e8tement, il s\u2019agira, \u00e0 l\u2019issue du projet (fin 2024) d\u2019avoir mis en \u0153uvre <strong>trois \u00e9v\u00e8nements th\u00e9matiques, associant six fili\u00e8res du sup\u00e9rieur.<\/strong><\/p>\n\n\n\n<p>Le projet repose sur une <strong>d\u00e9marche Living Lab,<\/strong> s\u2019appuyant sur le savoir-faire de l\u2019\u00c9RPI (\u00c9quipe de recherche sur les processus innovatifs) et vise \u00e0 la <strong>co-construction des dispositifs<\/strong> par l\u2019ensemble des parties prenantes.<\/p>\n<\/div><\/div>\n\n<\/div>\n\n<div class=\"gb-container gb-container-0da935ee\"><div class=\"gb-inside-container\">\n\n<p><strong>Responsables op\u00e9rationnelles du programme :<\/strong><\/p>\n\n\n\n<ul class=\"wp-block-list\">\n<li>Sabine CHAUPAIN-GUILLOT, directrice du SOIP<\/li>\n\n\n\n<li>Christine FRAN\u00c7OIS,&nbsp;d\u00e9l\u00e9gu\u00e9e acad\u00e9mique au num\u00e9rique \u00e9ducatif<\/li>\n<\/ul>\n\n\n\n<p><strong>Contact&nbsp;:<\/strong><\/p>\n\n\n\n<ul class=\"wp-block-list\">\n<li><a href=\"&#x6d;&#97;i&#x6c;&#116;o&#x3a;&#x6d;&#97;&#x78;&#x69;&#109;e&#x2e;&#99;s&#x61;&#x74;&#111;&#x40;&#x75;&#110;i&#x76;&#45;l&#x6f;&#x72;&#114;&#x61;&#x69;&#110;e&#x2e;&#102;r\" target=\"_blank\" rel=\"noreferrer noopener\">Maxime CSATO<\/a>, charg\u00e9 de projet au SOIP, site de Metz<\/li>\n<\/ul>\n\n\n<div class=\"gb-container gb-container-5e157cc4\">\n\n<div class=\"wp-block-buttons is-content-justification-center is-layout-flex wp-container-core-buttons-is-layout-16018d1d wp-block-buttons-is-layout-flex\">\n<div class=\"wp-block-button\"><a class=\"wp-block-button__link has-text-align-center wp-element-button\" href=\"https:\/\/www.univ-lorraine.fr\/pleiades\/\" target=\"_blank\" rel=\"noreferrer noopener\">Site du projet PLEIADES<\/a><\/div>\n<\/div>\n\n<\/div>\n\n\n<ol class=\"wp-block-list\">\n<li><strong>PLEIADES<\/strong>&nbsp;: Projet Lorrain d\u2019Environnement num\u00e9rIque pour des Apprentissages DurablES de l\u2019Universit\u00e9 de Lorraine&nbsp;; <strong>laur\u00e9at, parmi 16 autres projets, de l\u2019AMI D\u00e9moES <\/strong>(Appel \u00e0 manifestations d&rsquo;int\u00e9r\u00eat D\u00e9monstrateurs num\u00e9riques dans l&rsquo;enseignement sup\u00e9rieur)<\/li>\n\n\n\n<li><strong>Projets transversaux&nbsp;:<\/strong> Accompagnement des usages \/ Services et simplifications &#8211; <strong>Programmes&nbsp;:<\/strong> <em>Territoires <\/em>\/ Trajectoires \/ Relations \/ Environnements \/ Espaces et virtualisation<\/li>\n<\/ol>\n\n<\/div><\/div>\n<\/div><\/div><\/div>\n<\/div>\n\n\n<p><\/p>\n","protected":false},"excerpt":{"rendered":"<p>Que ce soit en qualit\u00e9 de pilote ou de partenaire, le SOIP est impliqu\u00e9 dans la mise en \u0153uvre de trois appels \u00e0 projets, couvrant le champ de ses missions.<\/p>\n","protected":false},"author":7,"featured_media":0,"parent":0,"menu_order":0,"comment_status":"closed","ping_status":"closed","template":"","meta":{"inline_featured_image":false,"footnotes":""},"categories":[],"tags":[],"class_list":["post-193","page","type-page","status-publish"],"yoast_head":"<!-- This site is optimized with the Yoast SEO plugin v27.4 - https:\/\/yoast.com\/product\/yoast-seo-wordpress\/ -->\n<title>Appels \u00e0 projets - Orientation et insertion professionnelle<\/title>\n<meta name=\"robots\" content=\"index, follow, max-snippet:-1, max-image-preview:large, max-video-preview:-1\" \/>\n<link rel=\"canonical\" href=\"https:\/\/www.univ-lorraine.fr\/orientation-insertion-professionnelle\/appels-a-projets\/\" \/>\n<meta property=\"og:locale\" content=\"fr_FR\" \/>\n<meta property=\"og:type\" content=\"article\" \/>\n<meta property=\"og:title\" content=\"Appels \u00e0 projets - Orientation et insertion professionnelle\" \/>\n<meta property=\"og:description\" content=\"Que ce soit en qualit\u00e9 de pilote ou de partenaire, le SOIP est impliqu\u00e9 dans la mise en \u0153uvre de trois appels \u00e0 projets, couvrant le champ de ses missions.\" \/>\n<meta property=\"og:url\" content=\"https:\/\/www.univ-lorraine.fr\/orientation-insertion-professionnelle\/appels-a-projets\/\" \/>\n<meta property=\"og:site_name\" content=\"Orientation et insertion professionnelle\" \/>\n<meta property=\"article:modified_time\" content=\"2024-11-20T08:28:43+00:00\" \/>\n<meta property=\"og:image\" content=\"https:\/\/www.univ-lorraine.fr\/orientation-insertion-professionnelle\/wp-content\/uploads\/sites\/7\/2023\/04\/logo-Ailes-1-couleurs.png\" \/>\n\t<meta property=\"og:image:width\" content=\"409\" \/>\n\t<meta property=\"og:image:height\" content=\"248\" \/>\n\t<meta property=\"og:image:type\" content=\"image\/png\" \/>\n<meta name=\"twitter:card\" content=\"summary_large_image\" \/>\n<meta name=\"twitter:label1\" content=\"Dur\u00e9e de lecture estim\u00e9e\" \/>\n\t<meta name=\"twitter:data1\" content=\"5 minutes\" \/>\n<script type=\"application\/ld+json\" class=\"yoast-schema-graph\">{\"@context\":\"https:\\\/\\\/schema.org\",\"@graph\":[{\"@type\":\"WebPage\",\"@id\":\"https:\\\/\\\/www.univ-lorraine.fr\\\/orientation-insertion-professionnelle\\\/appels-a-projets\\\/\",\"url\":\"https:\\\/\\\/www.univ-lorraine.fr\\\/orientation-insertion-professionnelle\\\/appels-a-projets\\\/\",\"name\":\"Appels \u00e0 projets - Orientation et insertion professionnelle\",\"isPartOf\":{\"@id\":\"https:\\\/\\\/www.univ-lorraine.fr\\\/orientation-insertion-professionnelle\\\/#website\"},\"primaryImageOfPage\":{\"@id\":\"https:\\\/\\\/www.univ-lorraine.fr\\\/orientation-insertion-professionnelle\\\/appels-a-projets\\\/#primaryimage\"},\"image\":{\"@id\":\"https:\\\/\\\/www.univ-lorraine.fr\\\/orientation-insertion-professionnelle\\\/appels-a-projets\\\/#primaryimage\"},\"thumbnailUrl\":\"https:\\\/\\\/www.univ-lorraine.fr\\\/orientation-insertion-professionnelle\\\/wp-content\\\/uploads\\\/sites\\\/7\\\/2023\\\/04\\\/logo-Ailes-1-couleurs.png\",\"datePublished\":\"2021-03-18T20:03:44+00:00\",\"dateModified\":\"2024-11-20T08:28:43+00:00\",\"breadcrumb\":{\"@id\":\"https:\\\/\\\/www.univ-lorraine.fr\\\/orientation-insertion-professionnelle\\\/appels-a-projets\\\/#breadcrumb\"},\"inLanguage\":\"fr-FR\",\"potentialAction\":[{\"@type\":\"ReadAction\",\"target\":[\"https:\\\/\\\/www.univ-lorraine.fr\\\/orientation-insertion-professionnelle\\\/appels-a-projets\\\/\"]}]},{\"@type\":\"ImageObject\",\"inLanguage\":\"fr-FR\",\"@id\":\"https:\\\/\\\/www.univ-lorraine.fr\\\/orientation-insertion-professionnelle\\\/appels-a-projets\\\/#primaryimage\",\"url\":\"https:\\\/\\\/www.univ-lorraine.fr\\\/orientation-insertion-professionnelle\\\/wp-content\\\/uploads\\\/sites\\\/7\\\/2023\\\/04\\\/logo-Ailes-1-couleurs.png\",\"contentUrl\":\"https:\\\/\\\/www.univ-lorraine.fr\\\/orientation-insertion-professionnelle\\\/wp-content\\\/uploads\\\/sites\\\/7\\\/2023\\\/04\\\/logo-Ailes-1-couleurs.png\",\"width\":409,\"height\":248},{\"@type\":\"BreadcrumbList\",\"@id\":\"https:\\\/\\\/www.univ-lorraine.fr\\\/orientation-insertion-professionnelle\\\/appels-a-projets\\\/#breadcrumb\",\"itemListElement\":[{\"@type\":\"ListItem\",\"position\":1,\"name\":\"Accueil\",\"item\":\"https:\\\/\\\/www.univ-lorraine.fr\\\/orientation-insertion-professionnelle\\\/\"},{\"@type\":\"ListItem\",\"position\":2,\"name\":\"Appels \u00e0 projets\"}]},{\"@type\":\"WebSite\",\"@id\":\"https:\\\/\\\/www.univ-lorraine.fr\\\/orientation-insertion-professionnelle\\\/#website\",\"url\":\"https:\\\/\\\/www.univ-lorraine.fr\\\/orientation-insertion-professionnelle\\\/\",\"name\":\"Orientation et insertion professionnelle\",\"description\":\"\",\"publisher\":{\"@id\":\"https:\\\/\\\/www.univ-lorraine.fr\\\/orientation-insertion-professionnelle\\\/#organization\"},\"potentialAction\":[{\"@type\":\"SearchAction\",\"target\":{\"@type\":\"EntryPoint\",\"urlTemplate\":\"https:\\\/\\\/www.univ-lorraine.fr\\\/orientation-insertion-professionnelle\\\/?s={search_term_string}\"},\"query-input\":{\"@type\":\"PropertyValueSpecification\",\"valueRequired\":true,\"valueName\":\"search_term_string\"}}],\"inLanguage\":\"fr-FR\"},{\"@type\":\"Organization\",\"@id\":\"https:\\\/\\\/www.univ-lorraine.fr\\\/orientation-insertion-professionnelle\\\/#organization\",\"name\":\"Universit\u00e9 de Lorraine\",\"url\":\"https:\\\/\\\/www.univ-lorraine.fr\\\/orientation-insertion-professionnelle\\\/\",\"logo\":{\"@type\":\"ImageObject\",\"inLanguage\":\"fr-FR\",\"@id\":\"https:\\\/\\\/www.univ-lorraine.fr\\\/orientation-insertion-professionnelle\\\/#\\\/schema\\\/logo\\\/image\\\/\",\"url\":\"https:\\\/\\\/www.univ-lorraine.fr\\\/orientation-insertion-professionnelle\\\/wp-content\\\/uploads\\\/sites\\\/7\\\/2023\\\/04\\\/logo_siteweb2_Plan-de-travail-1.png\",\"contentUrl\":\"https:\\\/\\\/www.univ-lorraine.fr\\\/orientation-insertion-professionnelle\\\/wp-content\\\/uploads\\\/sites\\\/7\\\/2023\\\/04\\\/logo_siteweb2_Plan-de-travail-1.png\",\"width\":852,\"height\":492,\"caption\":\"Universit\u00e9 de Lorraine\"},\"image\":{\"@id\":\"https:\\\/\\\/www.univ-lorraine.fr\\\/orientation-insertion-professionnelle\\\/#\\\/schema\\\/logo\\\/image\\\/\"}}]}<\/script>\n<!-- \/ Yoast SEO plugin. -->","yoast_head_json":{"title":"Appels \u00e0 projets - Orientation et insertion professionnelle","robots":{"index":"index","follow":"follow","max-snippet":"max-snippet:-1","max-image-preview":"max-image-preview:large","max-video-preview":"max-video-preview:-1"},"canonical":"https:\/\/www.univ-lorraine.fr\/orientation-insertion-professionnelle\/appels-a-projets\/","og_locale":"fr_FR","og_type":"article","og_title":"Appels \u00e0 projets - Orientation et insertion professionnelle","og_description":"Que ce soit en qualit\u00e9 de pilote ou de partenaire, le SOIP est impliqu\u00e9 dans la mise en \u0153uvre de trois appels \u00e0 projets, couvrant le champ de ses missions.","og_url":"https:\/\/www.univ-lorraine.fr\/orientation-insertion-professionnelle\/appels-a-projets\/","og_site_name":"Orientation et insertion professionnelle","article_modified_time":"2024-11-20T08:28:43+00:00","og_image":[{"width":409,"height":248,"url":"https:\/\/www.univ-lorraine.fr\/orientation-insertion-professionnelle\/wp-content\/uploads\/sites\/7\/2023\/04\/logo-Ailes-1-couleurs.png","type":"image\/png"}],"twitter_card":"summary_large_image","twitter_misc":{"Dur\u00e9e de lecture estim\u00e9e":"5 minutes"},"schema":{"@context":"https:\/\/schema.org","@graph":[{"@type":"WebPage","@id":"https:\/\/www.univ-lorraine.fr\/orientation-insertion-professionnelle\/appels-a-projets\/","url":"https:\/\/www.univ-lorraine.fr\/orientation-insertion-professionnelle\/appels-a-projets\/","name":"Appels \u00e0 projets - Orientation et insertion professionnelle","isPartOf":{"@id":"https:\/\/www.univ-lorraine.fr\/orientation-insertion-professionnelle\/#website"},"primaryImageOfPage":{"@id":"https:\/\/www.univ-lorraine.fr\/orientation-insertion-professionnelle\/appels-a-projets\/#primaryimage"},"image":{"@id":"https:\/\/www.univ-lorraine.fr\/orientation-insertion-professionnelle\/appels-a-projets\/#primaryimage"},"thumbnailUrl":"https:\/\/www.univ-lorraine.fr\/orientation-insertion-professionnelle\/wp-content\/uploads\/sites\/7\/2023\/04\/logo-Ailes-1-couleurs.png","datePublished":"2021-03-18T20:03:44+00:00","dateModified":"2024-11-20T08:28:43+00:00","breadcrumb":{"@id":"https:\/\/www.univ-lorraine.fr\/orientation-insertion-professionnelle\/appels-a-projets\/#breadcrumb"},"inLanguage":"fr-FR","potentialAction":[{"@type":"ReadAction","target":["https:\/\/www.univ-lorraine.fr\/orientation-insertion-professionnelle\/appels-a-projets\/"]}]},{"@type":"ImageObject","inLanguage":"fr-FR","@id":"https:\/\/www.univ-lorraine.fr\/orientation-insertion-professionnelle\/appels-a-projets\/#primaryimage","url":"https:\/\/www.univ-lorraine.fr\/orientation-insertion-professionnelle\/wp-content\/uploads\/sites\/7\/2023\/04\/logo-Ailes-1-couleurs.png","contentUrl":"https:\/\/www.univ-lorraine.fr\/orientation-insertion-professionnelle\/wp-content\/uploads\/sites\/7\/2023\/04\/logo-Ailes-1-couleurs.png","width":409,"height":248},{"@type":"BreadcrumbList","@id":"https:\/\/www.univ-lorraine.fr\/orientation-insertion-professionnelle\/appels-a-projets\/#breadcrumb","itemListElement":[{"@type":"ListItem","position":1,"name":"Accueil","item":"https:\/\/www.univ-lorraine.fr\/orientation-insertion-professionnelle\/"},{"@type":"ListItem","position":2,"name":"Appels \u00e0 projets"}]},{"@type":"WebSite","@id":"https:\/\/www.univ-lorraine.fr\/orientation-insertion-professionnelle\/#website","url":"https:\/\/www.univ-lorraine.fr\/orientation-insertion-professionnelle\/","name":"Orientation et insertion professionnelle","description":"","publisher":{"@id":"https:\/\/www.univ-lorraine.fr\/orientation-insertion-professionnelle\/#organization"},"potentialAction":[{"@type":"SearchAction","target":{"@type":"EntryPoint","urlTemplate":"https:\/\/www.univ-lorraine.fr\/orientation-insertion-professionnelle\/?s={search_term_string}"},"query-input":{"@type":"PropertyValueSpecification","valueRequired":true,"valueName":"search_term_string"}}],"inLanguage":"fr-FR"},{"@type":"Organization","@id":"https:\/\/www.univ-lorraine.fr\/orientation-insertion-professionnelle\/#organization","name":"Universit\u00e9 de Lorraine","url":"https:\/\/www.univ-lorraine.fr\/orientation-insertion-professionnelle\/","logo":{"@type":"ImageObject","inLanguage":"fr-FR","@id":"https:\/\/www.univ-lorraine.fr\/orientation-insertion-professionnelle\/#\/schema\/logo\/image\/","url":"https:\/\/www.univ-lorraine.fr\/orientation-insertion-professionnelle\/wp-content\/uploads\/sites\/7\/2023\/04\/logo_siteweb2_Plan-de-travail-1.png","contentUrl":"https:\/\/www.univ-lorraine.fr\/orientation-insertion-professionnelle\/wp-content\/uploads\/sites\/7\/2023\/04\/logo_siteweb2_Plan-de-travail-1.png","width":852,"height":492,"caption":"Universit\u00e9 de Lorraine"},"image":{"@id":"https:\/\/www.univ-lorraine.fr\/orientation-insertion-professionnelle\/#\/schema\/logo\/image\/"}}]}},"_links":{"self":[{"href":"https:\/\/www.univ-lorraine.fr\/orientation-insertion-professionnelle\/wp-json\/wp\/v2\/pages\/193","targetHints":{"allow":["GET"]}}],"collection":[{"href":"https:\/\/www.univ-lorraine.fr\/orientation-insertion-professionnelle\/wp-json\/wp\/v2\/pages"}],"about":[{"href":"https:\/\/www.univ-lorraine.fr\/orientation-insertion-professionnelle\/wp-json\/wp\/v2\/types\/page"}],"author":[{"embeddable":true,"href":"https:\/\/www.univ-lorraine.fr\/orientation-insertion-professionnelle\/wp-json\/wp\/v2\/users\/7"}],"replies":[{"embeddable":true,"href":"https:\/\/www.univ-lorraine.fr\/orientation-insertion-professionnelle\/wp-json\/wp\/v2\/comments?post=193"}],"version-history":[{"count":64,"href":"https:\/\/www.univ-lorraine.fr\/orientation-insertion-professionnelle\/wp-json\/wp\/v2\/pages\/193\/revisions"}],"predecessor-version":[{"id":12962,"href":"https:\/\/www.univ-lorraine.fr\/orientation-insertion-professionnelle\/wp-json\/wp\/v2\/pages\/193\/revisions\/12962"}],"wp:attachment":[{"href":"https:\/\/www.univ-lorraine.fr\/orientation-insertion-professionnelle\/wp-json\/wp\/v2\/media?parent=193"}],"wp:term":[{"taxonomy":"category","embeddable":true,"href":"https:\/\/www.univ-lorraine.fr\/orientation-insertion-professionnelle\/wp-json\/wp\/v2\/categories?post=193"},{"taxonomy":"post_tag","embeddable":true,"href":"https:\/\/www.univ-lorraine.fr\/orientation-insertion-professionnelle\/wp-json\/wp\/v2\/tags?post=193"}],"curies":[{"name":"wp","href":"https:\/\/api.w.org\/{rel}","templated":true}]}}