{"id":2204,"date":"2021-09-20T12:11:43","date_gmt":"2021-09-20T10:11:43","guid":{"rendered":"https:\/\/www.univ-lorraine.fr\/orientation-insertion-professionnelle\/?page_id=2204"},"modified":"2022-09-16T17:40:21","modified_gmt":"2022-09-16T15:40:21","slug":"la-demarche-reseau","status":"publish","type":"page","link":"https:\/\/www.univ-lorraine.fr\/orientation-insertion-professionnelle\/ressources\/stage-emploi-et-alternance\/la-demarche-reseau\/","title":{"rendered":"La d\u00e9marche r\u00e9seau"},"content":{"rendered":"\n<h2 class=\"wp-block-heading\"><strong>LE R\u00c9SEAU PROFESSIONNEL<\/strong><\/h2>\n\n\n\n<p>Qu&rsquo;est-ce qu&rsquo;un r\u00e9seau professionnel ?<\/p>\n\n\n\n<p>Un r\u00e9seau est un syst\u00e8me de ramifications de relations entre des personnes qui facilite les \u00e9changes d&rsquo;informations et d&rsquo;id\u00e9es entre ses protagonistes.<\/p>\n\n\n\n<p>On parle de&nbsp;<strong>networking professionnel ou r\u00e9seautage.<br><\/strong><br>Concr\u00e8tement, l&rsquo;objectif est de rassembler autour de soi un ensemble des personnes pr\u00eates \u00e0 vous faire signe d\u00e8s qu\u2019une opportunit\u00e9 se pr\u00e9sente. Il s&rsquo;agit d&rsquo;utiliser ses relations (r\u00e9seau primaire) et les relations de ses relations (r\u00e9seau secondaire) pour rencontrer son futur recruteur.<\/p>\n\n\n\n<h4 class=\"wp-block-heading\">Pourquoi cr\u00e9er un r\u00e9seau ?<\/h4>\n\n\n\n<ul class=\"wp-block-list\"><li>Trouver un stage, un emploi par relation<\/li><li>S\u2019ouvrir de nouvelles perspectives professionnelles<\/li><li>Disposer d\u2019un carnet d\u2019adresses disponible et \u00e0 jour<\/li><\/ul>\n\n\n\n<h4 class=\"wp-block-heading\">Quels avantages ?<\/h4>\n\n\n\n<ul class=\"wp-block-list\"><li>Faire conna\u00eetre son projet professionnel, ses comp\u00e9tences, ses exp\u00e9riences\u2026<\/li><li>\u00a0Avoir acc\u00e8s \u00e0 des offres de stage ou d\u2019<a href=\"https:\/\/www.univ-lorraine.fr\/orientation-insertion-professionnelle\/?page_id=2221\">emploi \u00ab\u00a0cach\u00e9es\u00a0\u00bb<\/a>,\u00a0\u00e0 des informations sur l\u2019entreprise ou utiles pour la construction du projet<\/li><li>Obtenir des recommandations pour se d\u00e9marquer ou faire la diff\u00e9rence dans le cadre d\u2019une candidature<\/li><\/ul>\n\n\n\n<h4 class=\"wp-block-heading\">Qui contacter pour d\u00e9velopper son r\u00e9seau ?<\/h4>\n\n\n\n<ul class=\"wp-block-list\"><li>Entourage&nbsp;:&nbsp;familial, amical, sportif, associatif\u2026<\/li><li>Relations du quotidien&nbsp;: voisins, commer\u00e7ants, m\u00e9decins\u2026<\/li><li>Universit\u00e9\/Ecole&nbsp;: enseignants, association d\u2019anciens, \u00e9tudiantes, forums universit\u00e9\/entreprises (RED), tables rondes\u2026<\/li><li>Relations de travail&nbsp;: jobs \u00e9tudiants, saisonniers\u2026<\/li><li>R\u00e9seaux sociaux num\u00e9riques (<a href=\"https:\/\/www.facebook.com\/soipunivlorraine\" target=\"_blank\" rel=\"noreferrer noopener\">Facebook<\/a>,&nbsp;<a href=\"http:\/\/www.viadeo.com\/\" target=\"_blank\" rel=\"noreferrer noopener\">Viadeo<\/a>\u2026)&nbsp;: ajout de nouveaux contacts professionnels, forums de discussion\u2026<\/li><\/ul>\n\n\n\n<h4 class=\"wp-block-heading\">Comment prendre contact ?<\/h4>\n\n\n\n<ul class=\"wp-block-list\"><li>Par t\u00e9l\u00e9phone<\/li><li>Par mail<\/li><li>Via les associations d\u2019anciens \u00e9tudiants (appel\u00e9s alumnis)<\/li><li>Sur les forums, salons professionnels<\/li><li>Sur les r\u00e9seaux sociaux et professionnels (<a href=\"https:\/\/www.facebook.com\/soipunivlorraine\" target=\"_blank\" rel=\"noreferrer noopener\">Facebook<\/a>,&nbsp;<a href=\"http:\/\/www.viadeo.com\/\" target=\"_blank\" rel=\"noreferrer noopener\">Viadeo<\/a>,&nbsp;<a href=\"https:\/\/www.linkedin.com\/\" target=\"_blank\" rel=\"noreferrer noopener\">LinkedIn<\/a>,&nbsp;<a href=\"https:\/\/www.xing.com\/fr\" target=\"_blank\" rel=\"noreferrer noopener\">Xing<\/a>\u2026)<\/li><li>Chacun a int\u00e9r\u00eat \u00e0 d\u00e9velopper et utiliser ses r\u00e9seaux.<\/li><\/ul>\n\n\n<div class=\"gb-container gb-container-94110761\"><div class=\"gb-inside-container\">\n<div class=\"gb-grid-wrapper gb-grid-wrapper-03d75945\">\n<div class=\"gb-grid-column gb-grid-column-49ee6f0f\"><div class=\"gb-container gb-container-49ee6f0f\"><div class=\"gb-inside-container\">\n\n<h5 class=\"wp-block-heading\">R\u00e9seaux sociaux conseill\u00e9s<\/h5>\n\n\n\n<p><a href=\"https:\/\/www.linkedin.com\/\" target=\"_blank\" rel=\"noreferrer noopener\">Linkedin<\/a><\/p>\n\n\n\n<p><a href=\"http:\/\/www.viadeo.com\/\" target=\"_blank\" rel=\"noreferrer noopener\">Viadeo<\/a><\/p>\n\n<\/div><\/div><\/div>\n\n<div class=\"gb-grid-column gb-grid-column-a97c7365\"><div class=\"gb-container gb-container-a97c7365\"><div class=\"gb-inside-container\">\n\n<figure class=\"wp-block-image size-full is-resized\"><a href=\"https:\/\/www.univ-lorraine.fr\/orientation-insertion-professionnelle\/wp-content\/uploads\/sites\/7\/2021\/10\/cartographie_du_reseau.pdf\" target=\"_blank\" rel=\"noopener\"><img loading=\"lazy\" decoding=\"async\" src=\"https:\/\/www.univ-lorraine.fr\/orientation-insertion-professionnelle\/wp-content\/uploads\/sites\/7\/2021\/10\/csm_cartographie_du_reseau_9a1a18fa7c.png\" alt=\"\" class=\"wp-image-2817\" width=\"333\" height=\"235\" srcset=\"https:\/\/www.univ-lorraine.fr\/orientation-insertion-professionnelle\/wp-content\/uploads\/sites\/7\/2021\/10\/csm_cartographie_du_reseau_9a1a18fa7c.png 343w, https:\/\/www.univ-lorraine.fr\/orientation-insertion-professionnelle\/wp-content\/uploads\/sites\/7\/2021\/10\/csm_cartographie_du_reseau_9a1a18fa7c-300x212.png 300w\" sizes=\"auto, (max-width: 333px) 100vw, 333px\" \/><\/a><\/figure>\n\n\n\n<div class=\"wp-block-file\"><a href=\"https:\/\/www.univ-lorraine.fr\/orientation-insertion-professionnelle\/?attachment_id=2816\" target=\"_blank\" rel=\"noreferrer noopener\">Cartographie du reseau<\/a><a href=\"https:\/\/www.univ-lorraine.fr\/orientation-insertion-professionnelle\/wp-content\/uploads\/sites\/7\/2021\/10\/cartographie_du_reseau.pdf\" class=\"wp-block-file__button\" download>T\u00e9l\u00e9charger<\/a><\/div>\n\n<\/div><\/div><\/div>\n<\/div>\n<\/div><\/div>","protected":false},"excerpt":{"rendered":"<p>LE R\u00c9SEAU PROFESSIONNEL Qu&rsquo;est-ce qu&rsquo;un r\u00e9seau professionnel ? Un r\u00e9seau est un syst\u00e8me de ramifications de relations entre des personnes qui facilite les \u00e9changes d&rsquo;informations et d&rsquo;id\u00e9es entre ses protagonistes. On parle de&nbsp;networking professionnel ou r\u00e9seautage.Concr\u00e8tement, l&rsquo;objectif est de rassembler autour de soi un ensemble des personnes pr\u00eates \u00e0 vous faire signe d\u00e8s qu\u2019une opportunit\u00e9 &#8230; <a title=\"La d\u00e9marche r\u00e9seau\" class=\"read-more\" href=\"https:\/\/www.univ-lorraine.fr\/orientation-insertion-professionnelle\/ressources\/stage-emploi-et-alternance\/la-demarche-reseau\/\" aria-label=\"En savoir plus sur La d\u00e9marche r\u00e9seau\">Lire plus<\/a><\/p>\n","protected":false},"author":7,"featured_media":0,"parent":4903,"menu_order":0,"comment_status":"closed","ping_status":"closed","template":"","meta":{"inline_featured_image":false,"footnotes":""},"categories":[17,15],"tags":[],"class_list":{"0":"post-2204","1":"page","2":"type-page","3":"status-publish","5":"category-conseils","6":"category-insertion-professionnelle"},"yoast_head":"<!-- This site is optimized with the Yoast SEO plugin v27.4 - https:\/\/yoast.com\/product\/yoast-seo-wordpress\/ -->\n<title>La d\u00e9marche r\u00e9seau - Orientation et insertion professionnelle<\/title>\n<meta name=\"robots\" content=\"index, follow, max-snippet:-1, max-image-preview:large, max-video-preview:-1\" \/>\n<link rel=\"canonical\" href=\"https:\/\/www.univ-lorraine.fr\/orientation-insertion-professionnelle\/ressources\/stage-emploi-et-alternance\/la-demarche-reseau\/\" \/>\n<meta property=\"og:locale\" content=\"fr_FR\" \/>\n<meta property=\"og:type\" content=\"article\" \/>\n<meta property=\"og:title\" content=\"La d\u00e9marche r\u00e9seau - Orientation et insertion professionnelle\" \/>\n<meta property=\"og:description\" content=\"LE R\u00c9SEAU PROFESSIONNEL Qu&rsquo;est-ce qu&rsquo;un r\u00e9seau professionnel ? Un r\u00e9seau est un syst\u00e8me de ramifications de relations entre des personnes qui facilite les \u00e9changes d&rsquo;informations et d&rsquo;id\u00e9es entre ses protagonistes. On parle de&nbsp;networking professionnel ou r\u00e9seautage.Concr\u00e8tement, l&rsquo;objectif est de rassembler autour de soi un ensemble des personnes pr\u00eates \u00e0 vous faire signe d\u00e8s qu\u2019une opportunit\u00e9 ... Lire plus\" \/>\n<meta property=\"og:url\" content=\"https:\/\/www.univ-lorraine.fr\/orientation-insertion-professionnelle\/ressources\/stage-emploi-et-alternance\/la-demarche-reseau\/\" \/>\n<meta property=\"og:site_name\" content=\"Orientation et insertion professionnelle\" \/>\n<meta property=\"article:modified_time\" content=\"2022-09-16T15:40:21+00:00\" \/>\n<meta property=\"og:image\" content=\"https:\/\/www.univ-lorraine.fr\/orientation-insertion-professionnelle\/wp-content\/uploads\/sites\/7\/2021\/10\/csm_cartographie_du_reseau_9a1a18fa7c.png\" \/>\n<meta name=\"twitter:card\" content=\"summary_large_image\" \/>\n<meta name=\"twitter:label1\" content=\"Dur\u00e9e de lecture estim\u00e9e\" \/>\n\t<meta name=\"twitter:data1\" content=\"2 minutes\" \/>\n<script type=\"application\/ld+json\" class=\"yoast-schema-graph\">{\"@context\":\"https:\\\/\\\/schema.org\",\"@graph\":[{\"@type\":\"WebPage\",\"@id\":\"https:\\\/\\\/www.univ-lorraine.fr\\\/orientation-insertion-professionnelle\\\/ressources\\\/stage-emploi-et-alternance\\\/la-demarche-reseau\\\/\",\"url\":\"https:\\\/\\\/www.univ-lorraine.fr\\\/orientation-insertion-professionnelle\\\/ressources\\\/stage-emploi-et-alternance\\\/la-demarche-reseau\\\/\",\"name\":\"La d\u00e9marche r\u00e9seau - Orientation et insertion professionnelle\",\"isPartOf\":{\"@id\":\"https:\\\/\\\/www.univ-lorraine.fr\\\/orientation-insertion-professionnelle\\\/#website\"},\"primaryImageOfPage\":{\"@id\":\"https:\\\/\\\/www.univ-lorraine.fr\\\/orientation-insertion-professionnelle\\\/ressources\\\/stage-emploi-et-alternance\\\/la-demarche-reseau\\\/#primaryimage\"},\"image\":{\"@id\":\"https:\\\/\\\/www.univ-lorraine.fr\\\/orientation-insertion-professionnelle\\\/ressources\\\/stage-emploi-et-alternance\\\/la-demarche-reseau\\\/#primaryimage\"},\"thumbnailUrl\":\"https:\\\/\\\/www.univ-lorraine.fr\\\/orientation-insertion-professionnelle\\\/wp-content\\\/uploads\\\/sites\\\/7\\\/2021\\\/10\\\/csm_cartographie_du_reseau_9a1a18fa7c.png\",\"datePublished\":\"2021-09-20T10:11:43+00:00\",\"dateModified\":\"2022-09-16T15:40:21+00:00\",\"breadcrumb\":{\"@id\":\"https:\\\/\\\/www.univ-lorraine.fr\\\/orientation-insertion-professionnelle\\\/ressources\\\/stage-emploi-et-alternance\\\/la-demarche-reseau\\\/#breadcrumb\"},\"inLanguage\":\"fr-FR\",\"potentialAction\":[{\"@type\":\"ReadAction\",\"target\":[\"https:\\\/\\\/www.univ-lorraine.fr\\\/orientation-insertion-professionnelle\\\/ressources\\\/stage-emploi-et-alternance\\\/la-demarche-reseau\\\/\"]}]},{\"@type\":\"ImageObject\",\"inLanguage\":\"fr-FR\",\"@id\":\"https:\\\/\\\/www.univ-lorraine.fr\\\/orientation-insertion-professionnelle\\\/ressources\\\/stage-emploi-et-alternance\\\/la-demarche-reseau\\\/#primaryimage\",\"url\":\"https:\\\/\\\/www.univ-lorraine.fr\\\/orientation-insertion-professionnelle\\\/wp-content\\\/uploads\\\/sites\\\/7\\\/2021\\\/10\\\/csm_cartographie_du_reseau_9a1a18fa7c.png\",\"contentUrl\":\"https:\\\/\\\/www.univ-lorraine.fr\\\/orientation-insertion-professionnelle\\\/wp-content\\\/uploads\\\/sites\\\/7\\\/2021\\\/10\\\/csm_cartographie_du_reseau_9a1a18fa7c.png\",\"width\":343,\"height\":242},{\"@type\":\"BreadcrumbList\",\"@id\":\"https:\\\/\\\/www.univ-lorraine.fr\\\/orientation-insertion-professionnelle\\\/ressources\\\/stage-emploi-et-alternance\\\/la-demarche-reseau\\\/#breadcrumb\",\"itemListElement\":[{\"@type\":\"ListItem\",\"position\":1,\"name\":\"Accueil\",\"item\":\"https:\\\/\\\/www.univ-lorraine.fr\\\/orientation-insertion-professionnelle\\\/\"},{\"@type\":\"ListItem\",\"position\":2,\"name\":\"Ressources\",\"item\":\"https:\\\/\\\/www.univ-lorraine.fr\\\/orientation-insertion-professionnelle\\\/ressources\\\/\"},{\"@type\":\"ListItem\",\"position\":3,\"name\":\"Stage, emploi et alternance\",\"item\":\"https:\\\/\\\/www.univ-lorraine.fr\\\/orientation-insertion-professionnelle\\\/ressources\\\/stage-emploi-et-alternance\\\/\"},{\"@type\":\"ListItem\",\"position\":4,\"name\":\"La d\u00e9marche r\u00e9seau\"}]},{\"@type\":\"WebSite\",\"@id\":\"https:\\\/\\\/www.univ-lorraine.fr\\\/orientation-insertion-professionnelle\\\/#website\",\"url\":\"https:\\\/\\\/www.univ-lorraine.fr\\\/orientation-insertion-professionnelle\\\/\",\"name\":\"Orientation et insertion professionnelle\",\"description\":\"\",\"publisher\":{\"@id\":\"https:\\\/\\\/www.univ-lorraine.fr\\\/orientation-insertion-professionnelle\\\/#organization\"},\"potentialAction\":[{\"@type\":\"SearchAction\",\"target\":{\"@type\":\"EntryPoint\",\"urlTemplate\":\"https:\\\/\\\/www.univ-lorraine.fr\\\/orientation-insertion-professionnelle\\\/?s={search_term_string}\"},\"query-input\":{\"@type\":\"PropertyValueSpecification\",\"valueRequired\":true,\"valueName\":\"search_term_string\"}}],\"inLanguage\":\"fr-FR\"},{\"@type\":\"Organization\",\"@id\":\"https:\\\/\\\/www.univ-lorraine.fr\\\/orientation-insertion-professionnelle\\\/#organization\",\"name\":\"Universit\u00e9 de Lorraine\",\"url\":\"https:\\\/\\\/www.univ-lorraine.fr\\\/orientation-insertion-professionnelle\\\/\",\"logo\":{\"@type\":\"ImageObject\",\"inLanguage\":\"fr-FR\",\"@id\":\"https:\\\/\\\/www.univ-lorraine.fr\\\/orientation-insertion-professionnelle\\\/#\\\/schema\\\/logo\\\/image\\\/\",\"url\":\"https:\\\/\\\/www.univ-lorraine.fr\\\/orientation-insertion-professionnelle\\\/wp-content\\\/uploads\\\/sites\\\/7\\\/2023\\\/04\\\/logo_siteweb2_Plan-de-travail-1.png\",\"contentUrl\":\"https:\\\/\\\/www.univ-lorraine.fr\\\/orientation-insertion-professionnelle\\\/wp-content\\\/uploads\\\/sites\\\/7\\\/2023\\\/04\\\/logo_siteweb2_Plan-de-travail-1.png\",\"width\":852,\"height\":492,\"caption\":\"Universit\u00e9 de Lorraine\"},\"image\":{\"@id\":\"https:\\\/\\\/www.univ-lorraine.fr\\\/orientation-insertion-professionnelle\\\/#\\\/schema\\\/logo\\\/image\\\/\"}}]}<\/script>\n<!-- \/ Yoast SEO plugin. -->","yoast_head_json":{"title":"La d\u00e9marche r\u00e9seau - Orientation et insertion professionnelle","robots":{"index":"index","follow":"follow","max-snippet":"max-snippet:-1","max-image-preview":"max-image-preview:large","max-video-preview":"max-video-preview:-1"},"canonical":"https:\/\/www.univ-lorraine.fr\/orientation-insertion-professionnelle\/ressources\/stage-emploi-et-alternance\/la-demarche-reseau\/","og_locale":"fr_FR","og_type":"article","og_title":"La d\u00e9marche r\u00e9seau - Orientation et insertion professionnelle","og_description":"LE R\u00c9SEAU PROFESSIONNEL Qu&rsquo;est-ce qu&rsquo;un r\u00e9seau professionnel ? Un r\u00e9seau est un syst\u00e8me de ramifications de relations entre des personnes qui facilite les \u00e9changes d&rsquo;informations et d&rsquo;id\u00e9es entre ses protagonistes. On parle de&nbsp;networking professionnel ou r\u00e9seautage.Concr\u00e8tement, l&rsquo;objectif est de rassembler autour de soi un ensemble des personnes pr\u00eates \u00e0 vous faire signe d\u00e8s qu\u2019une opportunit\u00e9 ... Lire plus","og_url":"https:\/\/www.univ-lorraine.fr\/orientation-insertion-professionnelle\/ressources\/stage-emploi-et-alternance\/la-demarche-reseau\/","og_site_name":"Orientation et insertion professionnelle","article_modified_time":"2022-09-16T15:40:21+00:00","og_image":[{"url":"https:\/\/www.univ-lorraine.fr\/orientation-insertion-professionnelle\/wp-content\/uploads\/sites\/7\/2021\/10\/csm_cartographie_du_reseau_9a1a18fa7c.png","type":"","width":"","height":""}],"twitter_card":"summary_large_image","twitter_misc":{"Dur\u00e9e de lecture estim\u00e9e":"2 minutes"},"schema":{"@context":"https:\/\/schema.org","@graph":[{"@type":"WebPage","@id":"https:\/\/www.univ-lorraine.fr\/orientation-insertion-professionnelle\/ressources\/stage-emploi-et-alternance\/la-demarche-reseau\/","url":"https:\/\/www.univ-lorraine.fr\/orientation-insertion-professionnelle\/ressources\/stage-emploi-et-alternance\/la-demarche-reseau\/","name":"La d\u00e9marche r\u00e9seau - Orientation et insertion professionnelle","isPartOf":{"@id":"https:\/\/www.univ-lorraine.fr\/orientation-insertion-professionnelle\/#website"},"primaryImageOfPage":{"@id":"https:\/\/www.univ-lorraine.fr\/orientation-insertion-professionnelle\/ressources\/stage-emploi-et-alternance\/la-demarche-reseau\/#primaryimage"},"image":{"@id":"https:\/\/www.univ-lorraine.fr\/orientation-insertion-professionnelle\/ressources\/stage-emploi-et-alternance\/la-demarche-reseau\/#primaryimage"},"thumbnailUrl":"https:\/\/www.univ-lorraine.fr\/orientation-insertion-professionnelle\/wp-content\/uploads\/sites\/7\/2021\/10\/csm_cartographie_du_reseau_9a1a18fa7c.png","datePublished":"2021-09-20T10:11:43+00:00","dateModified":"2022-09-16T15:40:21+00:00","breadcrumb":{"@id":"https:\/\/www.univ-lorraine.fr\/orientation-insertion-professionnelle\/ressources\/stage-emploi-et-alternance\/la-demarche-reseau\/#breadcrumb"},"inLanguage":"fr-FR","potentialAction":[{"@type":"ReadAction","target":["https:\/\/www.univ-lorraine.fr\/orientation-insertion-professionnelle\/ressources\/stage-emploi-et-alternance\/la-demarche-reseau\/"]}]},{"@type":"ImageObject","inLanguage":"fr-FR","@id":"https:\/\/www.univ-lorraine.fr\/orientation-insertion-professionnelle\/ressources\/stage-emploi-et-alternance\/la-demarche-reseau\/#primaryimage","url":"https:\/\/www.univ-lorraine.fr\/orientation-insertion-professionnelle\/wp-content\/uploads\/sites\/7\/2021\/10\/csm_cartographie_du_reseau_9a1a18fa7c.png","contentUrl":"https:\/\/www.univ-lorraine.fr\/orientation-insertion-professionnelle\/wp-content\/uploads\/sites\/7\/2021\/10\/csm_cartographie_du_reseau_9a1a18fa7c.png","width":343,"height":242},{"@type":"BreadcrumbList","@id":"https:\/\/www.univ-lorraine.fr\/orientation-insertion-professionnelle\/ressources\/stage-emploi-et-alternance\/la-demarche-reseau\/#breadcrumb","itemListElement":[{"@type":"ListItem","position":1,"name":"Accueil","item":"https:\/\/www.univ-lorraine.fr\/orientation-insertion-professionnelle\/"},{"@type":"ListItem","position":2,"name":"Ressources","item":"https:\/\/www.univ-lorraine.fr\/orientation-insertion-professionnelle\/ressources\/"},{"@type":"ListItem","position":3,"name":"Stage, emploi et alternance","item":"https:\/\/www.univ-lorraine.fr\/orientation-insertion-professionnelle\/ressources\/stage-emploi-et-alternance\/"},{"@type":"ListItem","position":4,"name":"La d\u00e9marche r\u00e9seau"}]},{"@type":"WebSite","@id":"https:\/\/www.univ-lorraine.fr\/orientation-insertion-professionnelle\/#website","url":"https:\/\/www.univ-lorraine.fr\/orientation-insertion-professionnelle\/","name":"Orientation et insertion professionnelle","description":"","publisher":{"@id":"https:\/\/www.univ-lorraine.fr\/orientation-insertion-professionnelle\/#organization"},"potentialAction":[{"@type":"SearchAction","target":{"@type":"EntryPoint","urlTemplate":"https:\/\/www.univ-lorraine.fr\/orientation-insertion-professionnelle\/?s={search_term_string}"},"query-input":{"@type":"PropertyValueSpecification","valueRequired":true,"valueName":"search_term_string"}}],"inLanguage":"fr-FR"},{"@type":"Organization","@id":"https:\/\/www.univ-lorraine.fr\/orientation-insertion-professionnelle\/#organization","name":"Universit\u00e9 de Lorraine","url":"https:\/\/www.univ-lorraine.fr\/orientation-insertion-professionnelle\/","logo":{"@type":"ImageObject","inLanguage":"fr-FR","@id":"https:\/\/www.univ-lorraine.fr\/orientation-insertion-professionnelle\/#\/schema\/logo\/image\/","url":"https:\/\/www.univ-lorraine.fr\/orientation-insertion-professionnelle\/wp-content\/uploads\/sites\/7\/2023\/04\/logo_siteweb2_Plan-de-travail-1.png","contentUrl":"https:\/\/www.univ-lorraine.fr\/orientation-insertion-professionnelle\/wp-content\/uploads\/sites\/7\/2023\/04\/logo_siteweb2_Plan-de-travail-1.png","width":852,"height":492,"caption":"Universit\u00e9 de Lorraine"},"image":{"@id":"https:\/\/www.univ-lorraine.fr\/orientation-insertion-professionnelle\/#\/schema\/logo\/image\/"}}]}},"_links":{"self":[{"href":"https:\/\/www.univ-lorraine.fr\/orientation-insertion-professionnelle\/wp-json\/wp\/v2\/pages\/2204","targetHints":{"allow":["GET"]}}],"collection":[{"href":"https:\/\/www.univ-lorraine.fr\/orientation-insertion-professionnelle\/wp-json\/wp\/v2\/pages"}],"about":[{"href":"https:\/\/www.univ-lorraine.fr\/orientation-insertion-professionnelle\/wp-json\/wp\/v2\/types\/page"}],"author":[{"embeddable":true,"href":"https:\/\/www.univ-lorraine.fr\/orientation-insertion-professionnelle\/wp-json\/wp\/v2\/users\/7"}],"replies":[{"embeddable":true,"href":"https:\/\/www.univ-lorraine.fr\/orientation-insertion-professionnelle\/wp-json\/wp\/v2\/comments?post=2204"}],"version-history":[{"count":8,"href":"https:\/\/www.univ-lorraine.fr\/orientation-insertion-professionnelle\/wp-json\/wp\/v2\/pages\/2204\/revisions"}],"predecessor-version":[{"id":2973,"href":"https:\/\/www.univ-lorraine.fr\/orientation-insertion-professionnelle\/wp-json\/wp\/v2\/pages\/2204\/revisions\/2973"}],"up":[{"embeddable":true,"href":"https:\/\/www.univ-lorraine.fr\/orientation-insertion-professionnelle\/wp-json\/wp\/v2\/pages\/4903"}],"wp:attachment":[{"href":"https:\/\/www.univ-lorraine.fr\/orientation-insertion-professionnelle\/wp-json\/wp\/v2\/media?parent=2204"}],"wp:term":[{"taxonomy":"category","embeddable":true,"href":"https:\/\/www.univ-lorraine.fr\/orientation-insertion-professionnelle\/wp-json\/wp\/v2\/categories?post=2204"},{"taxonomy":"post_tag","embeddable":true,"href":"https:\/\/www.univ-lorraine.fr\/orientation-insertion-professionnelle\/wp-json\/wp\/v2\/tags?post=2204"}],"curies":[{"name":"wp","href":"https:\/\/api.w.org\/{rel}","templated":true}]}}