{"id":233,"date":"2021-03-18T21:38:42","date_gmt":"2021-03-18T20:38:42","guid":{"rendered":"https:\/\/www.univ-lorraine.fr\/orientation-insertion-professionnelle\/?page_id=233"},"modified":"2025-10-09T15:11:52","modified_gmt":"2025-10-09T13:11:52","slug":"vous-etes-doctorant-e","status":"publish","type":"page","link":"https:\/\/www.univ-lorraine.fr\/orientation-insertion-professionnelle\/vous-etes-doctorant-e\/","title":{"rendered":"Vous \u00eates doctorant\u00b7e"},"content":{"rendered":"<div class=\"gb-grid-wrapper gb-grid-wrapper-a50a185b\">\n<div class=\"gb-grid-column gb-grid-column-02d1b5ed\"><div class=\"gb-container gb-container-02d1b5ed\"><div class=\"gb-inside-container\">\n\n<figure class=\"wp-block-image size-full is-resized\"><img loading=\"lazy\" decoding=\"async\" width=\"500\" height=\"500\" src=\"https:\/\/www.univ-lorraine.fr\/orientation-insertion-professionnelle\/wp-content\/uploads\/sites\/7\/2023\/07\/doctorant.png\" alt=\"\" class=\"wp-image-10128\" srcset=\"https:\/\/www.univ-lorraine.fr\/orientation-insertion-professionnelle\/wp-content\/uploads\/sites\/7\/2023\/07\/doctorant.png 500w, https:\/\/www.univ-lorraine.fr\/orientation-insertion-professionnelle\/wp-content\/uploads\/sites\/7\/2023\/07\/doctorant-300x300.png 300w, https:\/\/www.univ-lorraine.fr\/orientation-insertion-professionnelle\/wp-content\/uploads\/sites\/7\/2023\/07\/doctorant-150x150.png 150w\" sizes=\"auto, (max-width: 500px) 100vw, 500px\" \/><\/figure>\n\n<\/div><\/div><\/div>\n\n<div class=\"gb-grid-column gb-grid-column-9db3ba17\"><div class=\"gb-container gb-container-9db3ba17\"><div class=\"gb-inside-container\">\n\n<p class=\"gb-headline gb-headline-a4ff20ff gb-headline-text\">Vous souhaitez&nbsp;:<\/p>\n\n\n\n<ul class=\"wp-block-list\">\n<li style=\"font-size:25px\">pr\u00e9parer votre apr\u00e8s th\u00e8se<\/li>\n\n\n\n<li style=\"font-size:25px\">apprendre \u00e0 identifier vos comp\u00e9tences et \u00e0 les valoriser sur le march\u00e9 de l\u2019emploi<\/li>\n\n\n\n<li style=\"font-size:25px\">vous former aux techniques de recherche d\u2019emploi (TRE)<\/li>\n<\/ul>\n\n<\/div><\/div><\/div>\n<\/div>\n\n\n<h2 class=\"wp-block-heading\" style=\"font-size:25px\">En lien avec la Maison du doctorat, le SOIP vous accompagne :<\/h2>\n\n\n<div class=\"gb-grid-wrapper gb-grid-wrapper-affa4c42\">\n<div class=\"gb-grid-column gb-grid-column-d560f025\"><div class=\"gb-container gb-container-d560f025\"><div class=\"gb-inside-container\">\n\n<h3 class=\"gb-headline gb-headline-df7259d2\"><span class=\"gb-icon\"><svg id=\"Calque_1\" data-name=\"Calque 1\" xmlns=\"http:\/\/www.w3.org\/2000\/svg\" viewBox=\"0 0 244.78 244.78\">   <defs>     <style>       .cls-1 {         fill: #fff;       }        .cls-2 {         fill: none;         stroke: #fff;         stroke-miterlimit: 10;         stroke-width: 22.09px;       }     <\/style>   <\/defs>   <circle class=\"cls-2\" cx=\"122.39\" cy=\"122.39\" r=\"111.33\"><\/circle>   <path class=\"cls-1\" d=\"m46.47,168.94l97.5-11.8,54.87-81.73-97.5,11.8-54.87,81.73Zm93.34-57.17c5.61,9.2,2.7,21.21-6.51,26.82-9.2,5.61-21.21,2.7-26.82-6.51-5.61-9.2-2.7-21.21,6.51-26.82,9.2-5.61,21.21-2.7,26.82,6.51Z\"><\/path> <\/svg><\/span><span class=\"gb-headline-text\">Conseils&nbsp;:<\/span><\/h3>\n\n\n\n<ul class=\"wp-block-list\">\n<li><strong>Entretiens personnalis\u00e9s<\/strong>&nbsp;: identification et valorisation des comp\u00e9tences (r\u00e9f\u00e9renciel inscrit dans le RNCP depuis 2019), \u00e9laboration du projet, enqu\u00eate m\u00e9tiers et secteurs d&rsquo;activit\u00e9, perfectionnement des techniques de recherche d&#8217;emploi (CV, lettres de motivation, entretien, cr\u00e9ation de profil sur les r\u00e9seaux sociaux, etc.)<\/li>\n\n\n\n<li><strong>Le SOIP est \u00ab&nbsp;Relai ABG Intelli&rsquo;Agence&nbsp;\u00bb,<\/strong> ses conseillers b\u00e9n\u00e9ficient donc de ses services et ressources.<\/li>\n<\/ul>\n\n\n\n<p class=\"has-text-align-center\"><a href=\"https:\/\/u2l.fr\/rdvsoipdoctorat\" target=\"_blank\" rel=\"noreferrer noopener\">Prendre RDV en ligne avec une conseill\u00e8re <strong>en insertion et emploi des doctorant\u00b7es<\/strong><\/a><\/p>\n\n\n\n<div class=\"wp-block-buttons is-content-justification-center is-layout-flex wp-container-core-buttons-is-layout-16018d1d wp-block-buttons-is-layout-flex\">\n<div class=\"wp-block-button\"><a class=\"wp-block-button__link wp-element-button\" href=\"https:\/\/www.abg.asso.fr\/fr\/\">D\u00e9couvrir l&rsquo;ABG<\/a><\/div>\n<\/div>\n\n<\/div><\/div><\/div>\n\n<div class=\"gb-grid-column gb-grid-column-fb88a0b1\"><div class=\"gb-container gb-container-fb88a0b1\"><div class=\"gb-inside-container\">\n\n<h3 class=\"gb-headline gb-headline-1ddf1c5f\"><span class=\"gb-icon\"><svg id=\"Calque_2\" data-name=\"Calque 2\" xmlns=\"http:\/\/www.w3.org\/2000\/svg\" viewBox=\"0 0 164.79 350.35\">   <defs>     <style>       .cls-1 {         fill: #fff;       }     <\/style>   <\/defs>   <g id=\"Calque_1-2\" data-name=\"Calque 1\">     <path class=\"cls-1\" d=\"m0,294.37c0-30.11,24.17-56.81,55.12-56.81,28.41,0,55.55,23.74,55.55,56.39,0,28.84-22.48,56.39-55.12,56.39-28.41,0-55.55-23.32-55.55-55.97Zm97.95-3.82c0-27.14-22.48-47.06-46.22-47.06-25.86,0-45.79,22.47-45.79,47.49,0,27.14,22.47,46.64,46.22,46.64,27.14,0,45.8-22.9,45.8-47.07ZM26.29,224.84c-4.24-.85-8.06-5.51-7.63-9.75L30.95,9.01C31.38,3.5,36.04-.74,41.55.11l115.33,17.81c5.51.85,8.91,5.94,7.63,11.45l-49.19,203.95c-1.27,4.67-5.94,8.06-10.6,7.21l-78.44-15.69ZM152.23,23.85L36.89,6.04l-12.3,206.07,78.44,15.69L152.23,23.85Z\"><\/path>   <\/g> <\/svg><\/span><span class=\"gb-headline-text\">Formations&nbsp;:&nbsp;<\/span><\/h3>\n\n\n\n<ul class=\"wp-block-list\">\n<li><strong>Journ\u00e9es \u00ab&nbsp;Insertion professionnelle et techniques de recherche d&#8217;emploi&nbsp;\u00bb<\/strong> (en janvier\/f\u00e9vrier, sur inscription)<\/li>\n<\/ul>\n\n\n<div class=\"gb-container gb-container-a1df5cfe\">\n\n<div class=\"wp-block-buttons is-content-justification-center is-layout-flex wp-container-core-buttons-is-layout-16018d1d wp-block-buttons-is-layout-flex\">\n<div class=\"wp-block-button\"><a class=\"wp-block-button__link wp-element-button\" href=\"https:\/\/adum.fr\/\">S&rsquo;inscrire sur l&rsquo;Adum<\/a><\/div>\n<\/div>\n\n<\/div>\n\n\n<ul class=\"wp-block-list\">\n<li><strong>Modules de formation sur les portfolios d\u00e9di\u00e9s au doctorat<\/strong><\/li>\n<\/ul>\n\n\n\n<h3 class=\"wp-block-heading has-text-align-center\">Sensibilisation au monde <br>professionnel :<\/h3>\n\n\n\n<ul class=\"wp-block-list\">\n<li>Visites d&rsquo;entreprises<\/li>\n\n\n\n<li>Tables-rondes avec de jeunes docteurs<\/li>\n<\/ul>\n\n<\/div><\/div><\/div>\n\n<div class=\"gb-grid-column gb-grid-column-b1524ab8\"><div class=\"gb-container gb-container-b1524ab8\"><div class=\"gb-inside-container\">\n\n<h3 class=\"gb-headline gb-headline-6b1fce17\"><span class=\"gb-icon\"><svg id=\"Calque_2\" data-name=\"Calque 2\" xmlns=\"http:\/\/www.w3.org\/2000\/svg\" viewBox=\"0 0 164.79 350.35\">   <defs>     <style>       .cls-1 {         fill: #fff;       }     <\/style>   <\/defs>   <g id=\"Calque_1-2\" data-name=\"Calque 1\">     <path class=\"cls-1\" d=\"m0,294.37c0-30.11,24.17-56.81,55.12-56.81,28.41,0,55.55,23.74,55.55,56.39,0,28.84-22.48,56.39-55.12,56.39-28.41,0-55.55-23.32-55.55-55.97Zm97.95-3.82c0-27.14-22.48-47.06-46.22-47.06-25.86,0-45.79,22.47-45.79,47.49,0,27.14,22.47,46.64,46.22,46.64,27.14,0,45.8-22.9,45.8-47.07ZM26.29,224.84c-4.24-.85-8.06-5.51-7.63-9.75L30.95,9.01C31.38,3.5,36.04-.74,41.55.11l115.33,17.81c5.51.85,8.91,5.94,7.63,11.45l-49.19,203.95c-1.27,4.67-5.94,8.06-10.6,7.21l-78.44-15.69ZM152.23,23.85L36.89,6.04l-12.3,206.07,78.44,15.69L152.23,23.85Z\"><\/path>   <\/g> <\/svg><\/span><span class=\"gb-headline-text\">Outils et ressources&nbsp;:<\/span><\/h3>\n\n\n\n<ul class=\"wp-block-list\">\n<li><strong>My doc pro : <\/strong>Accompagnement dans l\u2019appropriation du portfolio d\u00e9velopp\u00e9 par l\u2019ABG Intelli&rsquo;Agence&nbsp;<\/li>\n<\/ul>\n\n\n<div class=\"gb-container gb-container-6befa134\">\n\n<div class=\"wp-block-buttons is-content-justification-center is-layout-flex wp-container-core-buttons-is-layout-16018d1d wp-block-buttons-is-layout-flex\">\n<div class=\"wp-block-button\"><a class=\"wp-block-button__link wp-element-button\" href=\"https:\/\/www.mydocpro.org\/fr\">D\u00e9couvrir My doc pro<\/a><\/div>\n<\/div>\n\n<\/div>\n\n\n<ul class=\"wp-block-list\">\n<li><strong><a href=\"https:\/\/www.netvibes.com\/udl-stage-emploi#Docteurs\" target=\"_blank\" rel=\"noreferrer noopener\">S\u00e9lection de ressources du web<\/a> <\/strong>d\u00e9di\u00e9es \u00e0 l\u2019insertion professionnelle des doctorants&nbsp;<\/li>\n\n\n\n<li><strong>Plateforme et r\u00e9seau des Alumni<\/strong> de l&rsquo;universit\u00e9 de Lorraine<\/li>\n<\/ul>\n\n\n\n<div class=\"wp-block-buttons is-horizontal is-content-justification-center is-layout-flex wp-container-core-buttons-is-layout-499968f5 wp-block-buttons-is-layout-flex\">\n<div class=\"wp-block-button\"><a class=\"wp-block-button__link wp-element-button\" href=\"https:\/\/alumni.univ-lorraine.fr\" target=\"_blank\" rel=\"noreferrer noopener\">D\u00e9couvrir les services de la plateforme et du r\u00e9seau Alumni<\/a><\/div>\n<\/div>\n\n<\/div><\/div><\/div>\n\n<div class=\"gb-grid-column gb-grid-column-8e0933e9\"><div class=\"gb-container gb-container-8e0933e9\"><div class=\"gb-inside-container\">\n\n<h3 class=\"wp-block-heading has-text-align-center\">Contacts : <\/h3>\n\n\n\n<p class=\"has-text-align-center\">SOIP, \u00e0 Metz : <br><a href=\"ma&#105;&#108;&#116;&#x6f;&#x3a;&#x61;&#x6e;ne&#46;&#116;&#104;&#x69;&#x72;&#x69;&#x65;t&#64;&#117;&#110;&#105;&#x76;&#x2d;&#x6c;&#x6f;rr&#97;&#105;&#110;&#x65;&#x2e;&#x66;&#x72;\">&#97;&#x6e;n&#101;&#x2e;t&#x68;&#x69;&#114;&#x69;e&#116;&#x40;u&#110;&#x69;&#118;&#x2d;l&#111;&#x72;r&#97;&#x69;&#110;&#x65;&#x2e;&#102;&#x72;<\/a><br>03 72 74 03 84<br><\/p>\n\n\n\n<p class=\"has-text-align-center\">SOIP, \u00e0 Nancy et Vand\u0153uvre : <br><a href=\"&#x6d;&#97;&#105;&#x6c;&#x74;&#111;&#58;&#x6d;&#x61;&#103;&#97;&#x6c;&#x69;&#46;&#98;&#x72;&#x75;&#110;&#101;&#x6c;&#x40;&#117;&#110;&#x69;&#x76;&#45;&#108;&#x6f;&#x72;&#114;&#97;&#x69;&#x6e;&#101;&#46;&#x66;&#x72;\">&#109;&#x61;&#103;&#x61;l&#105;&#x2e;&#98;&#x72;u&#x6e;e&#108;&#x40;&#117;&#x6e;i&#x76;&#x2d;&#108;&#x6f;r&#x72;a&#105;&#x6e;&#101;&#x2e;f&#x72;<\/a><br>03 72 74 03 80 <br>ou 06 27 45 56 07<\/p>\n\n\n<div class=\"gb-container gb-container-791db33a\"><div class=\"gb-inside-container\">\n\n<h3 class=\"wp-block-heading has-text-align-center\">INFOS PRATIQUES :<\/h3>\n\n<\/div><\/div>\n\n\n<div class=\"wp-block-buttons is-content-justification-center is-layout-flex wp-container-core-buttons-is-layout-16018d1d wp-block-buttons-is-layout-flex\">\n<div class=\"wp-block-button\"><a class=\"wp-block-button__link wp-element-button\" href=\"https:\/\/www.univ-lorraine.fr\/orientation-insertion-professionnelle\/infos-pratiques\/\" target=\"_blank\" rel=\"noreferrer noopener\">Retrouver les adresses et<br>horaires du SOIP<\/a><\/div>\n<\/div>\n\n\n<div class=\"gb-button-wrapper gb-button-wrapper-d1566316\">\n\n<a class=\"gb-button gb-button-a280775e gb-button-text\" href=\"http:\/\/doctorat.univ-lorraine.fr\/fr\" target=\"_blank\" rel=\"noopener noreferrer\">D\u00e9couvrir les services de la Maison du doctorat<\/a>\n\n<\/div>\n<\/div><\/div><\/div>\n<\/div>\n\n\n<h3 class=\"wp-block-heading\"><strong>&nbsp;<\/strong><\/h3>\n\n\n\n<p><\/p>\n","protected":false},"excerpt":{"rendered":"<p>En lien avec la Maison du doctorat, le SOIP vous accompagne : &nbsp;<\/p>\n","protected":false},"author":7,"featured_media":0,"parent":0,"menu_order":0,"comment_status":"closed","ping_status":"closed","template":"","meta":{"inline_featured_image":false,"footnotes":""},"categories":[],"tags":[],"class_list":["post-233","page","type-page","status-publish"],"yoast_head":"<!-- This site is optimized with the Yoast SEO plugin v27.4 - https:\/\/yoast.com\/product\/yoast-seo-wordpress\/ -->\n<title>Vous \u00eates doctorant\u00b7e - Orientation et insertion professionnelle<\/title>\n<meta name=\"robots\" content=\"index, follow, max-snippet:-1, max-image-preview:large, max-video-preview:-1\" \/>\n<link rel=\"canonical\" href=\"https:\/\/www.univ-lorraine.fr\/orientation-insertion-professionnelle\/vous-etes-doctorant-e\/\" \/>\n<meta property=\"og:locale\" content=\"fr_FR\" \/>\n<meta property=\"og:type\" content=\"article\" \/>\n<meta property=\"og:title\" content=\"Vous \u00eates doctorant\u00b7e - Orientation et insertion professionnelle\" \/>\n<meta property=\"og:description\" content=\"En lien avec la Maison du doctorat, le SOIP vous accompagne : &nbsp;\" \/>\n<meta property=\"og:url\" content=\"https:\/\/www.univ-lorraine.fr\/orientation-insertion-professionnelle\/vous-etes-doctorant-e\/\" \/>\n<meta property=\"og:site_name\" content=\"Orientation et insertion professionnelle\" \/>\n<meta property=\"article:modified_time\" content=\"2025-10-09T13:11:52+00:00\" \/>\n<meta property=\"og:image\" content=\"https:\/\/www.univ-lorraine.fr\/orientation-insertion-professionnelle\/wp-content\/uploads\/sites\/7\/2023\/07\/doctorant.png\" \/>\n\t<meta property=\"og:image:width\" content=\"500\" \/>\n\t<meta property=\"og:image:height\" content=\"500\" \/>\n\t<meta property=\"og:image:type\" content=\"image\/png\" \/>\n<meta name=\"twitter:card\" content=\"summary_large_image\" \/>\n<meta name=\"twitter:label1\" content=\"Dur\u00e9e de lecture estim\u00e9e\" \/>\n\t<meta name=\"twitter:data1\" content=\"2 minutes\" \/>\n<script type=\"application\/ld+json\" class=\"yoast-schema-graph\">{\"@context\":\"https:\\\/\\\/schema.org\",\"@graph\":[{\"@type\":\"WebPage\",\"@id\":\"https:\\\/\\\/www.univ-lorraine.fr\\\/orientation-insertion-professionnelle\\\/vous-etes-doctorant-e\\\/\",\"url\":\"https:\\\/\\\/www.univ-lorraine.fr\\\/orientation-insertion-professionnelle\\\/vous-etes-doctorant-e\\\/\",\"name\":\"Vous \u00eates doctorant\u00b7e - Orientation et insertion professionnelle\",\"isPartOf\":{\"@id\":\"https:\\\/\\\/www.univ-lorraine.fr\\\/orientation-insertion-professionnelle\\\/#website\"},\"primaryImageOfPage\":{\"@id\":\"https:\\\/\\\/www.univ-lorraine.fr\\\/orientation-insertion-professionnelle\\\/vous-etes-doctorant-e\\\/#primaryimage\"},\"image\":{\"@id\":\"https:\\\/\\\/www.univ-lorraine.fr\\\/orientation-insertion-professionnelle\\\/vous-etes-doctorant-e\\\/#primaryimage\"},\"thumbnailUrl\":\"https:\\\/\\\/www.univ-lorraine.fr\\\/orientation-insertion-professionnelle\\\/wp-content\\\/uploads\\\/sites\\\/7\\\/2023\\\/07\\\/doctorant.png\",\"datePublished\":\"2021-03-18T20:38:42+00:00\",\"dateModified\":\"2025-10-09T13:11:52+00:00\",\"breadcrumb\":{\"@id\":\"https:\\\/\\\/www.univ-lorraine.fr\\\/orientation-insertion-professionnelle\\\/vous-etes-doctorant-e\\\/#breadcrumb\"},\"inLanguage\":\"fr-FR\",\"potentialAction\":[{\"@type\":\"ReadAction\",\"target\":[\"https:\\\/\\\/www.univ-lorraine.fr\\\/orientation-insertion-professionnelle\\\/vous-etes-doctorant-e\\\/\"]}]},{\"@type\":\"ImageObject\",\"inLanguage\":\"fr-FR\",\"@id\":\"https:\\\/\\\/www.univ-lorraine.fr\\\/orientation-insertion-professionnelle\\\/vous-etes-doctorant-e\\\/#primaryimage\",\"url\":\"https:\\\/\\\/www.univ-lorraine.fr\\\/orientation-insertion-professionnelle\\\/wp-content\\\/uploads\\\/sites\\\/7\\\/2023\\\/07\\\/doctorant.png\",\"contentUrl\":\"https:\\\/\\\/www.univ-lorraine.fr\\\/orientation-insertion-professionnelle\\\/wp-content\\\/uploads\\\/sites\\\/7\\\/2023\\\/07\\\/doctorant.png\",\"width\":500,\"height\":500},{\"@type\":\"BreadcrumbList\",\"@id\":\"https:\\\/\\\/www.univ-lorraine.fr\\\/orientation-insertion-professionnelle\\\/vous-etes-doctorant-e\\\/#breadcrumb\",\"itemListElement\":[{\"@type\":\"ListItem\",\"position\":1,\"name\":\"Accueil\",\"item\":\"https:\\\/\\\/www.univ-lorraine.fr\\\/orientation-insertion-professionnelle\\\/\"},{\"@type\":\"ListItem\",\"position\":2,\"name\":\"Vous \u00eates doctorant\u00b7e\"}]},{\"@type\":\"WebSite\",\"@id\":\"https:\\\/\\\/www.univ-lorraine.fr\\\/orientation-insertion-professionnelle\\\/#website\",\"url\":\"https:\\\/\\\/www.univ-lorraine.fr\\\/orientation-insertion-professionnelle\\\/\",\"name\":\"Orientation et insertion professionnelle\",\"description\":\"\",\"publisher\":{\"@id\":\"https:\\\/\\\/www.univ-lorraine.fr\\\/orientation-insertion-professionnelle\\\/#organization\"},\"potentialAction\":[{\"@type\":\"SearchAction\",\"target\":{\"@type\":\"EntryPoint\",\"urlTemplate\":\"https:\\\/\\\/www.univ-lorraine.fr\\\/orientation-insertion-professionnelle\\\/?s={search_term_string}\"},\"query-input\":{\"@type\":\"PropertyValueSpecification\",\"valueRequired\":true,\"valueName\":\"search_term_string\"}}],\"inLanguage\":\"fr-FR\"},{\"@type\":\"Organization\",\"@id\":\"https:\\\/\\\/www.univ-lorraine.fr\\\/orientation-insertion-professionnelle\\\/#organization\",\"name\":\"Universit\u00e9 de Lorraine\",\"url\":\"https:\\\/\\\/www.univ-lorraine.fr\\\/orientation-insertion-professionnelle\\\/\",\"logo\":{\"@type\":\"ImageObject\",\"inLanguage\":\"fr-FR\",\"@id\":\"https:\\\/\\\/www.univ-lorraine.fr\\\/orientation-insertion-professionnelle\\\/#\\\/schema\\\/logo\\\/image\\\/\",\"url\":\"https:\\\/\\\/www.univ-lorraine.fr\\\/orientation-insertion-professionnelle\\\/wp-content\\\/uploads\\\/sites\\\/7\\\/2023\\\/04\\\/logo_siteweb2_Plan-de-travail-1.png\",\"contentUrl\":\"https:\\\/\\\/www.univ-lorraine.fr\\\/orientation-insertion-professionnelle\\\/wp-content\\\/uploads\\\/sites\\\/7\\\/2023\\\/04\\\/logo_siteweb2_Plan-de-travail-1.png\",\"width\":852,\"height\":492,\"caption\":\"Universit\u00e9 de Lorraine\"},\"image\":{\"@id\":\"https:\\\/\\\/www.univ-lorraine.fr\\\/orientation-insertion-professionnelle\\\/#\\\/schema\\\/logo\\\/image\\\/\"}}]}<\/script>\n<!-- \/ Yoast SEO plugin. -->","yoast_head_json":{"title":"Vous \u00eates doctorant\u00b7e - Orientation et insertion professionnelle","robots":{"index":"index","follow":"follow","max-snippet":"max-snippet:-1","max-image-preview":"max-image-preview:large","max-video-preview":"max-video-preview:-1"},"canonical":"https:\/\/www.univ-lorraine.fr\/orientation-insertion-professionnelle\/vous-etes-doctorant-e\/","og_locale":"fr_FR","og_type":"article","og_title":"Vous \u00eates doctorant\u00b7e - Orientation et insertion professionnelle","og_description":"En lien avec la Maison du doctorat, le SOIP vous accompagne : &nbsp;","og_url":"https:\/\/www.univ-lorraine.fr\/orientation-insertion-professionnelle\/vous-etes-doctorant-e\/","og_site_name":"Orientation et insertion professionnelle","article_modified_time":"2025-10-09T13:11:52+00:00","og_image":[{"width":500,"height":500,"url":"https:\/\/www.univ-lorraine.fr\/orientation-insertion-professionnelle\/wp-content\/uploads\/sites\/7\/2023\/07\/doctorant.png","type":"image\/png"}],"twitter_card":"summary_large_image","twitter_misc":{"Dur\u00e9e de lecture estim\u00e9e":"2 minutes"},"schema":{"@context":"https:\/\/schema.org","@graph":[{"@type":"WebPage","@id":"https:\/\/www.univ-lorraine.fr\/orientation-insertion-professionnelle\/vous-etes-doctorant-e\/","url":"https:\/\/www.univ-lorraine.fr\/orientation-insertion-professionnelle\/vous-etes-doctorant-e\/","name":"Vous \u00eates doctorant\u00b7e - Orientation et insertion professionnelle","isPartOf":{"@id":"https:\/\/www.univ-lorraine.fr\/orientation-insertion-professionnelle\/#website"},"primaryImageOfPage":{"@id":"https:\/\/www.univ-lorraine.fr\/orientation-insertion-professionnelle\/vous-etes-doctorant-e\/#primaryimage"},"image":{"@id":"https:\/\/www.univ-lorraine.fr\/orientation-insertion-professionnelle\/vous-etes-doctorant-e\/#primaryimage"},"thumbnailUrl":"https:\/\/www.univ-lorraine.fr\/orientation-insertion-professionnelle\/wp-content\/uploads\/sites\/7\/2023\/07\/doctorant.png","datePublished":"2021-03-18T20:38:42+00:00","dateModified":"2025-10-09T13:11:52+00:00","breadcrumb":{"@id":"https:\/\/www.univ-lorraine.fr\/orientation-insertion-professionnelle\/vous-etes-doctorant-e\/#breadcrumb"},"inLanguage":"fr-FR","potentialAction":[{"@type":"ReadAction","target":["https:\/\/www.univ-lorraine.fr\/orientation-insertion-professionnelle\/vous-etes-doctorant-e\/"]}]},{"@type":"ImageObject","inLanguage":"fr-FR","@id":"https:\/\/www.univ-lorraine.fr\/orientation-insertion-professionnelle\/vous-etes-doctorant-e\/#primaryimage","url":"https:\/\/www.univ-lorraine.fr\/orientation-insertion-professionnelle\/wp-content\/uploads\/sites\/7\/2023\/07\/doctorant.png","contentUrl":"https:\/\/www.univ-lorraine.fr\/orientation-insertion-professionnelle\/wp-content\/uploads\/sites\/7\/2023\/07\/doctorant.png","width":500,"height":500},{"@type":"BreadcrumbList","@id":"https:\/\/www.univ-lorraine.fr\/orientation-insertion-professionnelle\/vous-etes-doctorant-e\/#breadcrumb","itemListElement":[{"@type":"ListItem","position":1,"name":"Accueil","item":"https:\/\/www.univ-lorraine.fr\/orientation-insertion-professionnelle\/"},{"@type":"ListItem","position":2,"name":"Vous \u00eates doctorant\u00b7e"}]},{"@type":"WebSite","@id":"https:\/\/www.univ-lorraine.fr\/orientation-insertion-professionnelle\/#website","url":"https:\/\/www.univ-lorraine.fr\/orientation-insertion-professionnelle\/","name":"Orientation et insertion professionnelle","description":"","publisher":{"@id":"https:\/\/www.univ-lorraine.fr\/orientation-insertion-professionnelle\/#organization"},"potentialAction":[{"@type":"SearchAction","target":{"@type":"EntryPoint","urlTemplate":"https:\/\/www.univ-lorraine.fr\/orientation-insertion-professionnelle\/?s={search_term_string}"},"query-input":{"@type":"PropertyValueSpecification","valueRequired":true,"valueName":"search_term_string"}}],"inLanguage":"fr-FR"},{"@type":"Organization","@id":"https:\/\/www.univ-lorraine.fr\/orientation-insertion-professionnelle\/#organization","name":"Universit\u00e9 de Lorraine","url":"https:\/\/www.univ-lorraine.fr\/orientation-insertion-professionnelle\/","logo":{"@type":"ImageObject","inLanguage":"fr-FR","@id":"https:\/\/www.univ-lorraine.fr\/orientation-insertion-professionnelle\/#\/schema\/logo\/image\/","url":"https:\/\/www.univ-lorraine.fr\/orientation-insertion-professionnelle\/wp-content\/uploads\/sites\/7\/2023\/04\/logo_siteweb2_Plan-de-travail-1.png","contentUrl":"https:\/\/www.univ-lorraine.fr\/orientation-insertion-professionnelle\/wp-content\/uploads\/sites\/7\/2023\/04\/logo_siteweb2_Plan-de-travail-1.png","width":852,"height":492,"caption":"Universit\u00e9 de Lorraine"},"image":{"@id":"https:\/\/www.univ-lorraine.fr\/orientation-insertion-professionnelle\/#\/schema\/logo\/image\/"}}]}},"_links":{"self":[{"href":"https:\/\/www.univ-lorraine.fr\/orientation-insertion-professionnelle\/wp-json\/wp\/v2\/pages\/233","targetHints":{"allow":["GET"]}}],"collection":[{"href":"https:\/\/www.univ-lorraine.fr\/orientation-insertion-professionnelle\/wp-json\/wp\/v2\/pages"}],"about":[{"href":"https:\/\/www.univ-lorraine.fr\/orientation-insertion-professionnelle\/wp-json\/wp\/v2\/types\/page"}],"author":[{"embeddable":true,"href":"https:\/\/www.univ-lorraine.fr\/orientation-insertion-professionnelle\/wp-json\/wp\/v2\/users\/7"}],"replies":[{"embeddable":true,"href":"https:\/\/www.univ-lorraine.fr\/orientation-insertion-professionnelle\/wp-json\/wp\/v2\/comments?post=233"}],"version-history":[{"count":48,"href":"https:\/\/www.univ-lorraine.fr\/orientation-insertion-professionnelle\/wp-json\/wp\/v2\/pages\/233\/revisions"}],"predecessor-version":[{"id":14696,"href":"https:\/\/www.univ-lorraine.fr\/orientation-insertion-professionnelle\/wp-json\/wp\/v2\/pages\/233\/revisions\/14696"}],"wp:attachment":[{"href":"https:\/\/www.univ-lorraine.fr\/orientation-insertion-professionnelle\/wp-json\/wp\/v2\/media?parent=233"}],"wp:term":[{"taxonomy":"category","embeddable":true,"href":"https:\/\/www.univ-lorraine.fr\/orientation-insertion-professionnelle\/wp-json\/wp\/v2\/categories?post=233"},{"taxonomy":"post_tag","embeddable":true,"href":"https:\/\/www.univ-lorraine.fr\/orientation-insertion-professionnelle\/wp-json\/wp\/v2\/tags?post=233"}],"curies":[{"name":"wp","href":"https:\/\/api.w.org\/{rel}","templated":true}]}}