{"id":2558,"date":"2021-10-28T11:12:39","date_gmt":"2021-10-28T09:12:39","guid":{"rendered":"https:\/\/www.univ-lorraine.fr\/orientation-insertion-professionnelle\/?page_id=2558"},"modified":"2022-09-19T17:39:23","modified_gmt":"2022-09-19T15:39:23","slug":"qualites-defauts-disabelle","status":"publish","type":"page","link":"https:\/\/www.univ-lorraine.fr\/orientation-insertion-professionnelle\/ressources\/stage-emploi-et-alternance\/bilan-projet\/qualites-defauts-disabelle\/","title":{"rendered":"Qualit\u00e9s\/d\u00e9fauts d&rsquo;Isabelle"},"content":{"rendered":"<div class=\"gb-container gb-container-1db05596\"><div class=\"gb-inside-container\">\n\n<figure class=\"wp-block-table\"><table><tbody><tr><td><strong>Qualit\u00e9<\/strong><\/td><td><strong>Beaucoup<\/strong><\/td><td><strong>Moyennement<\/strong><\/td><td><strong>Pas du tout<\/strong><\/td><td><\/td><td><strong>D\u00e9faut<\/strong><\/td><\/tr><tr><td>Confiance en soi&nbsp;&nbsp;<\/td><td><\/td><td><strong>X<\/strong><\/td><td><\/td><td>&nbsp;<\/td><td>&nbsp; Doute de soi<\/td><\/tr><tr><td>Ambition&nbsp;&nbsp;<\/td><td><\/td><td><strong>X<\/strong><\/td><td><\/td><td>&nbsp;<\/td><td>&nbsp; Humilit\u00e9<\/td><\/tr><tr><td>Fiabilit\u00e9&nbsp;&nbsp;<\/td><td><\/td><td><strong>X<\/strong><\/td><td><\/td><td>&nbsp;<\/td><td>&nbsp; Ins\u00e9curit\u00e9<\/td><\/tr><tr><td>Loyaut\u00e9&nbsp;&nbsp;<\/td><td><strong>X<\/strong><\/td><td><\/td><td><\/td><td>&nbsp;<\/td><td>&nbsp; Perfidie<\/td><\/tr><tr><td>Courage&nbsp;&nbsp;<\/td><td><\/td><td><strong>X<\/strong><\/td><td><\/td><td>&nbsp;<\/td><td>&nbsp; Paresse<\/td><\/tr><tr><td>Energie&nbsp;&nbsp;<\/td><td><strong>X<\/strong><\/td><td><\/td><td><\/td><td>&nbsp;<\/td><td>&nbsp; Nonchalance<\/td><\/tr><tr><td>Enthousiasme&nbsp;&nbsp;<\/td><td><strong>X<\/strong><\/td><td><\/td><td><\/td><td>&nbsp;<\/td><td>&nbsp; Indolence<\/td><\/tr><tr><td>Assurance&nbsp;&nbsp;<\/td><td><\/td><td><strong>X<\/strong><\/td><td><\/td><td>&nbsp;<\/td><td>&nbsp; Timidit\u00e9<\/td><\/tr><tr><td>Dynamisme&nbsp;&nbsp;<\/td><td><strong>X<\/strong><\/td><td><\/td><td><\/td><td>&nbsp;<\/td><td>&nbsp; Inertie<\/td><\/tr><tr><td>Franchise&nbsp;&nbsp;<\/td><td><\/td><td><strong>X<\/strong><\/td><td><\/td><td>&nbsp;<\/td><td>&nbsp; Duplicit\u00e9<\/td><\/tr><tr><td>Patience&nbsp;&nbsp;<\/td><td><\/td><td><\/td><td><strong>X<\/strong><\/td><td>&nbsp;<\/td><td>&nbsp; Vell\u00e9it\u00e9<\/td><\/tr><tr><td>Serviabilit\u00e9&nbsp;&nbsp;<\/td><td><\/td><td><strong>X<\/strong><\/td><td><\/td><td>&nbsp;<\/td><td>&nbsp; Ego\u00efsme<\/td><\/tr><tr><td>S\u00e9rieux&nbsp;&nbsp;<\/td><td><\/td><td><strong>X<\/strong><\/td><td><\/td><td>&nbsp;<\/td><td>&nbsp; D\u00e9sinvolture<\/td><\/tr><tr><td>D\u00e9termination&nbsp;&nbsp;<\/td><td><strong>X<\/strong><\/td><td><\/td><td><\/td><td>&nbsp;<\/td><td>&nbsp; Inconstance<\/td><\/tr><tr><td>Adaptabilit\u00e9&nbsp;&nbsp;<\/td><td><strong>X<\/strong><\/td><td><\/td><td><\/td><td>&nbsp;<\/td><td>&nbsp; Raideur<\/td><\/tr><tr><td>Communication&nbsp;&nbsp;<\/td><td><strong>X<\/strong><\/td><td><\/td><td><\/td><td>&nbsp;<\/td><td>&nbsp; Introversion<\/td><\/tr><tr><td>Prudence&nbsp;&nbsp;<\/td><td><\/td><td><\/td><td><strong>X<\/strong><\/td><td>&nbsp;<\/td><td>&nbsp; T\u00e9m\u00e9rit\u00e9<\/td><\/tr><tr><td>Intuition&nbsp;&nbsp;<\/td><td><strong>X<\/strong><\/td><td><\/td><td><\/td><td>&nbsp;<\/td><td>&nbsp; Manque de flair<\/td><\/tr><tr><td>Cr\u00e9ativit\u00e9&nbsp;&nbsp;<\/td><td><strong>X<\/strong><\/td><td><\/td><td><\/td><td>&nbsp;<\/td><td>&nbsp; Infertilit\u00e9<\/td><\/tr><tr><td>Tol\u00e9rance&nbsp;&nbsp;<\/td><td><\/td><td><strong>X<\/strong><\/td><td><\/td><td>&nbsp;<\/td><td>&nbsp; Intransigeance<\/td><\/tr><tr><td>Assiduit\u00e9&nbsp;&nbsp;<\/td><td><\/td><td><\/td><td><strong>X<\/strong><\/td><td>&nbsp;<\/td><td>&nbsp; Irr\u00e9gularit\u00e9<\/td><\/tr><tr><td>Sens pratique&nbsp;&nbsp;<\/td><td><\/td><td><\/td><td><strong>X<\/strong><\/td><td>&nbsp;<\/td><td>&nbsp; Irr\u00e9alisme<\/td><\/tr><tr><td>Diplomatie&nbsp;&nbsp;<\/td><td><\/td><td><strong>X<\/strong><\/td><td><\/td><td>&nbsp;<\/td><td>&nbsp; Maladresse<\/td><\/tr><tr><td>Sociabilit\u00e9&nbsp;&nbsp;<\/td><td><strong>X<\/strong><\/td><td><\/td><td><\/td><td>&nbsp;<\/td><td>&nbsp; Rudesse<\/td><\/tr><tr><td>Optimisme&nbsp;&nbsp;<\/td><td><\/td><td><strong>X<\/strong><\/td><td><\/td><td>&nbsp;<\/td><td>&nbsp; Pessimisme<\/td><\/tr><tr><td>Honn\u00eatet\u00e9&nbsp;&nbsp;<\/td><td><\/td><td><strong>X<\/strong><\/td><td><\/td><td>&nbsp;<\/td><td>&nbsp; Improbit\u00e9<\/td><\/tr><tr><td>Conscience dans le travail&nbsp;&nbsp;<\/td><td><\/td><td><strong>X<\/strong><\/td><td><\/td><td>&nbsp;<\/td><td>&nbsp; N\u00e9gligence<\/td><\/tr><tr><td>Sens de l&rsquo;humour&nbsp;&nbsp;<\/td><td><\/td><td><strong>X<\/strong><\/td><td><\/td><td>&nbsp;<\/td><td>&nbsp; Susceptibilit\u00e9<\/td><\/tr><tr><td>Ind\u00e9pendance&nbsp;&nbsp;<\/td><td><strong>X<\/strong><\/td><td><\/td><td><\/td><td>&nbsp;<\/td><td>&nbsp; Servitude<\/td><\/tr><tr><td>Originalit\u00e9&nbsp;&nbsp;<\/td><td><strong>X<\/strong><\/td><td><\/td><td><\/td><td>&nbsp;<\/td><td>&nbsp; Conformisme<\/td><\/tr><tr><td>Curiosit\u00e9&nbsp;&nbsp;<\/td><td><\/td><td><strong>X<\/strong><\/td><td><\/td><td>&nbsp;<\/td><td>&nbsp; D\u00e9sint\u00e9r\u00eat<\/td><\/tr><tr><td>Logique&nbsp;&nbsp;<\/td><td><\/td><td><\/td><td><strong>X<\/strong><\/td><td>&nbsp;<\/td><td>&nbsp; Incoh\u00e9rence<\/td><\/tr><tr><td>Rapidit\u00e9&nbsp;&nbsp;<\/td><td><strong>X<\/strong><\/td><td><\/td><td><\/td><td>&nbsp;<\/td><td>&nbsp; Lenteur<\/td><\/tr><tr><td>Souplesse&nbsp;&nbsp;<\/td><td><\/td><td><\/td><td><strong>X<\/strong><\/td><td>&nbsp;<\/td><td>&nbsp; Rigidit\u00e9<\/td><\/tr><tr><td>Autorit\u00e9&nbsp;&nbsp;<\/td><td><\/td><td><\/td><td><strong>X<\/strong><\/td><td>&nbsp;<\/td><td>&nbsp; Laxisme<\/td><\/tr><tr><td>Ecoute&nbsp;&nbsp;<\/td><td><\/td><td><strong>X<\/strong><\/td><td><\/td><td>&nbsp;<\/td><td>&nbsp; Indiff\u00e9rence<\/td><\/tr><tr><td>Efficience&nbsp;&nbsp;<\/td><td><\/td><td><strong>X<\/strong><\/td><td><\/td><td>&nbsp;<\/td><td>&nbsp; Inefficacit\u00e9<\/td><\/tr><tr><td>R\u00e9sistance \u00e0 la frustration&nbsp;&nbsp;<\/td><td><\/td><td><\/td><td><strong>X<\/strong><\/td><td>&nbsp;<\/td><td>&nbsp; Aigreur<\/td><\/tr><tr><td>R\u00e9sistance au stress&nbsp;&nbsp;<\/td><td><\/td><td><strong>X<\/strong><\/td><td><\/td><td>&nbsp;<\/td><td>&nbsp; Panique<\/td><\/tr><tr><td>Efficacit\u00e9&nbsp;&nbsp;<\/td><td><\/td><td><strong>X<\/strong><\/td><td><\/td><td>&nbsp;<\/td><td>&nbsp; Improductivit\u00e9<\/td><\/tr><tr><td>R\u00e9alisme&nbsp;&nbsp;<\/td><td><\/td><td><strong>X<\/strong><\/td><td><\/td><td>&nbsp;<\/td><td>&nbsp; Utopisme<\/td><\/tr><tr><td>Stabilit\u00e9&nbsp;&nbsp;<\/td><td><\/td><td><strong>X<\/strong><\/td><td><\/td><td>&nbsp;<\/td><td>&nbsp; D\u00e9s\u00e9quilibre<\/td><\/tr><tr><td>Spontan\u00e9it\u00e9&nbsp;&nbsp;<\/td><td><strong>X<\/strong><\/td><td><\/td><td><\/td><td>&nbsp;<\/td><td>&nbsp; Calcul<\/td><\/tr><tr><td>Autres&nbsp;&nbsp; &nbsp;&nbsp;&nbsp;&nbsp;&nbsp;&nbsp;&nbsp;&nbsp;&nbsp;&nbsp;&nbsp;&nbsp;&nbsp;&nbsp;&nbsp;&nbsp;&nbsp;&nbsp;&nbsp;&nbsp;&nbsp; &nbsp;&nbsp;<br>R\u00e9activit\u00e9&nbsp;&nbsp;<br>Polyvalence&nbsp;&nbsp;<\/td><td><strong><br>X<br>X<\/strong><\/td><td><\/td><td><\/td><td>&nbsp;<\/td><td><br>&nbsp; Pesanteur<br>&nbsp; Sp\u00e9cialisation<\/td><\/tr><tr><td><strong>TOTAUX<\/strong><\/td><td><strong>16<\/strong><\/td><td><strong>21<\/strong><\/td><td><strong>8<\/strong><\/td><td>&nbsp;<\/td><td>&nbsp;<\/td><\/tr><\/tbody><\/table><\/figure>\n\n\n\n<p>Soit 16 qualit\u00e9s et 8 d\u00e9fauts qu&rsquo;elle demande \u00e0 ses proches de lui confirmer en leur<\/p>\n\n\n\n<p>faisant remplir \u00e0 chacun une grille la concernant.<\/p>\n\n\n\n<p><br><strong>Etape 2 : retour d&rsquo;Image (validation) et Etape 3 : b\u00e2tir son argumentation<\/strong><\/p>\n\n\n\n<p>Apr\u00e8s avoir synth\u00e9tis\u00e9 sa grille d&rsquo;\u00e9valuation avec celles de ses proches,<\/p>\n\n\n\n<p>Isabelle d\u00e9gage le r\u00e9sultat suivant :<\/p>\n\n\n\n<figure class=\"wp-block-table\"><table><tbody><tr><td><strong>Qualit\u00e9<\/strong><\/td><td><strong>Argumentation<\/strong><\/td><\/tr><tr><td>Ecoute&nbsp;&nbsp;<\/td><td>&nbsp; Stages en entreprise : \u00e9coute du personnel lors d&rsquo;enqu\u00eates<\/td><\/tr><tr><td>Adaptabilit\u00e9,&nbsp;&nbsp;<br>ouverture d&rsquo;esprit&nbsp;&nbsp;<\/td><td>&nbsp; Adaptable \u00e0 diff\u00e9rents publics, environnements, entreprises<\/td><\/tr><tr><td>Aptitudes en communication&nbsp;&nbsp;<\/td><td>&nbsp; Bonnes aptitudes r\u00e9dactionnelles<br>&nbsp; Bonne expression orale<\/td><\/tr><tr><td>Cr\u00e9ativit\u00e9&nbsp;&nbsp;<\/td><td>&nbsp; Conception de documents de promotion, mise en place d&rsquo;une JPO<\/td><\/tr><tr><td>Curiosit\u00e9&nbsp;&nbsp;<\/td><td>&nbsp; Aime apprendre et se procurer l&rsquo;info dont elle a besoin<\/td><\/tr><tr><td>Polyvalence&nbsp;&nbsp;<\/td><td>&nbsp; A r\u00e9ussi dans des missions tr\u00e8s diversifi\u00e9es<\/td><\/tr><\/tbody><\/table><\/figure>\n\n\n\n<figure class=\"wp-block-table\"><table><tbody><tr><td><strong>D\u00e9fauts<\/strong><\/td><td><strong>Parade<\/strong><\/td><td><strong>Argumentation<\/strong><\/td><\/tr><tr><td>Peu r\u00e9aliste&nbsp;&nbsp;<\/td><td>donc<\/td><td>&nbsp; Assez id\u00e9aliste, mais cr\u00e9ative et audacieuse<\/td><\/tr><tr><td>Peu de sens pratique&nbsp;&nbsp;<\/td><td>donc<\/td><td>&nbsp; Souvent d\u00e9sorganis\u00e9e, mais tr\u00e8s adaptable<\/td><\/tr><tr><td>Peu discr\u00e8te&nbsp;&nbsp;<\/td><td>donc<\/td><td>&nbsp; Bavarde, mais avec beaucoup d&rsquo;aisance relationnelle<\/td><\/tr><tr><td>Peu logique&nbsp;&nbsp;<\/td><td>donc<\/td><td>&nbsp; Sans m\u00e9thode d\u00e9finie, mais avec beaucoup d&rsquo;intuition<\/td><\/tr><tr><td>Peu d&rsquo;autorit\u00e9&nbsp;&nbsp;<\/td><td>donc<\/td><td>&nbsp; Plut\u00f4t lib\u00e9rale avec les autres, mais tr\u00e8s tol\u00e9rante<\/td><\/tr><tr><td>Peu de patience&nbsp;&nbsp;<\/td><td>donc<\/td><td>&nbsp; Impatiente rapidement, mais bien \u00e9lev\u00e9e !<\/td><\/tr><\/tbody><\/table><\/figure>\n\n\n\n<p>Au final, 6 qualit\u00e9s et 6 d\u00e9fauts les plus caract\u00e9ristiques de sa personnalit\u00e9<\/p>\n\n\n\n<p>sont d\u00e9termin\u00e9s de l&rsquo;avis g\u00e9n\u00e9ral.<\/p>\n\n<\/div><\/div>","protected":false},"excerpt":{"rendered":"<p>Qualit\u00e9 Beaucoup Moyennement Pas du tout D\u00e9faut Confiance en soi&nbsp;&nbsp; X &nbsp; &nbsp; Doute de soi Ambition&nbsp;&nbsp; X &nbsp; &nbsp; Humilit\u00e9 Fiabilit\u00e9&nbsp;&nbsp; X &nbsp; &nbsp; Ins\u00e9curit\u00e9 Loyaut\u00e9&nbsp;&nbsp; X &nbsp; &nbsp; Perfidie Courage&nbsp;&nbsp; X &nbsp; &nbsp; Paresse Energie&nbsp;&nbsp; X &nbsp; &nbsp; Nonchalance Enthousiasme&nbsp;&nbsp; X &nbsp; &nbsp; Indolence Assurance&nbsp;&nbsp; X &nbsp; &nbsp; Timidit\u00e9 Dynamisme&nbsp;&nbsp; X &nbsp; &nbsp; &#8230; <a title=\"Qualit\u00e9s\/d\u00e9fauts d&rsquo;Isabelle\" class=\"read-more\" href=\"https:\/\/www.univ-lorraine.fr\/orientation-insertion-professionnelle\/ressources\/stage-emploi-et-alternance\/bilan-projet\/qualites-defauts-disabelle\/\" aria-label=\"En savoir plus sur Qualit\u00e9s\/d\u00e9fauts d&rsquo;Isabelle\">Lire plus<\/a><\/p>\n","protected":false},"author":72,"featured_media":0,"parent":2118,"menu_order":0,"comment_status":"closed","ping_status":"closed","template":"","meta":{"inline_featured_image":false,"footnotes":""},"categories":[17,15],"tags":[],"class_list":{"0":"post-2558","1":"page","2":"type-page","3":"status-publish","5":"category-conseils","6":"category-insertion-professionnelle"},"yoast_head":"<!-- This site is optimized with the Yoast SEO plugin v27.4 - https:\/\/yoast.com\/product\/yoast-seo-wordpress\/ -->\n<title>Qualit\u00e9s\/d\u00e9fauts d&#039;Isabelle - Orientation et insertion professionnelle<\/title>\n<meta name=\"robots\" content=\"index, follow, max-snippet:-1, max-image-preview:large, max-video-preview:-1\" \/>\n<link rel=\"canonical\" href=\"https:\/\/www.univ-lorraine.fr\/orientation-insertion-professionnelle\/ressources\/stage-emploi-et-alternance\/bilan-projet\/qualites-defauts-disabelle\/\" \/>\n<meta property=\"og:locale\" content=\"fr_FR\" \/>\n<meta property=\"og:type\" content=\"article\" \/>\n<meta property=\"og:title\" content=\"Qualit\u00e9s\/d\u00e9fauts d&#039;Isabelle - Orientation et insertion professionnelle\" \/>\n<meta property=\"og:description\" content=\"Qualit\u00e9 Beaucoup Moyennement Pas du tout D\u00e9faut Confiance en soi&nbsp;&nbsp; X &nbsp; &nbsp; Doute de soi Ambition&nbsp;&nbsp; X &nbsp; &nbsp; Humilit\u00e9 Fiabilit\u00e9&nbsp;&nbsp; X &nbsp; &nbsp; Ins\u00e9curit\u00e9 Loyaut\u00e9&nbsp;&nbsp; X &nbsp; &nbsp; Perfidie Courage&nbsp;&nbsp; X &nbsp; &nbsp; Paresse Energie&nbsp;&nbsp; X &nbsp; &nbsp; Nonchalance Enthousiasme&nbsp;&nbsp; X &nbsp; &nbsp; Indolence Assurance&nbsp;&nbsp; X &nbsp; &nbsp; Timidit\u00e9 Dynamisme&nbsp;&nbsp; X &nbsp; &nbsp; ... Lire plus\" \/>\n<meta property=\"og:url\" content=\"https:\/\/www.univ-lorraine.fr\/orientation-insertion-professionnelle\/ressources\/stage-emploi-et-alternance\/bilan-projet\/qualites-defauts-disabelle\/\" \/>\n<meta property=\"og:site_name\" content=\"Orientation et insertion professionnelle\" \/>\n<meta property=\"article:modified_time\" content=\"2022-09-19T15:39:23+00:00\" \/>\n<meta name=\"twitter:card\" content=\"summary_large_image\" \/>\n<meta name=\"twitter:label1\" content=\"Dur\u00e9e de lecture estim\u00e9e\" \/>\n\t<meta name=\"twitter:data1\" content=\"3 minutes\" \/>\n<script type=\"application\/ld+json\" class=\"yoast-schema-graph\">{\"@context\":\"https:\\\/\\\/schema.org\",\"@graph\":[{\"@type\":\"WebPage\",\"@id\":\"https:\\\/\\\/www.univ-lorraine.fr\\\/orientation-insertion-professionnelle\\\/ressources\\\/stage-emploi-et-alternance\\\/bilan-projet\\\/qualites-defauts-disabelle\\\/\",\"url\":\"https:\\\/\\\/www.univ-lorraine.fr\\\/orientation-insertion-professionnelle\\\/ressources\\\/stage-emploi-et-alternance\\\/bilan-projet\\\/qualites-defauts-disabelle\\\/\",\"name\":\"Qualit\u00e9s\\\/d\u00e9fauts d'Isabelle - Orientation et insertion professionnelle\",\"isPartOf\":{\"@id\":\"https:\\\/\\\/www.univ-lorraine.fr\\\/orientation-insertion-professionnelle\\\/#website\"},\"datePublished\":\"2021-10-28T09:12:39+00:00\",\"dateModified\":\"2022-09-19T15:39:23+00:00\",\"breadcrumb\":{\"@id\":\"https:\\\/\\\/www.univ-lorraine.fr\\\/orientation-insertion-professionnelle\\\/ressources\\\/stage-emploi-et-alternance\\\/bilan-projet\\\/qualites-defauts-disabelle\\\/#breadcrumb\"},\"inLanguage\":\"fr-FR\",\"potentialAction\":[{\"@type\":\"ReadAction\",\"target\":[\"https:\\\/\\\/www.univ-lorraine.fr\\\/orientation-insertion-professionnelle\\\/ressources\\\/stage-emploi-et-alternance\\\/bilan-projet\\\/qualites-defauts-disabelle\\\/\"]}]},{\"@type\":\"BreadcrumbList\",\"@id\":\"https:\\\/\\\/www.univ-lorraine.fr\\\/orientation-insertion-professionnelle\\\/ressources\\\/stage-emploi-et-alternance\\\/bilan-projet\\\/qualites-defauts-disabelle\\\/#breadcrumb\",\"itemListElement\":[{\"@type\":\"ListItem\",\"position\":1,\"name\":\"Accueil\",\"item\":\"https:\\\/\\\/www.univ-lorraine.fr\\\/orientation-insertion-professionnelle\\\/\"},{\"@type\":\"ListItem\",\"position\":2,\"name\":\"Ressources\",\"item\":\"https:\\\/\\\/www.univ-lorraine.fr\\\/orientation-insertion-professionnelle\\\/ressources\\\/\"},{\"@type\":\"ListItem\",\"position\":3,\"name\":\"Stage, emploi et alternance\",\"item\":\"https:\\\/\\\/www.univ-lorraine.fr\\\/orientation-insertion-professionnelle\\\/ressources\\\/stage-emploi-et-alternance\\\/\"},{\"@type\":\"ListItem\",\"position\":4,\"name\":\"Bilan \\\/ projet\",\"item\":\"https:\\\/\\\/www.univ-lorraine.fr\\\/orientation-insertion-professionnelle\\\/ressources\\\/stage-emploi-et-alternance\\\/bilan-projet\\\/\"},{\"@type\":\"ListItem\",\"position\":5,\"name\":\"Qualit\u00e9s\\\/d\u00e9fauts d&#8217;Isabelle\"}]},{\"@type\":\"WebSite\",\"@id\":\"https:\\\/\\\/www.univ-lorraine.fr\\\/orientation-insertion-professionnelle\\\/#website\",\"url\":\"https:\\\/\\\/www.univ-lorraine.fr\\\/orientation-insertion-professionnelle\\\/\",\"name\":\"Orientation et insertion professionnelle\",\"description\":\"\",\"publisher\":{\"@id\":\"https:\\\/\\\/www.univ-lorraine.fr\\\/orientation-insertion-professionnelle\\\/#organization\"},\"potentialAction\":[{\"@type\":\"SearchAction\",\"target\":{\"@type\":\"EntryPoint\",\"urlTemplate\":\"https:\\\/\\\/www.univ-lorraine.fr\\\/orientation-insertion-professionnelle\\\/?s={search_term_string}\"},\"query-input\":{\"@type\":\"PropertyValueSpecification\",\"valueRequired\":true,\"valueName\":\"search_term_string\"}}],\"inLanguage\":\"fr-FR\"},{\"@type\":\"Organization\",\"@id\":\"https:\\\/\\\/www.univ-lorraine.fr\\\/orientation-insertion-professionnelle\\\/#organization\",\"name\":\"Universit\u00e9 de Lorraine\",\"url\":\"https:\\\/\\\/www.univ-lorraine.fr\\\/orientation-insertion-professionnelle\\\/\",\"logo\":{\"@type\":\"ImageObject\",\"inLanguage\":\"fr-FR\",\"@id\":\"https:\\\/\\\/www.univ-lorraine.fr\\\/orientation-insertion-professionnelle\\\/#\\\/schema\\\/logo\\\/image\\\/\",\"url\":\"https:\\\/\\\/www.univ-lorraine.fr\\\/orientation-insertion-professionnelle\\\/wp-content\\\/uploads\\\/sites\\\/7\\\/2023\\\/04\\\/logo_siteweb2_Plan-de-travail-1.png\",\"contentUrl\":\"https:\\\/\\\/www.univ-lorraine.fr\\\/orientation-insertion-professionnelle\\\/wp-content\\\/uploads\\\/sites\\\/7\\\/2023\\\/04\\\/logo_siteweb2_Plan-de-travail-1.png\",\"width\":852,\"height\":492,\"caption\":\"Universit\u00e9 de Lorraine\"},\"image\":{\"@id\":\"https:\\\/\\\/www.univ-lorraine.fr\\\/orientation-insertion-professionnelle\\\/#\\\/schema\\\/logo\\\/image\\\/\"}}]}<\/script>\n<!-- \/ Yoast SEO plugin. -->","yoast_head_json":{"title":"Qualit\u00e9s\/d\u00e9fauts d'Isabelle - Orientation et insertion professionnelle","robots":{"index":"index","follow":"follow","max-snippet":"max-snippet:-1","max-image-preview":"max-image-preview:large","max-video-preview":"max-video-preview:-1"},"canonical":"https:\/\/www.univ-lorraine.fr\/orientation-insertion-professionnelle\/ressources\/stage-emploi-et-alternance\/bilan-projet\/qualites-defauts-disabelle\/","og_locale":"fr_FR","og_type":"article","og_title":"Qualit\u00e9s\/d\u00e9fauts d'Isabelle - Orientation et insertion professionnelle","og_description":"Qualit\u00e9 Beaucoup Moyennement Pas du tout D\u00e9faut Confiance en soi&nbsp;&nbsp; X &nbsp; &nbsp; Doute de soi Ambition&nbsp;&nbsp; X &nbsp; &nbsp; Humilit\u00e9 Fiabilit\u00e9&nbsp;&nbsp; X &nbsp; &nbsp; Ins\u00e9curit\u00e9 Loyaut\u00e9&nbsp;&nbsp; X &nbsp; &nbsp; Perfidie Courage&nbsp;&nbsp; X &nbsp; &nbsp; Paresse Energie&nbsp;&nbsp; X &nbsp; &nbsp; Nonchalance Enthousiasme&nbsp;&nbsp; X &nbsp; &nbsp; Indolence Assurance&nbsp;&nbsp; X &nbsp; &nbsp; Timidit\u00e9 Dynamisme&nbsp;&nbsp; X &nbsp; &nbsp; ... Lire plus","og_url":"https:\/\/www.univ-lorraine.fr\/orientation-insertion-professionnelle\/ressources\/stage-emploi-et-alternance\/bilan-projet\/qualites-defauts-disabelle\/","og_site_name":"Orientation et insertion professionnelle","article_modified_time":"2022-09-19T15:39:23+00:00","twitter_card":"summary_large_image","twitter_misc":{"Dur\u00e9e de lecture estim\u00e9e":"3 minutes"},"schema":{"@context":"https:\/\/schema.org","@graph":[{"@type":"WebPage","@id":"https:\/\/www.univ-lorraine.fr\/orientation-insertion-professionnelle\/ressources\/stage-emploi-et-alternance\/bilan-projet\/qualites-defauts-disabelle\/","url":"https:\/\/www.univ-lorraine.fr\/orientation-insertion-professionnelle\/ressources\/stage-emploi-et-alternance\/bilan-projet\/qualites-defauts-disabelle\/","name":"Qualit\u00e9s\/d\u00e9fauts d'Isabelle - Orientation et insertion professionnelle","isPartOf":{"@id":"https:\/\/www.univ-lorraine.fr\/orientation-insertion-professionnelle\/#website"},"datePublished":"2021-10-28T09:12:39+00:00","dateModified":"2022-09-19T15:39:23+00:00","breadcrumb":{"@id":"https:\/\/www.univ-lorraine.fr\/orientation-insertion-professionnelle\/ressources\/stage-emploi-et-alternance\/bilan-projet\/qualites-defauts-disabelle\/#breadcrumb"},"inLanguage":"fr-FR","potentialAction":[{"@type":"ReadAction","target":["https:\/\/www.univ-lorraine.fr\/orientation-insertion-professionnelle\/ressources\/stage-emploi-et-alternance\/bilan-projet\/qualites-defauts-disabelle\/"]}]},{"@type":"BreadcrumbList","@id":"https:\/\/www.univ-lorraine.fr\/orientation-insertion-professionnelle\/ressources\/stage-emploi-et-alternance\/bilan-projet\/qualites-defauts-disabelle\/#breadcrumb","itemListElement":[{"@type":"ListItem","position":1,"name":"Accueil","item":"https:\/\/www.univ-lorraine.fr\/orientation-insertion-professionnelle\/"},{"@type":"ListItem","position":2,"name":"Ressources","item":"https:\/\/www.univ-lorraine.fr\/orientation-insertion-professionnelle\/ressources\/"},{"@type":"ListItem","position":3,"name":"Stage, emploi et alternance","item":"https:\/\/www.univ-lorraine.fr\/orientation-insertion-professionnelle\/ressources\/stage-emploi-et-alternance\/"},{"@type":"ListItem","position":4,"name":"Bilan \/ projet","item":"https:\/\/www.univ-lorraine.fr\/orientation-insertion-professionnelle\/ressources\/stage-emploi-et-alternance\/bilan-projet\/"},{"@type":"ListItem","position":5,"name":"Qualit\u00e9s\/d\u00e9fauts d&#8217;Isabelle"}]},{"@type":"WebSite","@id":"https:\/\/www.univ-lorraine.fr\/orientation-insertion-professionnelle\/#website","url":"https:\/\/www.univ-lorraine.fr\/orientation-insertion-professionnelle\/","name":"Orientation et insertion professionnelle","description":"","publisher":{"@id":"https:\/\/www.univ-lorraine.fr\/orientation-insertion-professionnelle\/#organization"},"potentialAction":[{"@type":"SearchAction","target":{"@type":"EntryPoint","urlTemplate":"https:\/\/www.univ-lorraine.fr\/orientation-insertion-professionnelle\/?s={search_term_string}"},"query-input":{"@type":"PropertyValueSpecification","valueRequired":true,"valueName":"search_term_string"}}],"inLanguage":"fr-FR"},{"@type":"Organization","@id":"https:\/\/www.univ-lorraine.fr\/orientation-insertion-professionnelle\/#organization","name":"Universit\u00e9 de Lorraine","url":"https:\/\/www.univ-lorraine.fr\/orientation-insertion-professionnelle\/","logo":{"@type":"ImageObject","inLanguage":"fr-FR","@id":"https:\/\/www.univ-lorraine.fr\/orientation-insertion-professionnelle\/#\/schema\/logo\/image\/","url":"https:\/\/www.univ-lorraine.fr\/orientation-insertion-professionnelle\/wp-content\/uploads\/sites\/7\/2023\/04\/logo_siteweb2_Plan-de-travail-1.png","contentUrl":"https:\/\/www.univ-lorraine.fr\/orientation-insertion-professionnelle\/wp-content\/uploads\/sites\/7\/2023\/04\/logo_siteweb2_Plan-de-travail-1.png","width":852,"height":492,"caption":"Universit\u00e9 de Lorraine"},"image":{"@id":"https:\/\/www.univ-lorraine.fr\/orientation-insertion-professionnelle\/#\/schema\/logo\/image\/"}}]}},"_links":{"self":[{"href":"https:\/\/www.univ-lorraine.fr\/orientation-insertion-professionnelle\/wp-json\/wp\/v2\/pages\/2558","targetHints":{"allow":["GET"]}}],"collection":[{"href":"https:\/\/www.univ-lorraine.fr\/orientation-insertion-professionnelle\/wp-json\/wp\/v2\/pages"}],"about":[{"href":"https:\/\/www.univ-lorraine.fr\/orientation-insertion-professionnelle\/wp-json\/wp\/v2\/types\/page"}],"author":[{"embeddable":true,"href":"https:\/\/www.univ-lorraine.fr\/orientation-insertion-professionnelle\/wp-json\/wp\/v2\/users\/72"}],"replies":[{"embeddable":true,"href":"https:\/\/www.univ-lorraine.fr\/orientation-insertion-professionnelle\/wp-json\/wp\/v2\/comments?post=2558"}],"version-history":[{"count":1,"href":"https:\/\/www.univ-lorraine.fr\/orientation-insertion-professionnelle\/wp-json\/wp\/v2\/pages\/2558\/revisions"}],"predecessor-version":[{"id":2559,"href":"https:\/\/www.univ-lorraine.fr\/orientation-insertion-professionnelle\/wp-json\/wp\/v2\/pages\/2558\/revisions\/2559"}],"up":[{"embeddable":true,"href":"https:\/\/www.univ-lorraine.fr\/orientation-insertion-professionnelle\/wp-json\/wp\/v2\/pages\/2118"}],"wp:attachment":[{"href":"https:\/\/www.univ-lorraine.fr\/orientation-insertion-professionnelle\/wp-json\/wp\/v2\/media?parent=2558"}],"wp:term":[{"taxonomy":"category","embeddable":true,"href":"https:\/\/www.univ-lorraine.fr\/orientation-insertion-professionnelle\/wp-json\/wp\/v2\/categories?post=2558"},{"taxonomy":"post_tag","embeddable":true,"href":"https:\/\/www.univ-lorraine.fr\/orientation-insertion-professionnelle\/wp-json\/wp\/v2\/tags?post=2558"}],"curies":[{"name":"wp","href":"https:\/\/api.w.org\/{rel}","templated":true}]}}