{"id":2560,"date":"2021-10-28T11:13:11","date_gmt":"2021-10-28T09:13:11","guid":{"rendered":"https:\/\/www.univ-lorraine.fr\/orientation-insertion-professionnelle\/?page_id=2560"},"modified":"2022-09-19T17:39:24","modified_gmt":"2022-09-19T15:39:24","slug":"qualites-defauts-de-xavier","status":"publish","type":"page","link":"https:\/\/www.univ-lorraine.fr\/orientation-insertion-professionnelle\/ressources\/stage-emploi-et-alternance\/bilan-projet\/qualites-defauts-de-xavier\/","title":{"rendered":"Qualit\u00e9s\/d\u00e9fauts de Xavier"},"content":{"rendered":"<div class=\"gb-container gb-container-517ab3ef\"><div class=\"gb-inside-container\">\n\n<figure class=\"wp-block-table\"><table><tbody><tr><td><strong>Qualit\u00e9<\/strong><\/td><td><strong>Beaucoup<\/strong><\/td><td><strong>Moyennement<\/strong><\/td><td><strong>Pas du tout<\/strong><\/td><td><strong>D\u00e9faut<\/strong><\/td><\/tr><tr><td>Confiance en soi<\/td><td>&nbsp;<\/td><td>X<\/td><td>&nbsp;<\/td><td>Doute de soi<\/td><\/tr><tr><td>Ambition<\/td><td>&nbsp;<\/td><td>X<\/td><td>&nbsp;<\/td><td>Manque d\u2019ambition<\/td><\/tr><tr><td>Loyaut\u00e9<\/td><td>X<\/td><td>&nbsp;<\/td><td>&nbsp;<\/td><td>D\u00e9loyaut\u00e9<\/td><\/tr><tr><td>Patience<\/td><td>&nbsp;<\/td><td>&nbsp;<\/td><td>X<\/td><td>Impatience<\/td><\/tr><tr><td>D\u00e9termination<\/td><td>X<\/td><td>&nbsp;<\/td><td>&nbsp;<\/td><td>Irr\u00e9solution<\/td><\/tr><tr><td>Adaptabilit\u00e9<\/td><td>X<\/td><td>&nbsp;<\/td><td>&nbsp;<\/td><td>Inadaptabilit\u00e9<\/td><\/tr><tr><td>Intuition<\/td><td>&nbsp;<\/td><td>X<\/td><td>&nbsp;<\/td><td>Manque de flair<\/td><\/tr><tr><td>Cr\u00e9ativit\u00e9<\/td><td>&nbsp;<\/td><td>&nbsp;<\/td><td>X<\/td><td>Manque de cr\u00e9ativit\u00e9<\/td><\/tr><tr><td>Sens pratique<\/td><td>X<\/td><td>&nbsp;<\/td><td>&nbsp;<\/td><td>Irr\u00e9alisme<\/td><\/tr><tr><td>Diplomatie<\/td><td>&nbsp;<\/td><td>X<\/td><td>&nbsp;<\/td><td>Maladresse<\/td><\/tr><tr><td>Sociabilit\u00e9<\/td><td>X<\/td><td>&nbsp;<\/td><td>&nbsp;<\/td><td>Autocentr\u00e9<\/td><\/tr><tr><td>Capacit\u00e9 \u00e0 prendre du recul<\/td><td>&nbsp;<\/td><td>X<\/td><td>&nbsp;<\/td><td>Incapacit\u00e9 \u00e0 prendre&nbsp; du recul<\/td><\/tr><tr><td>Assurance<\/td><td>&nbsp;<\/td><td>X<\/td><td>&nbsp;<\/td><td>Timidit\u00e9<\/td><\/tr><tr><td>Fiabilit\u00e9<\/td><td>X<\/td><td>&nbsp;<\/td><td>&nbsp;<\/td><td>Non fiable<\/td><\/tr><tr><td>Courage<\/td><td>X<\/td><td>&nbsp;<\/td><td>&nbsp;<\/td><td>Paresse<\/td><\/tr><tr><td>Energie<\/td><td>X<\/td><td>&nbsp;<\/td><td>&nbsp;<\/td><td>Nonchalance<\/td><\/tr><tr><td>Optimisme<\/td><td>&nbsp;<\/td><td>X<\/td><td>&nbsp;<\/td><td>Pessimisme<\/td><\/tr><tr><td>Franchise<\/td><td>X<\/td><td>&nbsp;<\/td><td>&nbsp;<\/td><td>Duplicit\u00e9<\/td><\/tr><tr><td>Sens de l\u2019humour<\/td><td>&nbsp;<\/td><td>X<\/td><td>&nbsp;<\/td><td>Susceptibilit\u00e9<\/td><\/tr><tr><td>Originalit\u00e9<\/td><td>&nbsp;<\/td><td>X<\/td><td>&nbsp;<\/td><td>Conformisme<\/td><\/tr><tr><td>Souplesse<\/td><td>&nbsp;<\/td><td>X<\/td><td>&nbsp;<\/td><td>Rigidit\u00e9<\/td><\/tr><tr><td>Ecoute<\/td><td>X<\/td><td>&nbsp;<\/td><td>&nbsp;<\/td><td>Indiff\u00e9rence<\/td><\/tr><tr><td>R\u00e9sistance \u00e0 la frustration<\/td><td>X<\/td><td>&nbsp;<\/td><td>&nbsp;<\/td><td>Aigreur<\/td><\/tr><tr><td>R\u00e9sistance au stress<\/td><td>X<\/td><td>&nbsp;<\/td><td>&nbsp;<\/td><td>Panique<\/td><\/tr><tr><td>Efficacit\u00e9<\/td><td>X<\/td><td>&nbsp;<\/td><td>&nbsp;<\/td><td>Inefficacit\u00e9<\/td><\/tr><tr><td>R\u00e9alisme<\/td><td>&nbsp;<\/td><td>X<\/td><td>&nbsp;<\/td><td>Utopisme<\/td><\/tr><tr><td>Stabilit\u00e9<\/td><td>X<\/td><td>&nbsp;<\/td><td>&nbsp;<\/td><td>Instabilit\u00e9<\/td><\/tr><tr><td>Spontan\u00e9it\u00e9<\/td><td>&nbsp;<\/td><td>X<\/td><td>&nbsp;<\/td><td>Calcul<\/td><\/tr><tr><td>Autonomie<\/td><td>X<\/td><td>&nbsp;<\/td><td>&nbsp;<\/td><td>D\u00e9pendance<\/td><\/tr><tr><td>Rigueur<\/td><td>X<\/td><td>&nbsp;<\/td><td>&nbsp;<\/td><td>Impr\u00e9cision<\/td><\/tr><tr><td>Organis\u00e9<\/td><td>X<\/td><td>&nbsp;<\/td><td>&nbsp;<\/td><td>D\u00e9sordonn\u00e9<\/td><\/tr><tr><td>Pers\u00e9v\u00e9rant<\/td><td>X<\/td><td>&nbsp;<\/td><td>&nbsp;<\/td><td>V\u00e9ll\u00e9itaire<\/td><\/tr><tr><td>Sens des affaires<\/td><td>X<\/td><td>&nbsp;<\/td><td>&nbsp;<\/td><td>&nbsp;<\/td><\/tr><tr><td>Force de conviction<\/td><td>X<\/td><td>&nbsp;<\/td><td>&nbsp;<\/td><td>&nbsp;<\/td><\/tr><tr><td><strong>TOTAL<\/strong><\/td><td><strong>20<\/strong><\/td><td><strong>12<\/strong><\/td><td><strong>2<\/strong><\/td><td>&nbsp;<\/td><\/tr><\/tbody><\/table><\/figure>\n\n\n\n<p>Soit 20 qualit\u00e9s et 2 d\u00e9fauts qu\u2019il demande \u00e0 ses proches de lui confirmer en leur<\/p>\n\n\n\n<p>faisant remplir \u00e0 chacun une grille le concernant<\/p>\n\n\n\n<p><strong>Etape 2&nbsp;: retour d\u2019Image (validation) et Etape 3&nbsp;: b\u00e2tir son argumentation<\/strong><\/p>\n\n\n\n<p>Apr\u00e8s avoir synth\u00e9tis\u00e9 sa grille d\u2019\u00e9valuation avec celles de ses proches,<\/p>\n\n\n\n<p>Xavier d\u00e9gage le r\u00e9sultat suivant&nbsp;:<\/p>\n\n\n\n<figure class=\"wp-block-table\"><table><tbody><tr><td><strong>QUALIT\u00c9S<\/strong><\/td><td><strong>ARGUMENTATION<\/strong><\/td><\/tr><tr><td>Capacit\u00e9 \u00e0 convaincre, \u00e0 communiquer&nbsp;<\/td><td>Pour faire progresser les projetsPour \u00e9couter activement, savoir faire parler et convaincre, reformuler et conclure&nbsp;<\/td><\/tr><tr><td>Capacit\u00e9 d\u2019organisation&nbsp;<\/td><td>Respect des engagements pour \u00eatre efficace et cr\u00e9diblePour g\u00e9rer les liaisons clients\/entreprise et assurer le suivi des affaires&nbsp;<\/td><\/tr><tr><td>Go\u00fbt de l\u2019\u00e9coute et du dialogue&nbsp;<\/td><td>Pour mener \u00e0 bien le r\u00f4le de m\u00e9diateur entre le client et les services de production&nbsp;<\/td><\/tr><tr><td>Disponibilit\u00e9 et autonomie&nbsp;<\/td><td>Pour s\u2019accommoder des d\u00e9placements fr\u00e9quents<\/td><\/tr><tr><td>Sens des affaires&nbsp;<\/td><td>Afin de traduire le discours technique en termes parlants pour l\u2019entreprise cliente (rentabilit\u00e9, retour sur investissement, etc\u2026)&nbsp;<\/td><\/tr><tr><td>Pers\u00e9v\u00e9rance<\/td><td>Pour poursuivre malgr\u00e9 les \u00ab\u00e9checs&nbsp;\u00bb et supporter la pression du m\u00e9tier&nbsp;<\/td><\/tr><tr><td>Capacit\u00e9 d\u2019adaptation&nbsp;<\/td><td>S\u2019adapter \u00e0 diff\u00e9rents projets<\/td><\/tr><\/tbody><\/table><\/figure>\n\n\n\n<figure class=\"wp-block-table\"><table><tbody><tr><td><strong>D\u00c9FAUTS<\/strong><\/td><td><strong>Parade<\/strong><\/td><td><strong>ARGUMENTATION<\/strong><\/td><\/tr><tr><td>Impatient<\/td><td>donc<\/td><td>Cela me donne les moyens de vouloir aboutir rapidement dans mes entreprises&nbsp;<\/td><\/tr><tr><td>Manque de cr\u00e9ativit\u00e9<\/td><td>donc<\/td><td>Etre cr\u00e9atif n\u2019est pas une n\u00e9cessit\u00e9 pour l\u2019emploi auquel je postule&nbsp;<\/td><\/tr><tr><td>Manque d\u2019optimisme<\/td><td>donc<\/td><td>J\u2019analyse les situations avec les obstacles potentiels&nbsp;<\/td><\/tr><tr><td>Manque de diplomatie<\/td><td>donc<\/td><td>Je suis clair et lisible&nbsp;<\/td><\/tr><\/tbody><\/table><\/figure>\n\n<\/div><\/div>","protected":false},"excerpt":{"rendered":"<p>Qualit\u00e9 Beaucoup Moyennement Pas du tout D\u00e9faut Confiance en soi &nbsp; X &nbsp; Doute de soi Ambition &nbsp; X &nbsp; Manque d\u2019ambition Loyaut\u00e9 X &nbsp; &nbsp; D\u00e9loyaut\u00e9 Patience &nbsp; &nbsp; X Impatience D\u00e9termination X &nbsp; &nbsp; Irr\u00e9solution Adaptabilit\u00e9 X &nbsp; &nbsp; Inadaptabilit\u00e9 Intuition &nbsp; X &nbsp; Manque de flair Cr\u00e9ativit\u00e9 &nbsp; &nbsp; X Manque de &#8230; <a title=\"Qualit\u00e9s\/d\u00e9fauts de Xavier\" class=\"read-more\" href=\"https:\/\/www.univ-lorraine.fr\/orientation-insertion-professionnelle\/ressources\/stage-emploi-et-alternance\/bilan-projet\/qualites-defauts-de-xavier\/\" aria-label=\"En savoir plus sur Qualit\u00e9s\/d\u00e9fauts de Xavier\">Lire plus<\/a><\/p>\n","protected":false},"author":72,"featured_media":0,"parent":2118,"menu_order":0,"comment_status":"closed","ping_status":"closed","template":"","meta":{"inline_featured_image":false,"footnotes":""},"categories":[17,15],"tags":[],"class_list":{"0":"post-2560","1":"page","2":"type-page","3":"status-publish","5":"category-conseils","6":"category-insertion-professionnelle"},"yoast_head":"<!-- This site is optimized with the Yoast SEO plugin v27.4 - https:\/\/yoast.com\/product\/yoast-seo-wordpress\/ -->\n<title>Qualit\u00e9s\/d\u00e9fauts de Xavier - Orientation et insertion professionnelle<\/title>\n<meta name=\"robots\" content=\"index, follow, max-snippet:-1, max-image-preview:large, max-video-preview:-1\" \/>\n<link rel=\"canonical\" href=\"https:\/\/www.univ-lorraine.fr\/orientation-insertion-professionnelle\/ressources\/stage-emploi-et-alternance\/bilan-projet\/qualites-defauts-de-xavier\/\" \/>\n<meta property=\"og:locale\" content=\"fr_FR\" \/>\n<meta property=\"og:type\" content=\"article\" \/>\n<meta property=\"og:title\" content=\"Qualit\u00e9s\/d\u00e9fauts de Xavier - Orientation et insertion professionnelle\" \/>\n<meta property=\"og:description\" content=\"Qualit\u00e9 Beaucoup Moyennement Pas du tout D\u00e9faut Confiance en soi &nbsp; X &nbsp; Doute de soi Ambition &nbsp; X &nbsp; Manque d\u2019ambition Loyaut\u00e9 X &nbsp; &nbsp; D\u00e9loyaut\u00e9 Patience &nbsp; &nbsp; X Impatience D\u00e9termination X &nbsp; &nbsp; Irr\u00e9solution Adaptabilit\u00e9 X &nbsp; &nbsp; Inadaptabilit\u00e9 Intuition &nbsp; X &nbsp; Manque de flair Cr\u00e9ativit\u00e9 &nbsp; &nbsp; X Manque de ... Lire plus\" \/>\n<meta property=\"og:url\" content=\"https:\/\/www.univ-lorraine.fr\/orientation-insertion-professionnelle\/ressources\/stage-emploi-et-alternance\/bilan-projet\/qualites-defauts-de-xavier\/\" \/>\n<meta property=\"og:site_name\" content=\"Orientation et insertion professionnelle\" \/>\n<meta property=\"article:modified_time\" content=\"2022-09-19T15:39:24+00:00\" \/>\n<meta name=\"twitter:card\" content=\"summary_large_image\" \/>\n<meta name=\"twitter:label1\" content=\"Dur\u00e9e de lecture estim\u00e9e\" \/>\n\t<meta name=\"twitter:data1\" content=\"2 minutes\" \/>\n<script type=\"application\/ld+json\" class=\"yoast-schema-graph\">{\"@context\":\"https:\\\/\\\/schema.org\",\"@graph\":[{\"@type\":\"WebPage\",\"@id\":\"https:\\\/\\\/www.univ-lorraine.fr\\\/orientation-insertion-professionnelle\\\/ressources\\\/stage-emploi-et-alternance\\\/bilan-projet\\\/qualites-defauts-de-xavier\\\/\",\"url\":\"https:\\\/\\\/www.univ-lorraine.fr\\\/orientation-insertion-professionnelle\\\/ressources\\\/stage-emploi-et-alternance\\\/bilan-projet\\\/qualites-defauts-de-xavier\\\/\",\"name\":\"Qualit\u00e9s\\\/d\u00e9fauts de Xavier - Orientation et insertion professionnelle\",\"isPartOf\":{\"@id\":\"https:\\\/\\\/www.univ-lorraine.fr\\\/orientation-insertion-professionnelle\\\/#website\"},\"datePublished\":\"2021-10-28T09:13:11+00:00\",\"dateModified\":\"2022-09-19T15:39:24+00:00\",\"breadcrumb\":{\"@id\":\"https:\\\/\\\/www.univ-lorraine.fr\\\/orientation-insertion-professionnelle\\\/ressources\\\/stage-emploi-et-alternance\\\/bilan-projet\\\/qualites-defauts-de-xavier\\\/#breadcrumb\"},\"inLanguage\":\"fr-FR\",\"potentialAction\":[{\"@type\":\"ReadAction\",\"target\":[\"https:\\\/\\\/www.univ-lorraine.fr\\\/orientation-insertion-professionnelle\\\/ressources\\\/stage-emploi-et-alternance\\\/bilan-projet\\\/qualites-defauts-de-xavier\\\/\"]}]},{\"@type\":\"BreadcrumbList\",\"@id\":\"https:\\\/\\\/www.univ-lorraine.fr\\\/orientation-insertion-professionnelle\\\/ressources\\\/stage-emploi-et-alternance\\\/bilan-projet\\\/qualites-defauts-de-xavier\\\/#breadcrumb\",\"itemListElement\":[{\"@type\":\"ListItem\",\"position\":1,\"name\":\"Accueil\",\"item\":\"https:\\\/\\\/www.univ-lorraine.fr\\\/orientation-insertion-professionnelle\\\/\"},{\"@type\":\"ListItem\",\"position\":2,\"name\":\"Ressources\",\"item\":\"https:\\\/\\\/www.univ-lorraine.fr\\\/orientation-insertion-professionnelle\\\/ressources\\\/\"},{\"@type\":\"ListItem\",\"position\":3,\"name\":\"Stage, emploi et alternance\",\"item\":\"https:\\\/\\\/www.univ-lorraine.fr\\\/orientation-insertion-professionnelle\\\/ressources\\\/stage-emploi-et-alternance\\\/\"},{\"@type\":\"ListItem\",\"position\":4,\"name\":\"Bilan \\\/ projet\",\"item\":\"https:\\\/\\\/www.univ-lorraine.fr\\\/orientation-insertion-professionnelle\\\/ressources\\\/stage-emploi-et-alternance\\\/bilan-projet\\\/\"},{\"@type\":\"ListItem\",\"position\":5,\"name\":\"Qualit\u00e9s\\\/d\u00e9fauts de Xavier\"}]},{\"@type\":\"WebSite\",\"@id\":\"https:\\\/\\\/www.univ-lorraine.fr\\\/orientation-insertion-professionnelle\\\/#website\",\"url\":\"https:\\\/\\\/www.univ-lorraine.fr\\\/orientation-insertion-professionnelle\\\/\",\"name\":\"Orientation et insertion professionnelle\",\"description\":\"\",\"publisher\":{\"@id\":\"https:\\\/\\\/www.univ-lorraine.fr\\\/orientation-insertion-professionnelle\\\/#organization\"},\"potentialAction\":[{\"@type\":\"SearchAction\",\"target\":{\"@type\":\"EntryPoint\",\"urlTemplate\":\"https:\\\/\\\/www.univ-lorraine.fr\\\/orientation-insertion-professionnelle\\\/?s={search_term_string}\"},\"query-input\":{\"@type\":\"PropertyValueSpecification\",\"valueRequired\":true,\"valueName\":\"search_term_string\"}}],\"inLanguage\":\"fr-FR\"},{\"@type\":\"Organization\",\"@id\":\"https:\\\/\\\/www.univ-lorraine.fr\\\/orientation-insertion-professionnelle\\\/#organization\",\"name\":\"Universit\u00e9 de Lorraine\",\"url\":\"https:\\\/\\\/www.univ-lorraine.fr\\\/orientation-insertion-professionnelle\\\/\",\"logo\":{\"@type\":\"ImageObject\",\"inLanguage\":\"fr-FR\",\"@id\":\"https:\\\/\\\/www.univ-lorraine.fr\\\/orientation-insertion-professionnelle\\\/#\\\/schema\\\/logo\\\/image\\\/\",\"url\":\"https:\\\/\\\/www.univ-lorraine.fr\\\/orientation-insertion-professionnelle\\\/wp-content\\\/uploads\\\/sites\\\/7\\\/2023\\\/04\\\/logo_siteweb2_Plan-de-travail-1.png\",\"contentUrl\":\"https:\\\/\\\/www.univ-lorraine.fr\\\/orientation-insertion-professionnelle\\\/wp-content\\\/uploads\\\/sites\\\/7\\\/2023\\\/04\\\/logo_siteweb2_Plan-de-travail-1.png\",\"width\":852,\"height\":492,\"caption\":\"Universit\u00e9 de Lorraine\"},\"image\":{\"@id\":\"https:\\\/\\\/www.univ-lorraine.fr\\\/orientation-insertion-professionnelle\\\/#\\\/schema\\\/logo\\\/image\\\/\"}}]}<\/script>\n<!-- \/ Yoast SEO plugin. -->","yoast_head_json":{"title":"Qualit\u00e9s\/d\u00e9fauts de Xavier - Orientation et insertion professionnelle","robots":{"index":"index","follow":"follow","max-snippet":"max-snippet:-1","max-image-preview":"max-image-preview:large","max-video-preview":"max-video-preview:-1"},"canonical":"https:\/\/www.univ-lorraine.fr\/orientation-insertion-professionnelle\/ressources\/stage-emploi-et-alternance\/bilan-projet\/qualites-defauts-de-xavier\/","og_locale":"fr_FR","og_type":"article","og_title":"Qualit\u00e9s\/d\u00e9fauts de Xavier - Orientation et insertion professionnelle","og_description":"Qualit\u00e9 Beaucoup Moyennement Pas du tout D\u00e9faut Confiance en soi &nbsp; X &nbsp; Doute de soi Ambition &nbsp; X &nbsp; Manque d\u2019ambition Loyaut\u00e9 X &nbsp; &nbsp; D\u00e9loyaut\u00e9 Patience &nbsp; &nbsp; X Impatience D\u00e9termination X &nbsp; &nbsp; Irr\u00e9solution Adaptabilit\u00e9 X &nbsp; &nbsp; Inadaptabilit\u00e9 Intuition &nbsp; X &nbsp; Manque de flair Cr\u00e9ativit\u00e9 &nbsp; &nbsp; X Manque de ... Lire plus","og_url":"https:\/\/www.univ-lorraine.fr\/orientation-insertion-professionnelle\/ressources\/stage-emploi-et-alternance\/bilan-projet\/qualites-defauts-de-xavier\/","og_site_name":"Orientation et insertion professionnelle","article_modified_time":"2022-09-19T15:39:24+00:00","twitter_card":"summary_large_image","twitter_misc":{"Dur\u00e9e de lecture estim\u00e9e":"2 minutes"},"schema":{"@context":"https:\/\/schema.org","@graph":[{"@type":"WebPage","@id":"https:\/\/www.univ-lorraine.fr\/orientation-insertion-professionnelle\/ressources\/stage-emploi-et-alternance\/bilan-projet\/qualites-defauts-de-xavier\/","url":"https:\/\/www.univ-lorraine.fr\/orientation-insertion-professionnelle\/ressources\/stage-emploi-et-alternance\/bilan-projet\/qualites-defauts-de-xavier\/","name":"Qualit\u00e9s\/d\u00e9fauts de Xavier - Orientation et insertion professionnelle","isPartOf":{"@id":"https:\/\/www.univ-lorraine.fr\/orientation-insertion-professionnelle\/#website"},"datePublished":"2021-10-28T09:13:11+00:00","dateModified":"2022-09-19T15:39:24+00:00","breadcrumb":{"@id":"https:\/\/www.univ-lorraine.fr\/orientation-insertion-professionnelle\/ressources\/stage-emploi-et-alternance\/bilan-projet\/qualites-defauts-de-xavier\/#breadcrumb"},"inLanguage":"fr-FR","potentialAction":[{"@type":"ReadAction","target":["https:\/\/www.univ-lorraine.fr\/orientation-insertion-professionnelle\/ressources\/stage-emploi-et-alternance\/bilan-projet\/qualites-defauts-de-xavier\/"]}]},{"@type":"BreadcrumbList","@id":"https:\/\/www.univ-lorraine.fr\/orientation-insertion-professionnelle\/ressources\/stage-emploi-et-alternance\/bilan-projet\/qualites-defauts-de-xavier\/#breadcrumb","itemListElement":[{"@type":"ListItem","position":1,"name":"Accueil","item":"https:\/\/www.univ-lorraine.fr\/orientation-insertion-professionnelle\/"},{"@type":"ListItem","position":2,"name":"Ressources","item":"https:\/\/www.univ-lorraine.fr\/orientation-insertion-professionnelle\/ressources\/"},{"@type":"ListItem","position":3,"name":"Stage, emploi et alternance","item":"https:\/\/www.univ-lorraine.fr\/orientation-insertion-professionnelle\/ressources\/stage-emploi-et-alternance\/"},{"@type":"ListItem","position":4,"name":"Bilan \/ projet","item":"https:\/\/www.univ-lorraine.fr\/orientation-insertion-professionnelle\/ressources\/stage-emploi-et-alternance\/bilan-projet\/"},{"@type":"ListItem","position":5,"name":"Qualit\u00e9s\/d\u00e9fauts de Xavier"}]},{"@type":"WebSite","@id":"https:\/\/www.univ-lorraine.fr\/orientation-insertion-professionnelle\/#website","url":"https:\/\/www.univ-lorraine.fr\/orientation-insertion-professionnelle\/","name":"Orientation et insertion professionnelle","description":"","publisher":{"@id":"https:\/\/www.univ-lorraine.fr\/orientation-insertion-professionnelle\/#organization"},"potentialAction":[{"@type":"SearchAction","target":{"@type":"EntryPoint","urlTemplate":"https:\/\/www.univ-lorraine.fr\/orientation-insertion-professionnelle\/?s={search_term_string}"},"query-input":{"@type":"PropertyValueSpecification","valueRequired":true,"valueName":"search_term_string"}}],"inLanguage":"fr-FR"},{"@type":"Organization","@id":"https:\/\/www.univ-lorraine.fr\/orientation-insertion-professionnelle\/#organization","name":"Universit\u00e9 de Lorraine","url":"https:\/\/www.univ-lorraine.fr\/orientation-insertion-professionnelle\/","logo":{"@type":"ImageObject","inLanguage":"fr-FR","@id":"https:\/\/www.univ-lorraine.fr\/orientation-insertion-professionnelle\/#\/schema\/logo\/image\/","url":"https:\/\/www.univ-lorraine.fr\/orientation-insertion-professionnelle\/wp-content\/uploads\/sites\/7\/2023\/04\/logo_siteweb2_Plan-de-travail-1.png","contentUrl":"https:\/\/www.univ-lorraine.fr\/orientation-insertion-professionnelle\/wp-content\/uploads\/sites\/7\/2023\/04\/logo_siteweb2_Plan-de-travail-1.png","width":852,"height":492,"caption":"Universit\u00e9 de Lorraine"},"image":{"@id":"https:\/\/www.univ-lorraine.fr\/orientation-insertion-professionnelle\/#\/schema\/logo\/image\/"}}]}},"_links":{"self":[{"href":"https:\/\/www.univ-lorraine.fr\/orientation-insertion-professionnelle\/wp-json\/wp\/v2\/pages\/2560","targetHints":{"allow":["GET"]}}],"collection":[{"href":"https:\/\/www.univ-lorraine.fr\/orientation-insertion-professionnelle\/wp-json\/wp\/v2\/pages"}],"about":[{"href":"https:\/\/www.univ-lorraine.fr\/orientation-insertion-professionnelle\/wp-json\/wp\/v2\/types\/page"}],"author":[{"embeddable":true,"href":"https:\/\/www.univ-lorraine.fr\/orientation-insertion-professionnelle\/wp-json\/wp\/v2\/users\/72"}],"replies":[{"embeddable":true,"href":"https:\/\/www.univ-lorraine.fr\/orientation-insertion-professionnelle\/wp-json\/wp\/v2\/comments?post=2560"}],"version-history":[{"count":1,"href":"https:\/\/www.univ-lorraine.fr\/orientation-insertion-professionnelle\/wp-json\/wp\/v2\/pages\/2560\/revisions"}],"predecessor-version":[{"id":2561,"href":"https:\/\/www.univ-lorraine.fr\/orientation-insertion-professionnelle\/wp-json\/wp\/v2\/pages\/2560\/revisions\/2561"}],"up":[{"embeddable":true,"href":"https:\/\/www.univ-lorraine.fr\/orientation-insertion-professionnelle\/wp-json\/wp\/v2\/pages\/2118"}],"wp:attachment":[{"href":"https:\/\/www.univ-lorraine.fr\/orientation-insertion-professionnelle\/wp-json\/wp\/v2\/media?parent=2560"}],"wp:term":[{"taxonomy":"category","embeddable":true,"href":"https:\/\/www.univ-lorraine.fr\/orientation-insertion-professionnelle\/wp-json\/wp\/v2\/categories?post=2560"},{"taxonomy":"post_tag","embeddable":true,"href":"https:\/\/www.univ-lorraine.fr\/orientation-insertion-professionnelle\/wp-json\/wp\/v2\/tags?post=2560"}],"curies":[{"name":"wp","href":"https:\/\/api.w.org\/{rel}","templated":true}]}}