{"id":2604,"date":"2021-10-28T11:16:50","date_gmt":"2021-10-28T09:16:50","guid":{"rendered":"https:\/\/www.univ-lorraine.fr\/orientation-insertion-professionnelle\/?page_id=2604"},"modified":"2022-09-19T13:48:51","modified_gmt":"2022-09-19T11:48:51","slug":"les-3-realisations-dont-je-suis-le-plus-fier-exemple-de-clement","status":"publish","type":"page","link":"https:\/\/www.univ-lorraine.fr\/orientation-insertion-professionnelle\/ressources\/stage-emploi-et-alternance\/bilan-projet\/les-3-realisations-dont-je-suis-le-plus-fier-exemple-de-clement\/","title":{"rendered":"Les 3 r\u00e9alisations dont je suis le plus fier : exemple de Cl\u00e9ment"},"content":{"rendered":"<div class=\"gb-container gb-container-28fb2798\"><div class=\"gb-inside-container\">\n\n<p>Cl\u00e9ment D, 27 ans, doctorant en neurobiologie. Je me pose la question de savoir si je dois continuer ma th\u00e8se ou rechercher un emploi de technico-commercial.<\/p>\n\n\n\n<p><strong>Mes r\u00e9alisations<\/strong><strong><br><br><strong>1. A 24 ans, j\u2019ai d\u00e9croch\u00e9 mon Master Recherche avec mention Bien.<\/strong><\/strong><\/p>\n\n\n\n<p>Cela m\u2019a permis d\u2019obtenir un financement minist\u00e9riel de ma th\u00e8se pour 3 ans ainsi qu\u2019un poste d\u2019enseignant \u00e0 l\u2019universit\u00e9.<\/p>\n\n\n\n<p><strong>2.<\/strong>&nbsp;Durant l\u2019\u00e9t\u00e9 2000, j\u2019ai particip\u00e9 \u00e0 plusieurs&nbsp;<strong>tournois de tennis<\/strong>&nbsp;et&nbsp;<strong>je suis pass\u00e9 de non class\u00e9 \u00e0 30\/1<\/strong>&nbsp;en gagnant plusieurs tours dans chaque tournoi.<\/p>\n\n\n\n<p><strong>3. En 2\u00e8me ann\u00e9e de th\u00e8se, j\u2019ai pris l\u2019initiative de proposer une collaboration scientifique \u00e0 un laboratoire suisse pour travailler sur une toute nouvelle technologie : les puces \u00e0 ADN.<\/strong><strong><br><br><\/strong>J\u2019ai pris en charge les n\u00e9gociations avec nos diff\u00e9rents partenaires, j\u2019ai travaill\u00e9 4 mois \u00e0 B\u00e2le dans le cadre de 2 projets scientifiques \u2013 dont un a \u00e9t\u00e9 soumis au Minist\u00e8re de la Recherche en tant qu\u2019<em>\u00e9tude clinique nationale<\/em>&nbsp;\u2013 et j\u2019ai pris en charge les exp\u00e9rimentations ainsi que les analyses bios informatiques qui ont n\u00e9cessit\u00e9 des formations sp\u00e9cifiques.<\/p>\n\n\n\n<p><strong>Analyse<\/strong><strong><br><br><\/strong>Cl\u00e9ment a toujours eu besoin de r\u00e9ussir tous ses examens avec mention, de gagner tous les tournois, d&rsquo;\u00eatre toujours devant pour \u00eatre, lui semble-t-il, reconnu par sa famille et pour exister.<\/p>\n\n\n\n<p>Il pr\u00e9f\u00e8re \u00eatre en relation duale plut\u00f4t qu\u2019en \u00e9quipe ou alors, \u00eatre le chef sinon rien\u2026<\/p>\n\n\n\n<p>Il d\u00e9couvre que les r\u00e9alisations mineures (parce que sans gros efforts de travail) sont tout aussi gratifiantes que celles \u00e0 fort enjeu et qu&rsquo;il en est de m\u00eame pour celles qui n\u2019entrent pas dans son jeu pr\u00e9f\u00e9r\u00e9 : \u00eatre le meilleur\u2026 Cela lui permet au contraire de d\u00e9velopper de nouvelles qualit\u00e9s d&rsquo;ouverture sur les autres.<\/p>\n\n<\/div><\/div>","protected":false},"excerpt":{"rendered":"<p>Cl\u00e9ment D, 27 ans, doctorant en neurobiologie. Je me pose la question de savoir si je dois continuer ma th\u00e8se ou rechercher un emploi de technico-commercial. Mes r\u00e9alisations 1. A 24 ans, j\u2019ai d\u00e9croch\u00e9 mon Master Recherche avec mention Bien. Cela m\u2019a permis d\u2019obtenir un financement minist\u00e9riel de ma th\u00e8se pour 3 ans ainsi qu\u2019un &#8230; <a title=\"Les 3 r\u00e9alisations dont je suis le plus fier : exemple de Cl\u00e9ment\" class=\"read-more\" href=\"https:\/\/www.univ-lorraine.fr\/orientation-insertion-professionnelle\/ressources\/stage-emploi-et-alternance\/bilan-projet\/les-3-realisations-dont-je-suis-le-plus-fier-exemple-de-clement\/\" aria-label=\"En savoir plus sur Les 3 r\u00e9alisations dont je suis le plus fier : exemple de Cl\u00e9ment\">Lire plus<\/a><\/p>\n","protected":false},"author":72,"featured_media":0,"parent":2118,"menu_order":0,"comment_status":"closed","ping_status":"closed","template":"","meta":{"inline_featured_image":false,"footnotes":""},"categories":[17,15],"tags":[],"class_list":{"0":"post-2604","1":"page","2":"type-page","3":"status-publish","5":"category-conseils","6":"category-insertion-professionnelle"},"yoast_head":"<!-- This site is optimized with the Yoast SEO plugin v27.4 - https:\/\/yoast.com\/product\/yoast-seo-wordpress\/ -->\n<title>Les 3 r\u00e9alisations dont je suis le plus fier : exemple de Cl\u00e9ment - Orientation et insertion professionnelle<\/title>\n<meta name=\"robots\" content=\"index, follow, max-snippet:-1, max-image-preview:large, max-video-preview:-1\" \/>\n<link rel=\"canonical\" href=\"https:\/\/www.univ-lorraine.fr\/orientation-insertion-professionnelle\/ressources\/stage-emploi-et-alternance\/bilan-projet\/les-3-realisations-dont-je-suis-le-plus-fier-exemple-de-clement\/\" \/>\n<meta property=\"og:locale\" content=\"fr_FR\" \/>\n<meta property=\"og:type\" content=\"article\" \/>\n<meta property=\"og:title\" content=\"Les 3 r\u00e9alisations dont je suis le plus fier : exemple de Cl\u00e9ment - Orientation et insertion professionnelle\" \/>\n<meta property=\"og:description\" content=\"Cl\u00e9ment D, 27 ans, doctorant en neurobiologie. Je me pose la question de savoir si je dois continuer ma th\u00e8se ou rechercher un emploi de technico-commercial. Mes r\u00e9alisations 1. A 24 ans, j\u2019ai d\u00e9croch\u00e9 mon Master Recherche avec mention Bien. Cela m\u2019a permis d\u2019obtenir un financement minist\u00e9riel de ma th\u00e8se pour 3 ans ainsi qu\u2019un ... Lire plus\" \/>\n<meta property=\"og:url\" content=\"https:\/\/www.univ-lorraine.fr\/orientation-insertion-professionnelle\/ressources\/stage-emploi-et-alternance\/bilan-projet\/les-3-realisations-dont-je-suis-le-plus-fier-exemple-de-clement\/\" \/>\n<meta property=\"og:site_name\" content=\"Orientation et insertion professionnelle\" \/>\n<meta property=\"article:modified_time\" content=\"2022-09-19T11:48:51+00:00\" \/>\n<meta name=\"twitter:card\" content=\"summary_large_image\" \/>\n<meta name=\"twitter:label1\" content=\"Dur\u00e9e de lecture estim\u00e9e\" \/>\n\t<meta name=\"twitter:data1\" content=\"2 minutes\" \/>\n<script type=\"application\/ld+json\" class=\"yoast-schema-graph\">{\"@context\":\"https:\\\/\\\/schema.org\",\"@graph\":[{\"@type\":\"WebPage\",\"@id\":\"https:\\\/\\\/www.univ-lorraine.fr\\\/orientation-insertion-professionnelle\\\/ressources\\\/stage-emploi-et-alternance\\\/bilan-projet\\\/les-3-realisations-dont-je-suis-le-plus-fier-exemple-de-clement\\\/\",\"url\":\"https:\\\/\\\/www.univ-lorraine.fr\\\/orientation-insertion-professionnelle\\\/ressources\\\/stage-emploi-et-alternance\\\/bilan-projet\\\/les-3-realisations-dont-je-suis-le-plus-fier-exemple-de-clement\\\/\",\"name\":\"Les 3 r\u00e9alisations dont je suis le plus fier : exemple de Cl\u00e9ment - Orientation et insertion professionnelle\",\"isPartOf\":{\"@id\":\"https:\\\/\\\/www.univ-lorraine.fr\\\/orientation-insertion-professionnelle\\\/#website\"},\"datePublished\":\"2021-10-28T09:16:50+00:00\",\"dateModified\":\"2022-09-19T11:48:51+00:00\",\"breadcrumb\":{\"@id\":\"https:\\\/\\\/www.univ-lorraine.fr\\\/orientation-insertion-professionnelle\\\/ressources\\\/stage-emploi-et-alternance\\\/bilan-projet\\\/les-3-realisations-dont-je-suis-le-plus-fier-exemple-de-clement\\\/#breadcrumb\"},\"inLanguage\":\"fr-FR\",\"potentialAction\":[{\"@type\":\"ReadAction\",\"target\":[\"https:\\\/\\\/www.univ-lorraine.fr\\\/orientation-insertion-professionnelle\\\/ressources\\\/stage-emploi-et-alternance\\\/bilan-projet\\\/les-3-realisations-dont-je-suis-le-plus-fier-exemple-de-clement\\\/\"]}]},{\"@type\":\"BreadcrumbList\",\"@id\":\"https:\\\/\\\/www.univ-lorraine.fr\\\/orientation-insertion-professionnelle\\\/ressources\\\/stage-emploi-et-alternance\\\/bilan-projet\\\/les-3-realisations-dont-je-suis-le-plus-fier-exemple-de-clement\\\/#breadcrumb\",\"itemListElement\":[{\"@type\":\"ListItem\",\"position\":1,\"name\":\"Accueil\",\"item\":\"https:\\\/\\\/www.univ-lorraine.fr\\\/orientation-insertion-professionnelle\\\/\"},{\"@type\":\"ListItem\",\"position\":2,\"name\":\"Ressources\",\"item\":\"https:\\\/\\\/www.univ-lorraine.fr\\\/orientation-insertion-professionnelle\\\/ressources\\\/\"},{\"@type\":\"ListItem\",\"position\":3,\"name\":\"Stage, emploi et alternance\",\"item\":\"https:\\\/\\\/www.univ-lorraine.fr\\\/orientation-insertion-professionnelle\\\/ressources\\\/stage-emploi-et-alternance\\\/\"},{\"@type\":\"ListItem\",\"position\":4,\"name\":\"Bilan \\\/ projet\",\"item\":\"https:\\\/\\\/www.univ-lorraine.fr\\\/orientation-insertion-professionnelle\\\/ressources\\\/stage-emploi-et-alternance\\\/bilan-projet\\\/\"},{\"@type\":\"ListItem\",\"position\":5,\"name\":\"Les 3 r\u00e9alisations dont je suis le plus fier : exemple de Cl\u00e9ment\"}]},{\"@type\":\"WebSite\",\"@id\":\"https:\\\/\\\/www.univ-lorraine.fr\\\/orientation-insertion-professionnelle\\\/#website\",\"url\":\"https:\\\/\\\/www.univ-lorraine.fr\\\/orientation-insertion-professionnelle\\\/\",\"name\":\"Orientation et insertion professionnelle\",\"description\":\"\",\"publisher\":{\"@id\":\"https:\\\/\\\/www.univ-lorraine.fr\\\/orientation-insertion-professionnelle\\\/#organization\"},\"potentialAction\":[{\"@type\":\"SearchAction\",\"target\":{\"@type\":\"EntryPoint\",\"urlTemplate\":\"https:\\\/\\\/www.univ-lorraine.fr\\\/orientation-insertion-professionnelle\\\/?s={search_term_string}\"},\"query-input\":{\"@type\":\"PropertyValueSpecification\",\"valueRequired\":true,\"valueName\":\"search_term_string\"}}],\"inLanguage\":\"fr-FR\"},{\"@type\":\"Organization\",\"@id\":\"https:\\\/\\\/www.univ-lorraine.fr\\\/orientation-insertion-professionnelle\\\/#organization\",\"name\":\"Universit\u00e9 de Lorraine\",\"url\":\"https:\\\/\\\/www.univ-lorraine.fr\\\/orientation-insertion-professionnelle\\\/\",\"logo\":{\"@type\":\"ImageObject\",\"inLanguage\":\"fr-FR\",\"@id\":\"https:\\\/\\\/www.univ-lorraine.fr\\\/orientation-insertion-professionnelle\\\/#\\\/schema\\\/logo\\\/image\\\/\",\"url\":\"https:\\\/\\\/www.univ-lorraine.fr\\\/orientation-insertion-professionnelle\\\/wp-content\\\/uploads\\\/sites\\\/7\\\/2023\\\/04\\\/logo_siteweb2_Plan-de-travail-1.png\",\"contentUrl\":\"https:\\\/\\\/www.univ-lorraine.fr\\\/orientation-insertion-professionnelle\\\/wp-content\\\/uploads\\\/sites\\\/7\\\/2023\\\/04\\\/logo_siteweb2_Plan-de-travail-1.png\",\"width\":852,\"height\":492,\"caption\":\"Universit\u00e9 de Lorraine\"},\"image\":{\"@id\":\"https:\\\/\\\/www.univ-lorraine.fr\\\/orientation-insertion-professionnelle\\\/#\\\/schema\\\/logo\\\/image\\\/\"}}]}<\/script>\n<!-- \/ Yoast SEO plugin. -->","yoast_head_json":{"title":"Les 3 r\u00e9alisations dont je suis le plus fier : exemple de Cl\u00e9ment - Orientation et insertion professionnelle","robots":{"index":"index","follow":"follow","max-snippet":"max-snippet:-1","max-image-preview":"max-image-preview:large","max-video-preview":"max-video-preview:-1"},"canonical":"https:\/\/www.univ-lorraine.fr\/orientation-insertion-professionnelle\/ressources\/stage-emploi-et-alternance\/bilan-projet\/les-3-realisations-dont-je-suis-le-plus-fier-exemple-de-clement\/","og_locale":"fr_FR","og_type":"article","og_title":"Les 3 r\u00e9alisations dont je suis le plus fier : exemple de Cl\u00e9ment - Orientation et insertion professionnelle","og_description":"Cl\u00e9ment D, 27 ans, doctorant en neurobiologie. Je me pose la question de savoir si je dois continuer ma th\u00e8se ou rechercher un emploi de technico-commercial. Mes r\u00e9alisations 1. A 24 ans, j\u2019ai d\u00e9croch\u00e9 mon Master Recherche avec mention Bien. Cela m\u2019a permis d\u2019obtenir un financement minist\u00e9riel de ma th\u00e8se pour 3 ans ainsi qu\u2019un ... Lire plus","og_url":"https:\/\/www.univ-lorraine.fr\/orientation-insertion-professionnelle\/ressources\/stage-emploi-et-alternance\/bilan-projet\/les-3-realisations-dont-je-suis-le-plus-fier-exemple-de-clement\/","og_site_name":"Orientation et insertion professionnelle","article_modified_time":"2022-09-19T11:48:51+00:00","twitter_card":"summary_large_image","twitter_misc":{"Dur\u00e9e de lecture estim\u00e9e":"2 minutes"},"schema":{"@context":"https:\/\/schema.org","@graph":[{"@type":"WebPage","@id":"https:\/\/www.univ-lorraine.fr\/orientation-insertion-professionnelle\/ressources\/stage-emploi-et-alternance\/bilan-projet\/les-3-realisations-dont-je-suis-le-plus-fier-exemple-de-clement\/","url":"https:\/\/www.univ-lorraine.fr\/orientation-insertion-professionnelle\/ressources\/stage-emploi-et-alternance\/bilan-projet\/les-3-realisations-dont-je-suis-le-plus-fier-exemple-de-clement\/","name":"Les 3 r\u00e9alisations dont je suis le plus fier : exemple de Cl\u00e9ment - Orientation et insertion professionnelle","isPartOf":{"@id":"https:\/\/www.univ-lorraine.fr\/orientation-insertion-professionnelle\/#website"},"datePublished":"2021-10-28T09:16:50+00:00","dateModified":"2022-09-19T11:48:51+00:00","breadcrumb":{"@id":"https:\/\/www.univ-lorraine.fr\/orientation-insertion-professionnelle\/ressources\/stage-emploi-et-alternance\/bilan-projet\/les-3-realisations-dont-je-suis-le-plus-fier-exemple-de-clement\/#breadcrumb"},"inLanguage":"fr-FR","potentialAction":[{"@type":"ReadAction","target":["https:\/\/www.univ-lorraine.fr\/orientation-insertion-professionnelle\/ressources\/stage-emploi-et-alternance\/bilan-projet\/les-3-realisations-dont-je-suis-le-plus-fier-exemple-de-clement\/"]}]},{"@type":"BreadcrumbList","@id":"https:\/\/www.univ-lorraine.fr\/orientation-insertion-professionnelle\/ressources\/stage-emploi-et-alternance\/bilan-projet\/les-3-realisations-dont-je-suis-le-plus-fier-exemple-de-clement\/#breadcrumb","itemListElement":[{"@type":"ListItem","position":1,"name":"Accueil","item":"https:\/\/www.univ-lorraine.fr\/orientation-insertion-professionnelle\/"},{"@type":"ListItem","position":2,"name":"Ressources","item":"https:\/\/www.univ-lorraine.fr\/orientation-insertion-professionnelle\/ressources\/"},{"@type":"ListItem","position":3,"name":"Stage, emploi et alternance","item":"https:\/\/www.univ-lorraine.fr\/orientation-insertion-professionnelle\/ressources\/stage-emploi-et-alternance\/"},{"@type":"ListItem","position":4,"name":"Bilan \/ projet","item":"https:\/\/www.univ-lorraine.fr\/orientation-insertion-professionnelle\/ressources\/stage-emploi-et-alternance\/bilan-projet\/"},{"@type":"ListItem","position":5,"name":"Les 3 r\u00e9alisations dont je suis le plus fier : exemple de Cl\u00e9ment"}]},{"@type":"WebSite","@id":"https:\/\/www.univ-lorraine.fr\/orientation-insertion-professionnelle\/#website","url":"https:\/\/www.univ-lorraine.fr\/orientation-insertion-professionnelle\/","name":"Orientation et insertion professionnelle","description":"","publisher":{"@id":"https:\/\/www.univ-lorraine.fr\/orientation-insertion-professionnelle\/#organization"},"potentialAction":[{"@type":"SearchAction","target":{"@type":"EntryPoint","urlTemplate":"https:\/\/www.univ-lorraine.fr\/orientation-insertion-professionnelle\/?s={search_term_string}"},"query-input":{"@type":"PropertyValueSpecification","valueRequired":true,"valueName":"search_term_string"}}],"inLanguage":"fr-FR"},{"@type":"Organization","@id":"https:\/\/www.univ-lorraine.fr\/orientation-insertion-professionnelle\/#organization","name":"Universit\u00e9 de Lorraine","url":"https:\/\/www.univ-lorraine.fr\/orientation-insertion-professionnelle\/","logo":{"@type":"ImageObject","inLanguage":"fr-FR","@id":"https:\/\/www.univ-lorraine.fr\/orientation-insertion-professionnelle\/#\/schema\/logo\/image\/","url":"https:\/\/www.univ-lorraine.fr\/orientation-insertion-professionnelle\/wp-content\/uploads\/sites\/7\/2023\/04\/logo_siteweb2_Plan-de-travail-1.png","contentUrl":"https:\/\/www.univ-lorraine.fr\/orientation-insertion-professionnelle\/wp-content\/uploads\/sites\/7\/2023\/04\/logo_siteweb2_Plan-de-travail-1.png","width":852,"height":492,"caption":"Universit\u00e9 de Lorraine"},"image":{"@id":"https:\/\/www.univ-lorraine.fr\/orientation-insertion-professionnelle\/#\/schema\/logo\/image\/"}}]}},"_links":{"self":[{"href":"https:\/\/www.univ-lorraine.fr\/orientation-insertion-professionnelle\/wp-json\/wp\/v2\/pages\/2604","targetHints":{"allow":["GET"]}}],"collection":[{"href":"https:\/\/www.univ-lorraine.fr\/orientation-insertion-professionnelle\/wp-json\/wp\/v2\/pages"}],"about":[{"href":"https:\/\/www.univ-lorraine.fr\/orientation-insertion-professionnelle\/wp-json\/wp\/v2\/types\/page"}],"author":[{"embeddable":true,"href":"https:\/\/www.univ-lorraine.fr\/orientation-insertion-professionnelle\/wp-json\/wp\/v2\/users\/72"}],"replies":[{"embeddable":true,"href":"https:\/\/www.univ-lorraine.fr\/orientation-insertion-professionnelle\/wp-json\/wp\/v2\/comments?post=2604"}],"version-history":[{"count":1,"href":"https:\/\/www.univ-lorraine.fr\/orientation-insertion-professionnelle\/wp-json\/wp\/v2\/pages\/2604\/revisions"}],"predecessor-version":[{"id":2605,"href":"https:\/\/www.univ-lorraine.fr\/orientation-insertion-professionnelle\/wp-json\/wp\/v2\/pages\/2604\/revisions\/2605"}],"up":[{"embeddable":true,"href":"https:\/\/www.univ-lorraine.fr\/orientation-insertion-professionnelle\/wp-json\/wp\/v2\/pages\/2118"}],"wp:attachment":[{"href":"https:\/\/www.univ-lorraine.fr\/orientation-insertion-professionnelle\/wp-json\/wp\/v2\/media?parent=2604"}],"wp:term":[{"taxonomy":"category","embeddable":true,"href":"https:\/\/www.univ-lorraine.fr\/orientation-insertion-professionnelle\/wp-json\/wp\/v2\/categories?post=2604"},{"taxonomy":"post_tag","embeddable":true,"href":"https:\/\/www.univ-lorraine.fr\/orientation-insertion-professionnelle\/wp-json\/wp\/v2\/tags?post=2604"}],"curies":[{"name":"wp","href":"https:\/\/api.w.org\/{rel}","templated":true}]}}