{"version":"1.0","provider_name":"Recueil des Actes Administratifs (RAA)","provider_url":"https:\/\/www.univ-lorraine.fr\/raa","author_name":"David Georgel","author_url":"https:\/\/www.univ-lorraine.fr\/raa\/author\/david-georgel\/","title":"D\u00e9l\u00e9gations de signature - Recueil des Actes Administratifs (RAA)","type":"rich","width":600,"height":338,"html":"<blockquote class=\"wp-embedded-content\" data-secret=\"DTOLApe6ze\"><a href=\"https:\/\/www.univ-lorraine.fr\/raa\/delegations-de-signature\/\">D\u00e9l\u00e9gations de signature<\/a><\/blockquote><iframe sandbox=\"allow-scripts\" security=\"restricted\" src=\"https:\/\/www.univ-lorraine.fr\/raa\/delegations-de-signature\/embed\/#?secret=DTOLApe6ze\" width=\"600\" height=\"338\" title=\"\u00ab\u00a0D\u00e9l\u00e9gations de signature\u00a0\u00bb &#8212; Recueil des Actes Administratifs (RAA)\" data-secret=\"DTOLApe6ze\" frameborder=\"0\" marginwidth=\"0\" marginheight=\"0\" scrolling=\"no\" class=\"wp-embedded-content\"><\/iframe><script>\n\/*! This file is auto-generated *\/\n!function(d,l){\"use strict\";l.querySelector&&d.addEventListener&&\"undefined\"!=typeof URL&&(d.wp=d.wp||{},d.wp.receiveEmbedMessage||(d.wp.receiveEmbedMessage=function(e){var t=e.data;if((t||t.secret||t.message||t.value)&&!\/[^a-zA-Z0-9]\/.test(t.secret)){for(var s,r,n,a=l.querySelectorAll('iframe[data-secret=\"'+t.secret+'\"]'),o=l.querySelectorAll('blockquote[data-secret=\"'+t.secret+'\"]'),c=new RegExp(\"^https?:$\",\"i\"),i=0;i<o.length;i++)o[i].style.display=\"none\";for(i=0;i<a.length;i++)s=a[i],e.source===s.contentWindow&&(s.removeAttribute(\"style\"),\"height\"===t.message?(1e3<(r=parseInt(t.value,10))?r=1e3:~~r<200&&(r=200),s.height=r):\"link\"===t.message&&(r=new URL(s.getAttribute(\"src\")),n=new URL(t.value),c.test(n.protocol))&&n.host===r.host&&l.activeElement===s&&(d.top.location.href=t.value))}},d.addEventListener(\"message\",d.wp.receiveEmbedMessage,!1),l.addEventListener(\"DOMContentLoaded\",function(){for(var e,t,s=l.querySelectorAll(\"iframe.wp-embedded-content\"),r=0;r<s.length;r++)(t=(e=s[r]).getAttribute(\"data-secret\"))||(t=Math.random().toString(36).substring(2,12),e.src+=\"#?secret=\"+t,e.setAttribute(\"data-secret\",t)),e.contentWindow.postMessage({message:\"ready\",secret:t},\"*\")},!1)))}(window,document);\n\/\/# sourceURL=https:\/\/www.univ-lorraine.fr\/raa\/wp-includes\/js\/wp-embed.min.js\n<\/script>\n","description":"Acc\u00e8s direct Vice-Pr\u00e9sidents et Directeur g\u00e9n\u00e9ral des services Structures rattach\u00e9es \u00e0 la direction g\u00e9n\u00e9rale des services Directions op\u00e9rationnelles Directeurs de coll\u00e9giums Directeurs p\u00f4les scientifiques Directeurs de campus Composantes de formation Laboratoires \u00c9coles doctorales Services techniques de sites"}

Délégations de signature - Recueil des Actes Administratifs (RAA)

<blockquote class="wp-embedded-content" data-secret="DTOLApe6ze"><a href="https://www.univ-lorraine.fr/raa/delegations-de-signature/">Délégations de signature</a></blockquote><iframe sandbox="allow-scripts" security="restricted" src="https://www.univ-lorraine.fr/raa/delegations-de-signature/embed/#?secret=DTOLApe6ze" width="600" height="338" title="« Délégations de signature » &#8212; Recueil des Actes Administratifs (RAA)" data-secret="DTOLApe6ze" frameborder="0" marginwidth="0" marginheight="0" scrolling="no" class="wp-embedded-content"></iframe><script>
/*! This file is auto-generated */
!function(d,l){"use strict";l.querySelector&&d.addEventListener&&"undefined"!=typeof URL&&(d.wp=d.wp||{},d.wp.receiveEmbedMessage||(d.wp.receiveEmbedMessage=function(e){var t=e.data;if((t||t.secret||t.message||t.value)&&!/[^a-zA-Z0-9]/.test(t.secret)){for(var s,r,n,a=l.querySelectorAll('iframe[data-secret="'+t.secret+'"]'),o=l.querySelectorAll('blockquote[data-secret="'+t.secret+'"]'),c=new RegExp("^https?:$","i"),i=0;i<o.length;i++)o[i].style.display="none";for(i=0;i<a.length;i++)s=a[i],e.source===s.contentWindow&&(s.removeAttribute("style"),"height"===t.message?(1e3<(r=parseInt(t.value,10))?r=1e3:~~r<200&&(r=200),s.height=r):"link"===t.message&&(r=new URL(s.getAttribute("src")),n=new URL(t.value),c.test(n.protocol))&&n.host===r.host&&l.activeElement===s&&(d.top.location.href=t.value))}},d.addEventListener("message",d.wp.receiveEmbedMessage,!1),l.addEventListener("DOMContentLoaded",function(){for(var e,t,s=l.querySelectorAll("iframe.wp-embedded-content"),r=0;r<s.length;r++)(t=(e=s[r]).getAttribute("data-secret"))||(t=Math.random().toString(36).substring(2,12),e.src+="#?secret="+t,e.setAttribute("data-secret",t)),e.contentWindow.postMessage({message:"ready",secret:t},"*")},!1)))}(window,document);
//# sourceURL=https://www.univ-lorraine.fr/raa/wp-includes/js/wp-embed.min.js
</script>

Accès direct Vice-Présidents et Directeur général des services Structures rattachées à la direction générale des services Directions opérationnelles Directeurs de collégiums Directeurs pôles scientifiques Directeurs de campus Composantes de formation Laboratoires Écoles doctorales Services techniques de sites
