{"id":7,"date":"2021-01-27T13:47:47","date_gmt":"2021-01-27T12:47:47","guid":{"rendered":"https:\/\/www.univ-lorraine.fr\/raa\/?page_id=7"},"modified":"2023-03-09T15:34:31","modified_gmt":"2023-03-09T14:34:31","slug":"accueil","status":"publish","type":"page","link":"https:\/\/www.univ-lorraine.fr\/raa\/","title":{"rendered":"Accueil"},"content":{"rendered":"<div class=\"gb-container gb-container-9d366382\"><div class=\"gb-inside-container\">\n\n<h1 class=\"gb-headline gb-headline-578727e9 gb-headline-text\">Recueil des Actes Administratifs (RAA)<\/h1>\n\n\n<div class=\"gb-container gb-container-734fb46e\"><div class=\"gb-inside-container\">\n<div class=\"gb-grid-wrapper gb-grid-wrapper-1a1a757b\">\n<div class=\"gb-grid-column gb-grid-column-ff61bc53\"><div class=\"gb-container gb-container-ff61bc53\"><div class=\"gb-inside-container\"><\/div><\/div><\/div>\n\n<div class=\"gb-grid-column gb-grid-column-b4a582d1\"><div class=\"gb-container gb-container-b4a582d1\"><div class=\"gb-inside-container\">\n\n<p class=\"has-text-align-center\">Le Recueil des Actes Administratifs (RAA) de l&rsquo;Universit\u00e9 de Lorraine constitue le support principal de publication et de diffusion des actes r\u00e9glementaires \u00e9dict\u00e9s au sein de l&rsquo;\u00e9tablissement. En effet, pour \u00eatre mises en ex\u00e9cution et opposables aux tiers, les d\u00e9cisions du Pr\u00e9sident de l&rsquo;Universit\u00e9 de Lorraine \u00e0 caract\u00e8re r\u00e9glementaire doivent faire l&rsquo;objet d&rsquo;une publication.<\/p>\n\n<\/div><\/div><\/div>\n\n<div class=\"gb-grid-column gb-grid-column-dbcb00ac\"><div class=\"gb-container gb-container-dbcb00ac\"><div class=\"gb-inside-container\"><\/div><\/div><\/div>\n\n<div class=\"gb-grid-column gb-grid-column-19b0bc9a\"><div class=\"gb-container gb-container-19b0bc9a\"><div class=\"gb-inside-container\">\n\n<ul class=\"wp-block-list\">\n<li><a href=\"https:\/\/www.univ-lorraine.fr\/raa\/deliberations-du-conseil-dadministration\/?annee=2015#\">Relev\u00e9 de d\u00e9lib\u00e9rations s\u00e9ance du 17 mars 2015 : publicit\u00e9 actes r\u00e9glementaires du pr\u00e9sident<\/a><\/li>\n<\/ul>\n\n<\/div><\/div><\/div>\n\n<div class=\"gb-grid-column gb-grid-column-2024102d\"><div class=\"gb-container gb-container-2024102d\"><div class=\"gb-inside-container\">\n\n<ul class=\"wp-block-list\">\n<li><a href=\"https:\/\/www.univ-lorraine.fr\/raa\/wp-content\/uploads\/sites\/6\/2021\/04\/decision_autorisant_utilisation_des_tic_par_les_os.pdf\">D\u00e9cision autorisant l&rsquo;utilisation des TIC par les syndicats<\/a><\/li>\n<\/ul>\n\n<\/div><\/div><\/div>\n\n<div class=\"gb-grid-column gb-grid-column-3025e020\"><div class=\"gb-container gb-container-3025e020\"><div class=\"gb-inside-container\">\n\n<ul class=\"wp-block-list\">\n<li><a href=\"https:\/\/www.univ-lorraine.fr\/raa\/statuts-et-reglements\/\">R\u00e8glement int\u00e9rieur de l&rsquo;universit\u00e9 de Lorraine<\/a><\/li>\n<\/ul>\n\n<\/div><\/div><\/div>\n\n<div class=\"gb-grid-column gb-grid-column-7d1528a2\"><div class=\"gb-container gb-container-7d1528a2\"><div class=\"gb-inside-container\">\n\n<ul class=\"wp-block-list\">\n<li><a href=\"https:\/\/www.univ-lorraine.fr\/raa\/wp-content\/uploads\/sites\/6\/2021\/04\/20210928_charte_informatique_UL.pdf\">Charte informatique du 7 mai 2019, modifi\u00e9e le 28 septembre 2021<\/a><\/li>\n<\/ul>\n\n<\/div><\/div><\/div>\n<\/div>\n<\/div><\/div>\n<\/div><\/div>\n\n<div class=\"gb-container gb-container-a9eab891\"><div class=\"gb-inside-container\">\n<div class=\"gb-grid-wrapper gb-grid-wrapper-7dc727dc\">\n<div class=\"gb-grid-column gb-grid-column-043c46e3\"><div class=\"gb-container gb-container-043c46e3\"><div class=\"gb-inside-container\">\n\n<div class=\"wp-block-group alignfull\"><div class=\"wp-block-group__inner-container is-layout-flow wp-block-group-is-layout-flow\"><div class=\"gb-container gb-container-93d1bd35\"><div class=\"gb-inside-container\">\n\n<h2 class=\"wp-block-heading\">Les 10 derniers actes d\u00e9pos\u00e9s<\/h2>\n\n\n<div id=\"liste_actes\"><a name=\"goto_list_actes_d0967e8c\"><\/a><ul class=\"liste_des_actes\"><li><a href=\"#\" data-featherlight=\"#actelightbox_25815\" title=\"Voir le d\u00e9tail de l'acte 2026-072-LERMAB-diverses prestations\">2026-072-LERMAB-diverses prestations<\/a><div id=\"actelightbox_25815\" class=\"actelightbox\"><div class=\"acte_name\">2026-072-LERMAB-diverses prestations<\/div><div class=\"acte_type\">2026 - D\u00e9cisions prises dans le cadre de la d\u00e9l\u00e9gation du CA<\/div><div class=\"acte_pub_date\">Publi\u00e9 le : 7\/04\/2026<\/div><div class=\"acte_files\"><ul><li><a href=\"https:\/\/www.univ-lorraine.fr\/raa\/wp-content\/uploads\/sites\/6\/2026\/04\/2026-072-lermab-diverses-prestations.pdf\" target=\"_blank\" title=\"T\u00e9l\u00e9charger le fichier 2026-072-LERMAB-diverses prestations\"><img decoding=\"async\" src=\"https:\/\/www.univ-lorraine.fr\/raa\/wp-content\/plugins\/ul-raa\/img\/pdf.svg\" alt=\"\" \/>2026-072-LERMAB-diverses prestations (52.27 Ko)<\/a><\/li><\/ul><\/div><\/div><\/li><li><a href=\"#\" data-featherlight=\"#actelightbox_25813\" title=\"Voir le d\u00e9tail de l'acte 2026-071-IUT NB-\u00c9tude de l\u2019effet neutralisant de produits \u00e0 base d\u2019argile vis-\u00e0-vis de la fumonisine B\">2026-071-IUT NB-\u00c9tude de l\u2019effet neutralisant de produits \u00e0 base d\u2019argile vis-\u00e0-vis de la fumonisine B<\/a><div id=\"actelightbox_25813\" class=\"actelightbox\"><div class=\"acte_name\">2026-071-IUT NB-\u00c9tude de l\u2019effet neutralisant de produits \u00e0 base d\u2019argile vis-\u00e0-vis de la fumonisine B<\/div><div class=\"acte_type\">2026 - D\u00e9cisions prises dans le cadre de la d\u00e9l\u00e9gation du CA<\/div><div class=\"acte_pub_date\">Publi\u00e9 le : 7\/04\/2026<\/div><div class=\"acte_files\"><ul><li><a href=\"https:\/\/www.univ-lorraine.fr\/raa\/wp-content\/uploads\/sites\/6\/2026\/04\/2026-071-iut-nb-etude-de-leffet-neutralisant-de-produits-a-base-dargile-vis-a-vis-de-la-fumonisine-b1.pdf\" target=\"_blank\" title=\"T\u00e9l\u00e9charger le fichier 2026-071-IUT NB-\u00c9tude de l\u2019effet neutralisant de produits \u00e0 base d\u2019argile vis-\u00e0-vis de la fumonisine B1\"><img decoding=\"async\" src=\"https:\/\/www.univ-lorraine.fr\/raa\/wp-content\/plugins\/ul-raa\/img\/pdf.svg\" alt=\"\" \/>2026-071-IUT NB-\u00c9tude de l\u2019effet neutralisant de produits \u00e0 base d\u2019argile vis-\u00e0-vis de la fumonisine B1 (44.87 Ko)<\/a><\/li><\/ul><\/div><\/div><\/li><li><a href=\"#\" data-featherlight=\"#actelightbox_25811\" title=\"Voir le d\u00e9tail de l'acte 2026-070-UFR DEA-SUMMER SCHOOl\">2026-070-UFR DEA-SUMMER SCHOOl<\/a><div id=\"actelightbox_25811\" class=\"actelightbox\"><div class=\"acte_name\">2026-070-UFR DEA-SUMMER SCHOOl<\/div><div class=\"acte_type\">2026 - D\u00e9cisions prises dans le cadre de la d\u00e9l\u00e9gation du CA<\/div><div class=\"acte_pub_date\">Publi\u00e9 le : 7\/04\/2026<\/div><div class=\"acte_files\"><ul><li><a href=\"https:\/\/www.univ-lorraine.fr\/raa\/wp-content\/uploads\/sites\/6\/2026\/04\/2026-070-ufr-dea-summer-school.pdf\" target=\"_blank\" title=\"T\u00e9l\u00e9charger le fichier 2026-070-UFR DEA-SUMMER SCHOOl\"><img decoding=\"async\" src=\"https:\/\/www.univ-lorraine.fr\/raa\/wp-content\/plugins\/ul-raa\/img\/pdf.svg\" alt=\"\" \/>2026-070-UFR DEA-SUMMER SCHOOl (48.76 Ko)<\/a><\/li><\/ul><\/div><\/div><\/li><li><a href=\"#\" data-featherlight=\"#actelightbox_15355\" title=\"Voir le d\u00e9tail de l'acte IUT NANCY BRABOIS\">IUT NANCY BRABOIS<\/a><div id=\"actelightbox_15355\" class=\"actelightbox\"><div class=\"acte_name\">IUT NANCY BRABOIS<\/div><div class=\"acte_type\">2026 - D\u00e9signation responsable s\u00e9curit\u00e9 incendie<\/div><div class=\"acte_pub_date\">Publi\u00e9 le : 7\/04\/2026<\/div><div class=\"acte_files\"><ul><li><a href=\"https:\/\/www.univ-lorraine.fr\/raa\/wp-content\/uploads\/sites\/6\/2026\/04\/rus-iut-nancy-brabois.pdf\" target=\"_blank\" title=\"T\u00e9l\u00e9charger le fichier RUS IUT NANCY BRABOIS\"><img decoding=\"async\" src=\"https:\/\/www.univ-lorraine.fr\/raa\/wp-content\/plugins\/ul-raa\/img\/pdf.svg\" alt=\"\" \/>RUS IUT NANCY BRABOIS (77.38 Ko)<\/a><\/li><\/ul><\/div><\/div><\/li><li><a href=\"#\" data-featherlight=\"#actelightbox_15022\" title=\"Voir le d\u00e9tail de l'acte MSH LORRAINE\">MSH LORRAINE<\/a><div id=\"actelightbox_15022\" class=\"actelightbox\"><div class=\"acte_name\">MSH LORRAINE<\/div><div class=\"acte_type\">2026 - Laboratoires<\/div><div class=\"acte_pub_date\">Publi\u00e9 le : 7\/04\/2026<\/div><div class=\"acte_files\"><ul><li><a href=\"https:\/\/www.univ-lorraine.fr\/raa\/wp-content\/uploads\/sites\/6\/2026\/04\/msh-lorraine-adm-prov-2026.pdf\" target=\"_blank\" title=\"T\u00e9l\u00e9charger le fichier MSH Lorraine adm prov 2026\"><img decoding=\"async\" src=\"https:\/\/www.univ-lorraine.fr\/raa\/wp-content\/plugins\/ul-raa\/img\/pdf.svg\" alt=\"\" \/>MSH Lorraine adm prov 2026 (165.54 Ko)<\/a><\/li><li><a href=\"https:\/\/www.univ-lorraine.fr\/raa\/wp-content\/uploads\/sites\/6\/2026\/04\/adm-provisoire-msh-lorraine-2026.pdf\" target=\"_blank\" title=\"T\u00e9l\u00e9charger le fichier adm provisoire msh lorraine 2026\"><img decoding=\"async\" src=\"https:\/\/www.univ-lorraine.fr\/raa\/wp-content\/plugins\/ul-raa\/img\/pdf.svg\" alt=\"\" \/>adm provisoire msh lorraine 2026 (43.29 Ko)<\/a><\/li><\/ul><\/div><\/div><\/li><li><a href=\"#\" data-featherlight=\"#actelightbox_25808\" title=\"Voir le d\u00e9tail de l'acte Arr\u00eat\u00e9 044-2026 - R\u00e9sultats des \u00e9lections universitaires des 31 mars et 1er avril 2026\">Arr\u00eat\u00e9 044-2026 - R\u00e9sultats des \u00e9lections universitaires des 31 mars et 1er avril 2026<\/a><div id=\"actelightbox_25808\" class=\"actelightbox\"><div class=\"acte_name\">Arr\u00eat\u00e9 044-2026 - R\u00e9sultats des \u00e9lections universitaires des 31 mars et 1er avril 2026<\/div><div class=\"acte_type\">2026 - Arret\u00e9s divers<\/div><div class=\"acte_pub_date\">Publi\u00e9 le : 3\/04\/2026<\/div><div class=\"acte_files\"><ul><li><a href=\"https:\/\/www.univ-lorraine.fr\/raa\/wp-content\/uploads\/sites\/6\/2026\/04\/arrete-resultats-complet-avril-2026-signe.pdf\" target=\"_blank\" title=\"T\u00e9l\u00e9charger le fichier Arr\u00eat\u00e9 RESULTATS- complet avril 2026 - sign\u00e9\"><img decoding=\"async\" src=\"https:\/\/www.univ-lorraine.fr\/raa\/wp-content\/plugins\/ul-raa\/img\/pdf.svg\" alt=\"\" \/>Arr\u00eat\u00e9 RESULTATS- complet avril 2026 - sign\u00e9 (792.24 Ko)<\/a><\/li><\/ul><\/div><\/div><\/li><li><a href=\"#\" data-featherlight=\"#actelightbox_25801\" title=\"Voir le d\u00e9tail de l'acte 2026-069-MEDECINE-dept anatomie\">2026-069-MEDECINE-dept anatomie<\/a><div id=\"actelightbox_25801\" class=\"actelightbox\"><div class=\"acte_name\">2026-069-MEDECINE-dept anatomie<\/div><div class=\"acte_type\">2026 - D\u00e9cisions prises dans le cadre de la d\u00e9l\u00e9gation du CA<\/div><div class=\"acte_pub_date\">Publi\u00e9 le : 26\/03\/2026<\/div><div class=\"acte_files\"><ul><li><a href=\"https:\/\/www.univ-lorraine.fr\/raa\/wp-content\/uploads\/sites\/6\/2026\/03\/2026-069-medecine-dept-anatomie.pdf\" target=\"_blank\" title=\"T\u00e9l\u00e9charger le fichier 2026-069-MEDECINE-dept anatomie\"><img decoding=\"async\" src=\"https:\/\/www.univ-lorraine.fr\/raa\/wp-content\/plugins\/ul-raa\/img\/pdf.svg\" alt=\"\" \/>2026-069-MEDECINE-dept anatomie (114.82 Ko)<\/a><\/li><\/ul><\/div><\/div><\/li><li><a href=\"#\" data-featherlight=\"#actelightbox_25799\" title=\"Voir le d\u00e9tail de l'acte 2026-068-MEDECINE-dept CUESIM\">2026-068-MEDECINE-dept CUESIM<\/a><div id=\"actelightbox_25799\" class=\"actelightbox\"><div class=\"acte_name\">2026-068-MEDECINE-dept CUESIM<\/div><div class=\"acte_type\">2026 - D\u00e9cisions prises dans le cadre de la d\u00e9l\u00e9gation du CA<\/div><div class=\"acte_pub_date\">Publi\u00e9 le : 26\/03\/2026<\/div><div class=\"acte_files\"><ul><li><a href=\"https:\/\/www.univ-lorraine.fr\/raa\/wp-content\/uploads\/sites\/6\/2026\/03\/2026-068-medecine-dept-cuesim.pdf\" target=\"_blank\" title=\"T\u00e9l\u00e9charger le fichier 2026-068-MEDECINE-dept CUESIM\"><img decoding=\"async\" src=\"https:\/\/www.univ-lorraine.fr\/raa\/wp-content\/plugins\/ul-raa\/img\/pdf.svg\" alt=\"\" \/>2026-068-MEDECINE-dept CUESIM (364.46 Ko)<\/a><\/li><\/ul><\/div><\/div><\/li><li><a href=\"#\" data-featherlight=\"#actelightbox_25797\" title=\"Voir le d\u00e9tail de l'acte 2026-067-EEIGM-diverses prestations\">2026-067-EEIGM-diverses prestations<\/a><div id=\"actelightbox_25797\" class=\"actelightbox\"><div class=\"acte_name\">2026-067-EEIGM-diverses prestations<\/div><div class=\"acte_type\">2026 - D\u00e9cisions prises dans le cadre de la d\u00e9l\u00e9gation du CA<\/div><div class=\"acte_pub_date\">Publi\u00e9 le : 26\/03\/2026<\/div><div class=\"acte_files\"><ul><li><a href=\"https:\/\/www.univ-lorraine.fr\/raa\/wp-content\/uploads\/sites\/6\/2026\/03\/2026-067-eeigm-diverses-prestations.pdf\" target=\"_blank\" title=\"T\u00e9l\u00e9charger le fichier 2026-067-EEIGM-diverses prestations\"><img decoding=\"async\" src=\"https:\/\/www.univ-lorraine.fr\/raa\/wp-content\/plugins\/ul-raa\/img\/pdf.svg\" alt=\"\" \/>2026-067-EEIGM-diverses prestations (57.77 Ko)<\/a><\/li><\/ul><\/div><\/div><\/li><li><a href=\"#\" data-featherlight=\"#actelightbox_24486\" title=\"Voir le d\u00e9tail de l'acte Arr\u00eat\u00e9 de composition du jury de titularisation BOE 26 AVRIL 2026\">Arr\u00eat\u00e9 de composition du jury de titularisation BOE 26 AVRIL 2026<\/a><div id=\"actelightbox_24486\" class=\"actelightbox\"><div class=\"acte_name\">Arr\u00eat\u00e9 de composition du jury de titularisation BOE 26 AVRIL 2026<\/div><div class=\"acte_type\">2026 - Arr\u00eat\u00e9s de composition de jury<\/div><div class=\"acte_pub_date\">Publi\u00e9 le : 26\/03\/2026<\/div><div class=\"acte_files\"><ul><li><a href=\"https:\/\/www.univ-lorraine.fr\/raa\/wp-content\/uploads\/sites\/6\/2026\/03\/arrete-de-composition-du-jury-de-titularisation-boe-23042026.pdf\" target=\"_blank\" title=\"T\u00e9l\u00e9charger le fichier Arr\u00eat\u00e9 de composition du jury de titularisation BOE 23042026\"><img decoding=\"async\" src=\"https:\/\/www.univ-lorraine.fr\/raa\/wp-content\/plugins\/ul-raa\/img\/pdf.svg\" alt=\"\" \/>Arr\u00eat\u00e9 de composition du jury de titularisation BOE 23042026 (53.32 Ko)<\/a><\/li><\/ul><\/div><\/div><\/li><\/ul><\/div>\n\n<\/div><\/div>\n\n\n<div class=\"wp-block-columns is-layout-flex wp-container-core-columns-is-layout-9d6595d7 wp-block-columns-is-layout-flex\">\n<div class=\"wp-block-column is-layout-flow wp-block-column-is-layout-flow\" style=\"flex-basis:100%\"><div class=\"gb-container gb-container-25e3c9f2 alignfull\"><div class=\"gb-inside-container\"><\/div><\/div><\/div>\n<\/div>\n<\/div><\/div>\n\n<\/div><\/div><\/div>\n<\/div>\n<\/div><\/div>\n\n\n<p><\/p>\n","protected":false},"excerpt":{"rendered":"<p>Recueil des Actes Administratifs (RAA)<\/p>\n","protected":false},"author":4,"featured_media":0,"parent":0,"menu_order":0,"comment_status":"closed","ping_status":"closed","template":"","meta":{"inline_featured_image":false,"footnotes":""},"class_list":["post-7","page","type-page","status-publish"],"yoast_head":"<!-- This site is optimized with the Yoast SEO plugin v27.4 - https:\/\/yoast.com\/product\/yoast-seo-wordpress\/ -->\n<title>Accueil - Recueil des Actes Administratifs (RAA)<\/title>\n<meta name=\"robots\" content=\"index, follow, max-snippet:-1, max-image-preview:large, max-video-preview:-1\" \/>\n<link rel=\"canonical\" href=\"https:\/\/www.univ-lorraine.fr\/raa\/\" \/>\n<meta property=\"og:locale\" content=\"fr_FR\" \/>\n<meta property=\"og:type\" content=\"article\" \/>\n<meta property=\"og:title\" content=\"Accueil - Recueil des Actes Administratifs (RAA)\" \/>\n<meta property=\"og:description\" content=\"Recueil des Actes Administratifs (RAA)\" \/>\n<meta property=\"og:url\" content=\"https:\/\/www.univ-lorraine.fr\/raa\/\" \/>\n<meta property=\"og:site_name\" content=\"Recueil des Actes Administratifs (RAA)\" \/>\n<meta property=\"article:modified_time\" content=\"2023-03-09T14:34:31+00:00\" \/>\n<meta name=\"twitter:card\" content=\"summary_large_image\" \/>\n<meta name=\"twitter:label1\" content=\"Dur\u00e9e de lecture estim\u00e9e\" \/>\n\t<meta name=\"twitter:data1\" content=\"1 minute\" \/>\n<script type=\"application\/ld+json\" class=\"yoast-schema-graph\">{\"@context\":\"https:\\\/\\\/schema.org\",\"@graph\":[{\"@type\":\"WebPage\",\"@id\":\"https:\\\/\\\/www.univ-lorraine.fr\\\/raa\\\/\",\"url\":\"https:\\\/\\\/www.univ-lorraine.fr\\\/raa\\\/\",\"name\":\"Accueil - Recueil des Actes Administratifs (RAA)\",\"isPartOf\":{\"@id\":\"https:\\\/\\\/www.univ-lorraine.fr\\\/raa\\\/#website\"},\"datePublished\":\"2021-01-27T12:47:47+00:00\",\"dateModified\":\"2023-03-09T14:34:31+00:00\",\"breadcrumb\":{\"@id\":\"https:\\\/\\\/www.univ-lorraine.fr\\\/raa\\\/#breadcrumb\"},\"inLanguage\":\"fr-FR\",\"potentialAction\":[{\"@type\":\"ReadAction\",\"target\":[\"https:\\\/\\\/www.univ-lorraine.fr\\\/raa\\\/\"]}]},{\"@type\":\"BreadcrumbList\",\"@id\":\"https:\\\/\\\/www.univ-lorraine.fr\\\/raa\\\/#breadcrumb\",\"itemListElement\":[{\"@type\":\"ListItem\",\"position\":1,\"name\":\"Accueil\",\"item\":\"https:\\\/\\\/www.univ-lorraine.fr\\\/raa\\\/\"},{\"@type\":\"ListItem\",\"position\":2,\"name\":\"Accueil\"}]},{\"@type\":\"WebSite\",\"@id\":\"https:\\\/\\\/www.univ-lorraine.fr\\\/raa\\\/#website\",\"url\":\"https:\\\/\\\/www.univ-lorraine.fr\\\/raa\\\/\",\"name\":\"Recueil des Actes Administratifs (RAA)\",\"description\":\"\",\"publisher\":{\"@id\":\"https:\\\/\\\/www.univ-lorraine.fr\\\/raa\\\/#organization\"},\"potentialAction\":[{\"@type\":\"SearchAction\",\"target\":{\"@type\":\"EntryPoint\",\"urlTemplate\":\"https:\\\/\\\/www.univ-lorraine.fr\\\/raa\\\/?s={search_term_string}\"},\"query-input\":{\"@type\":\"PropertyValueSpecification\",\"valueRequired\":true,\"valueName\":\"search_term_string\"}}],\"inLanguage\":\"fr-FR\"},{\"@type\":\"Organization\",\"@id\":\"https:\\\/\\\/www.univ-lorraine.fr\\\/raa\\\/#organization\",\"name\":\"Universit\u00e9 de Lorraine\",\"url\":\"https:\\\/\\\/www.univ-lorraine.fr\\\/raa\\\/\",\"logo\":{\"@type\":\"ImageObject\",\"inLanguage\":\"fr-FR\",\"@id\":\"https:\\\/\\\/www.univ-lorraine.fr\\\/raa\\\/#\\\/schema\\\/logo\\\/image\\\/\",\"url\":\"https:\\\/\\\/www.univ-lorraine.fr\\\/raa\\\/wp-content\\\/uploads\\\/sites\\\/6\\\/2021\\\/01\\\/LOGO_UL.png\",\"contentUrl\":\"https:\\\/\\\/www.univ-lorraine.fr\\\/raa\\\/wp-content\\\/uploads\\\/sites\\\/6\\\/2021\\\/01\\\/LOGO_UL.png\",\"width\":138,\"height\":48,\"caption\":\"Universit\u00e9 de Lorraine\"},\"image\":{\"@id\":\"https:\\\/\\\/www.univ-lorraine.fr\\\/raa\\\/#\\\/schema\\\/logo\\\/image\\\/\"}}]}<\/script>\n<!-- \/ Yoast SEO plugin. -->","yoast_head_json":{"title":"Accueil - Recueil des Actes Administratifs (RAA)","robots":{"index":"index","follow":"follow","max-snippet":"max-snippet:-1","max-image-preview":"max-image-preview:large","max-video-preview":"max-video-preview:-1"},"canonical":"https:\/\/www.univ-lorraine.fr\/raa\/","og_locale":"fr_FR","og_type":"article","og_title":"Accueil - Recueil des Actes Administratifs (RAA)","og_description":"Recueil des Actes Administratifs (RAA)","og_url":"https:\/\/www.univ-lorraine.fr\/raa\/","og_site_name":"Recueil des Actes Administratifs (RAA)","article_modified_time":"2023-03-09T14:34:31+00:00","twitter_card":"summary_large_image","twitter_misc":{"Dur\u00e9e de lecture estim\u00e9e":"1 minute"},"schema":{"@context":"https:\/\/schema.org","@graph":[{"@type":"WebPage","@id":"https:\/\/www.univ-lorraine.fr\/raa\/","url":"https:\/\/www.univ-lorraine.fr\/raa\/","name":"Accueil - Recueil des Actes Administratifs (RAA)","isPartOf":{"@id":"https:\/\/www.univ-lorraine.fr\/raa\/#website"},"datePublished":"2021-01-27T12:47:47+00:00","dateModified":"2023-03-09T14:34:31+00:00","breadcrumb":{"@id":"https:\/\/www.univ-lorraine.fr\/raa\/#breadcrumb"},"inLanguage":"fr-FR","potentialAction":[{"@type":"ReadAction","target":["https:\/\/www.univ-lorraine.fr\/raa\/"]}]},{"@type":"BreadcrumbList","@id":"https:\/\/www.univ-lorraine.fr\/raa\/#breadcrumb","itemListElement":[{"@type":"ListItem","position":1,"name":"Accueil","item":"https:\/\/www.univ-lorraine.fr\/raa\/"},{"@type":"ListItem","position":2,"name":"Accueil"}]},{"@type":"WebSite","@id":"https:\/\/www.univ-lorraine.fr\/raa\/#website","url":"https:\/\/www.univ-lorraine.fr\/raa\/","name":"Recueil des Actes Administratifs (RAA)","description":"","publisher":{"@id":"https:\/\/www.univ-lorraine.fr\/raa\/#organization"},"potentialAction":[{"@type":"SearchAction","target":{"@type":"EntryPoint","urlTemplate":"https:\/\/www.univ-lorraine.fr\/raa\/?s={search_term_string}"},"query-input":{"@type":"PropertyValueSpecification","valueRequired":true,"valueName":"search_term_string"}}],"inLanguage":"fr-FR"},{"@type":"Organization","@id":"https:\/\/www.univ-lorraine.fr\/raa\/#organization","name":"Universit\u00e9 de Lorraine","url":"https:\/\/www.univ-lorraine.fr\/raa\/","logo":{"@type":"ImageObject","inLanguage":"fr-FR","@id":"https:\/\/www.univ-lorraine.fr\/raa\/#\/schema\/logo\/image\/","url":"https:\/\/www.univ-lorraine.fr\/raa\/wp-content\/uploads\/sites\/6\/2021\/01\/LOGO_UL.png","contentUrl":"https:\/\/www.univ-lorraine.fr\/raa\/wp-content\/uploads\/sites\/6\/2021\/01\/LOGO_UL.png","width":138,"height":48,"caption":"Universit\u00e9 de Lorraine"},"image":{"@id":"https:\/\/www.univ-lorraine.fr\/raa\/#\/schema\/logo\/image\/"}}]}},"_links":{"self":[{"href":"https:\/\/www.univ-lorraine.fr\/raa\/wp-json\/wp\/v2\/pages\/7","targetHints":{"allow":["GET"]}}],"collection":[{"href":"https:\/\/www.univ-lorraine.fr\/raa\/wp-json\/wp\/v2\/pages"}],"about":[{"href":"https:\/\/www.univ-lorraine.fr\/raa\/wp-json\/wp\/v2\/types\/page"}],"author":[{"embeddable":true,"href":"https:\/\/www.univ-lorraine.fr\/raa\/wp-json\/wp\/v2\/users\/4"}],"replies":[{"embeddable":true,"href":"https:\/\/www.univ-lorraine.fr\/raa\/wp-json\/wp\/v2\/comments?post=7"}],"version-history":[{"count":50,"href":"https:\/\/www.univ-lorraine.fr\/raa\/wp-json\/wp\/v2\/pages\/7\/revisions"}],"predecessor-version":[{"id":20820,"href":"https:\/\/www.univ-lorraine.fr\/raa\/wp-json\/wp\/v2\/pages\/7\/revisions\/20820"}],"wp:attachment":[{"href":"https:\/\/www.univ-lorraine.fr\/raa\/wp-json\/wp\/v2\/media?parent=7"}],"curies":[{"name":"wp","href":"https:\/\/api.w.org\/{rel}","templated":true}]}}