{"id":1086,"date":"2025-04-08T10:45:23","date_gmt":"2025-04-08T08:45:23","guid":{"rendered":"https:\/\/www.univ-lorraine.fr\/strategie-europe\/?page_id=1086"},"modified":"2025-04-08T10:45:24","modified_gmt":"2025-04-08T08:45:24","slug":"sitemap","status":"publish","type":"page","link":"https:\/\/www.univ-lorraine.fr\/strategie-europe\/en\/sitemap\/","title":{"rendered":"Sitemap"},"content":{"rendered":"<div class=\"wsp-container\"><h2 class=\"wsp-pages-title\">Pages<\/h2>\n<ul class=\"wsp-pages-list\">\n<li class=\"page_item page-item-7\"><a href=\"https:\/\/www.univ-lorraine.fr\/strategie-europe\/\">Accueil<\/a><\/li>\n<li class=\"page_item page-item-67\"><a href=\"https:\/\/www.univ-lorraine.fr\/strategie-europe\/contact\/\">Contact<\/a><\/li>\n<li class=\"page_item page-item-922\"><a href=\"https:\/\/www.univ-lorraine.fr\/strategie-europe\/en\/contact-us\/\">Contact us<\/a><\/li>\n<li class=\"page_item page-item-842\"><a href=\"https:\/\/www.univ-lorraine.fr\/strategie-europe\/en\/home\/\">Home<\/a><\/li>\n<li class=\"page_item page-item-291\"><a href=\"https:\/\/www.univ-lorraine.fr\/strategie-europe\/nos-documents-de-position-europeenne\/\">Nos documents de position europ\u00e9enne<\/a><\/li>\n<li class=\"page_item page-item-283 page_item_has_children\"><a href=\"https:\/\/www.univ-lorraine.fr\/strategie-europe\/nos-grands-domaines-strategiques-et-personnes-contacts\/\">Nos grands domaines strat\u00e9giques et points de contact<\/a>\n<ul class='children'>\n\t<li class=\"page_item page-item-1362\"><a href=\"https:\/\/www.univ-lorraine.fr\/strategie-europe\/nos-grands-domaines-strategiques-et-personnes-contacts\/trouvez-votre-partenaire-scientifique-lorrain-pour-votre-projet-europeen\/\">Trouvez votre partenaire scientifique lorrain pour votre projet europ\u00e9en<\/a><\/li>\n<\/ul>\n<\/li>\n<li class=\"page_item page-item-289\"><a href=\"https:\/\/www.univ-lorraine.fr\/strategie-europe\/nos-partenariats-strategiques-europeens\/\">Nos partenariats strat\u00e9giques europ\u00e9ens<\/a><\/li>\n<li class=\"page_item page-item-285\"><a href=\"https:\/\/www.univ-lorraine.fr\/strategie-europe\/nos-reseaux-europeens-et-nationaux-a-portee-europeenne\/\">Nos r\u00e9seaux europ\u00e9ens et nationaux \u00e0 port\u00e9e europ\u00e9enne<\/a><\/li>\n<li class=\"page_item page-item-858\"><a href=\"https:\/\/www.univ-lorraine.fr\/strategie-europe\/en\/our-european-and-national-networks\/\">Our European and national networks<\/a><\/li>\n<li class=\"page_item page-item-864\"><a href=\"https:\/\/www.univ-lorraine.fr\/strategie-europe\/en\/our-european-position-papers\/\">Our European position papers<\/a><\/li>\n<li class=\"page_item page-item-861\"><a href=\"https:\/\/www.univ-lorraine.fr\/strategie-europe\/en\/our-european-strategic-partnerships\/\">Our European strategic partnerships<\/a><\/li>\n<li class=\"page_item page-item-849 page_item_has_children\"><a href=\"https:\/\/www.univ-lorraine.fr\/strategie-europe\/en\/our-main-strategic-fields-and-contact-points\/\">Our main strategic fields and contact points<\/a>\n<ul class='children'>\n\t<li class=\"page_item page-item-1410\"><a href=\"https:\/\/www.univ-lorraine.fr\/strategie-europe\/en\/our-main-strategic-fields-and-contact-points\/find-your-next-scientific-partner-for-your-european-project\/\">Find your next scientific partner for your European project<\/a><\/li>\n<\/ul>\n<\/li>\n<li class=\"page_item page-item-214\"><a href=\"https:\/\/www.univ-lorraine.fr\/strategie-europe\/plan-du-site\/\">Plan du site<\/a><\/li>\n<li class=\"page_item page-item-1086\"><a href=\"https:\/\/www.univ-lorraine.fr\/strategie-europe\/en\/sitemap\/\">Sitemap<\/a><\/li>\n<\/ul>\n<\/div>\n","protected":false},"excerpt":{"rendered":"","protected":false},"author":7,"featured_media":0,"parent":0,"menu_order":0,"comment_status":"closed","ping_status":"closed","template":"","meta":{"inline_featured_image":false,"footnotes":""},"class_list":["post-1086","page","type-page","status-publish"],"yoast_head":"<!-- This site is optimized with the Yoast SEO plugin v27.4 - https:\/\/yoast.com\/product\/yoast-seo-wordpress\/ -->\n<title>Sitemap - Strat\u00e9gie Europe<\/title>\n<meta name=\"robots\" content=\"index, follow, max-snippet:-1, max-image-preview:large, max-video-preview:-1\" \/>\n<link rel=\"canonical\" href=\"https:\/\/www.univ-lorraine.fr\/strategie-europe\/en\/sitemap\/\" \/>\n<meta property=\"og:locale\" content=\"fr_FR\" \/>\n<meta property=\"og:type\" content=\"article\" \/>\n<meta property=\"og:title\" content=\"Sitemap - Strat\u00e9gie Europe\" \/>\n<meta property=\"og:url\" content=\"https:\/\/www.univ-lorraine.fr\/strategie-europe\/en\/sitemap\/\" \/>\n<meta property=\"og:site_name\" content=\"Strat\u00e9gie Europe\" \/>\n<meta property=\"article:modified_time\" content=\"2025-04-08T08:45:24+00:00\" \/>\n<meta name=\"twitter:card\" content=\"summary_large_image\" \/>\n<script type=\"application\/ld+json\" class=\"yoast-schema-graph\">{\"@context\":\"https:\\\/\\\/schema.org\",\"@graph\":[{\"@type\":\"WebPage\",\"@id\":\"https:\\\/\\\/www.univ-lorraine.fr\\\/strategie-europe\\\/en\\\/sitemap\\\/\",\"url\":\"https:\\\/\\\/www.univ-lorraine.fr\\\/strategie-europe\\\/en\\\/sitemap\\\/\",\"name\":\"Sitemap - Strat\u00e9gie Europe\",\"isPartOf\":{\"@id\":\"https:\\\/\\\/www.univ-lorraine.fr\\\/strategie-europe\\\/#website\"},\"datePublished\":\"2025-04-08T08:45:23+00:00\",\"dateModified\":\"2025-04-08T08:45:24+00:00\",\"breadcrumb\":{\"@id\":\"https:\\\/\\\/www.univ-lorraine.fr\\\/strategie-europe\\\/en\\\/sitemap\\\/#breadcrumb\"},\"inLanguage\":\"fr-FR\",\"potentialAction\":[{\"@type\":\"ReadAction\",\"target\":[\"https:\\\/\\\/www.univ-lorraine.fr\\\/strategie-europe\\\/en\\\/sitemap\\\/\"]}]},{\"@type\":\"BreadcrumbList\",\"@id\":\"https:\\\/\\\/www.univ-lorraine.fr\\\/strategie-europe\\\/en\\\/sitemap\\\/#breadcrumb\",\"itemListElement\":[{\"@type\":\"ListItem\",\"position\":1,\"name\":\"Accueil\",\"item\":\"https:\\\/\\\/www.univ-lorraine.fr\\\/strategie-europe\\\/\"},{\"@type\":\"ListItem\",\"position\":2,\"name\":\"Sitemap\"}]},{\"@type\":\"WebSite\",\"@id\":\"https:\\\/\\\/www.univ-lorraine.fr\\\/strategie-europe\\\/#website\",\"url\":\"https:\\\/\\\/www.univ-lorraine.fr\\\/strategie-europe\\\/\",\"name\":\"Strat\u00e9gie Europe\",\"description\":\"Faire dialoguer les savoirs, c\u2019est innover\",\"publisher\":{\"@id\":\"https:\\\/\\\/www.univ-lorraine.fr\\\/strategie-europe\\\/#organization\"},\"potentialAction\":[{\"@type\":\"SearchAction\",\"target\":{\"@type\":\"EntryPoint\",\"urlTemplate\":\"https:\\\/\\\/www.univ-lorraine.fr\\\/strategie-europe\\\/?s={search_term_string}\"},\"query-input\":{\"@type\":\"PropertyValueSpecification\",\"valueRequired\":true,\"valueName\":\"search_term_string\"}}],\"inLanguage\":\"fr-FR\"},{\"@type\":\"Organization\",\"@id\":\"https:\\\/\\\/www.univ-lorraine.fr\\\/strategie-europe\\\/#organization\",\"name\":\"Universit\u00e9 de Lorraine\",\"url\":\"https:\\\/\\\/www.univ-lorraine.fr\\\/strategie-europe\\\/\",\"logo\":{\"@type\":\"ImageObject\",\"inLanguage\":\"fr-FR\",\"@id\":\"https:\\\/\\\/www.univ-lorraine.fr\\\/strategie-europe\\\/#\\\/schema\\\/logo\\\/image\\\/\",\"url\":\"https:\\\/\\\/www.univ-lorraine.fr\\\/strategie-europe\\\/wp-content\\\/uploads\\\/sites\\\/53\\\/2021\\\/01\\\/LOGO_UL.png\",\"contentUrl\":\"https:\\\/\\\/www.univ-lorraine.fr\\\/strategie-europe\\\/wp-content\\\/uploads\\\/sites\\\/53\\\/2021\\\/01\\\/LOGO_UL.png\",\"width\":138,\"height\":48,\"caption\":\"Universit\u00e9 de Lorraine\"},\"image\":{\"@id\":\"https:\\\/\\\/www.univ-lorraine.fr\\\/strategie-europe\\\/#\\\/schema\\\/logo\\\/image\\\/\"}}]}<\/script>\n<!-- \/ Yoast SEO plugin. -->","yoast_head_json":{"title":"Sitemap - Strat\u00e9gie Europe","robots":{"index":"index","follow":"follow","max-snippet":"max-snippet:-1","max-image-preview":"max-image-preview:large","max-video-preview":"max-video-preview:-1"},"canonical":"https:\/\/www.univ-lorraine.fr\/strategie-europe\/en\/sitemap\/","og_locale":"fr_FR","og_type":"article","og_title":"Sitemap - Strat\u00e9gie Europe","og_url":"https:\/\/www.univ-lorraine.fr\/strategie-europe\/en\/sitemap\/","og_site_name":"Strat\u00e9gie Europe","article_modified_time":"2025-04-08T08:45:24+00:00","twitter_card":"summary_large_image","schema":{"@context":"https:\/\/schema.org","@graph":[{"@type":"WebPage","@id":"https:\/\/www.univ-lorraine.fr\/strategie-europe\/en\/sitemap\/","url":"https:\/\/www.univ-lorraine.fr\/strategie-europe\/en\/sitemap\/","name":"Sitemap - Strat\u00e9gie Europe","isPartOf":{"@id":"https:\/\/www.univ-lorraine.fr\/strategie-europe\/#website"},"datePublished":"2025-04-08T08:45:23+00:00","dateModified":"2025-04-08T08:45:24+00:00","breadcrumb":{"@id":"https:\/\/www.univ-lorraine.fr\/strategie-europe\/en\/sitemap\/#breadcrumb"},"inLanguage":"fr-FR","potentialAction":[{"@type":"ReadAction","target":["https:\/\/www.univ-lorraine.fr\/strategie-europe\/en\/sitemap\/"]}]},{"@type":"BreadcrumbList","@id":"https:\/\/www.univ-lorraine.fr\/strategie-europe\/en\/sitemap\/#breadcrumb","itemListElement":[{"@type":"ListItem","position":1,"name":"Accueil","item":"https:\/\/www.univ-lorraine.fr\/strategie-europe\/"},{"@type":"ListItem","position":2,"name":"Sitemap"}]},{"@type":"WebSite","@id":"https:\/\/www.univ-lorraine.fr\/strategie-europe\/#website","url":"https:\/\/www.univ-lorraine.fr\/strategie-europe\/","name":"Strat\u00e9gie Europe","description":"Faire dialoguer les savoirs, c\u2019est innover","publisher":{"@id":"https:\/\/www.univ-lorraine.fr\/strategie-europe\/#organization"},"potentialAction":[{"@type":"SearchAction","target":{"@type":"EntryPoint","urlTemplate":"https:\/\/www.univ-lorraine.fr\/strategie-europe\/?s={search_term_string}"},"query-input":{"@type":"PropertyValueSpecification","valueRequired":true,"valueName":"search_term_string"}}],"inLanguage":"fr-FR"},{"@type":"Organization","@id":"https:\/\/www.univ-lorraine.fr\/strategie-europe\/#organization","name":"Universit\u00e9 de Lorraine","url":"https:\/\/www.univ-lorraine.fr\/strategie-europe\/","logo":{"@type":"ImageObject","inLanguage":"fr-FR","@id":"https:\/\/www.univ-lorraine.fr\/strategie-europe\/#\/schema\/logo\/image\/","url":"https:\/\/www.univ-lorraine.fr\/strategie-europe\/wp-content\/uploads\/sites\/53\/2021\/01\/LOGO_UL.png","contentUrl":"https:\/\/www.univ-lorraine.fr\/strategie-europe\/wp-content\/uploads\/sites\/53\/2021\/01\/LOGO_UL.png","width":138,"height":48,"caption":"Universit\u00e9 de Lorraine"},"image":{"@id":"https:\/\/www.univ-lorraine.fr\/strategie-europe\/#\/schema\/logo\/image\/"}}]}},"_links":{"self":[{"href":"https:\/\/www.univ-lorraine.fr\/strategie-europe\/wp-json\/wp\/v2\/pages\/1086","targetHints":{"allow":["GET"]}}],"collection":[{"href":"https:\/\/www.univ-lorraine.fr\/strategie-europe\/wp-json\/wp\/v2\/pages"}],"about":[{"href":"https:\/\/www.univ-lorraine.fr\/strategie-europe\/wp-json\/wp\/v2\/types\/page"}],"author":[{"embeddable":true,"href":"https:\/\/www.univ-lorraine.fr\/strategie-europe\/wp-json\/wp\/v2\/users\/7"}],"replies":[{"embeddable":true,"href":"https:\/\/www.univ-lorraine.fr\/strategie-europe\/wp-json\/wp\/v2\/comments?post=1086"}],"version-history":[{"count":1,"href":"https:\/\/www.univ-lorraine.fr\/strategie-europe\/wp-json\/wp\/v2\/pages\/1086\/revisions"}],"predecessor-version":[{"id":1087,"href":"https:\/\/www.univ-lorraine.fr\/strategie-europe\/wp-json\/wp\/v2\/pages\/1086\/revisions\/1087"}],"wp:attachment":[{"href":"https:\/\/www.univ-lorraine.fr\/strategie-europe\/wp-json\/wp\/v2\/media?parent=1086"}],"curies":[{"name":"wp","href":"https:\/\/api.w.org\/{rel}","templated":true}]}}