{"id":289,"date":"2025-01-06T15:58:09","date_gmt":"2025-01-06T14:58:09","guid":{"rendered":"https:\/\/www.univ-lorraine.fr\/strategie-europe\/?page_id=289"},"modified":"2025-03-05T09:22:34","modified_gmt":"2025-03-05T08:22:34","slug":"nos-partenariats-strategiques-europeens","status":"publish","type":"page","link":"https:\/\/www.univ-lorraine.fr\/strategie-europe\/nos-partenariats-strategiques-europeens\/","title":{"rendered":"Nos partenariats strat\u00e9giques europ\u00e9ens"},"content":{"rendered":"<div class=\"gb-grid-wrapper gb-grid-wrapper-bacff600\">\n<div class=\"gb-grid-column gb-grid-column-c68d02c1\"><div class=\"gb-container gb-container-c68d02c1\">\n\n<h2 class=\"gb-headline gb-headline-885f51f1 gb-headline-text\">R\u00e9seau Universit\u00e9 de la Grande R\u00e9gion (UniGR)<\/h2>\n\n\n\n<p>L\u2019Universit\u00e9 de la Grande R\u00e9gion est un r\u00e9seau qui regroupe sept universit\u00e9s : Universit\u00e9s de Kaiserslautern-Landau, de Li\u00e8ge, de Lorraine, du Luxembourg, de Sarre, de Tr\u00e8ves, et la htw saar en tant que partenaire associ\u00e9. Le r\u00e9seau vise \u00e0 cr\u00e9er un espace commun de l\u2019enseignement sup\u00e9rieur et de la recherche, ainsi que faciliter la coop\u00e9ration transfrontali\u00e8re dans tous les domaines : mobilit\u00e9 des \u00e9tudiants et des personnels, offre de formation transfrontali\u00e8re, mise en r\u00e9seau de chercheurs, apprentissage interculturel, simplification des d\u00e9marches administratives.  <a href=\"https:\/\/www.univ-lorraine.fr\/luniversite-de-lorraine\/reseau-universite-de-la-grande-region\/\">En savoir plus sur l&rsquo;Universit\u00e9 de la Grande R\u00e9gion<\/a><\/p>\n\n\n\n<p><\/p>\n\n<\/div><\/div>\n\n<div class=\"gb-grid-column gb-grid-column-744a37f2\"><div class=\"gb-container gb-container-744a37f2\">\n\n<figure class=\"wp-block-image size-full\"><img decoding=\"async\" width=\"600\" height=\"338\" src=\"https:\/\/www.univ-lorraine.fr\/strategie-europe\/wp-content\/uploads\/sites\/53\/2025\/03\/europeanunionflagagainsteuropeanparliament.jpg\" alt=\"\" class=\"wp-image-708\" srcset=\"https:\/\/www.univ-lorraine.fr\/strategie-europe\/wp-content\/uploads\/sites\/53\/2025\/03\/europeanunionflagagainsteuropeanparliament.jpg 600w, https:\/\/www.univ-lorraine.fr\/strategie-europe\/wp-content\/uploads\/sites\/53\/2025\/03\/europeanunionflagagainsteuropeanparliament-300x169.jpg 300w\" sizes=\"(max-width: 600px) 100vw, 600px\" \/><\/figure>\n\n<\/div><\/div>\n\n<div class=\"gb-grid-column gb-grid-column-2c70eabd\"><div class=\"gb-container gb-container-2c70eabd\">\n\n<figure class=\"wp-block-image size-full\"><img decoding=\"async\" width=\"1200\" height=\"800\" src=\"https:\/\/www.univ-lorraine.fr\/strategie-europe\/wp-content\/uploads\/sites\/53\/2025\/03\/ententefranco-allemande.jpg\" alt=\"\" class=\"wp-image-750\" srcset=\"https:\/\/www.univ-lorraine.fr\/strategie-europe\/wp-content\/uploads\/sites\/53\/2025\/03\/ententefranco-allemande.jpg 1200w, https:\/\/www.univ-lorraine.fr\/strategie-europe\/wp-content\/uploads\/sites\/53\/2025\/03\/ententefranco-allemande-300x200.jpg 300w, https:\/\/www.univ-lorraine.fr\/strategie-europe\/wp-content\/uploads\/sites\/53\/2025\/03\/ententefranco-allemande-1024x683.jpg 1024w, https:\/\/www.univ-lorraine.fr\/strategie-europe\/wp-content\/uploads\/sites\/53\/2025\/03\/ententefranco-allemande-768x512.jpg 768w\" sizes=\"(max-width: 1200px) 100vw, 1200px\" \/><\/figure>\n\n<\/div><\/div>\n\n<div class=\"gb-grid-column gb-grid-column-ac74477b\"><div class=\"gb-container gb-container-ac74477b\">\n\n<h2 class=\"gb-headline gb-headline-211a1780 gb-headline-text\">EURECA-PRO<\/h2>\n\n\n\n<p>L\u2019Universit\u00e9 de Lorraine a rejoint l\u2019alliance europ\u00e9enne EURECA-PRO qui compte d\u00e9sormais neuf universit\u00e9s. Afin de maintenir son rang d&rsquo;universit\u00e9 europ\u00e9enne, ce r\u00e9seau scientifique europ\u00e9en poursuit sa strat\u00e9gie tourn\u00e9e vers le grand d\u00e9fi de la transition \u00e9cologique. Cette strat\u00e9gie r\u00e9pond \u00e0 l\u2019objectif de d\u00e9veloppement durable (ODD) num\u00e9ro 12 de l\u2019Organisation des Nations Unies \u00ab Consommation et production durables \u00bb. <a href=\"https:\/\/www.univ-lorraine.fr\/luniversite-de-lorraine\/notre-ambition-europeenne-avec-eureca-pro\/\">En savoir plus sur EURECA-PRO<\/a><\/p>\n\n\n\n<p><\/p>\n\n\n\n<p><\/p>\n\n<\/div><\/div>\n<\/div>","protected":false},"excerpt":{"rendered":"","protected":false},"author":7,"featured_media":0,"parent":0,"menu_order":0,"comment_status":"closed","ping_status":"closed","template":"","meta":{"inline_featured_image":false,"footnotes":""},"class_list":["post-289","page","type-page","status-publish"],"yoast_head":"<!-- This site is optimized with the Yoast SEO plugin v27.4 - https:\/\/yoast.com\/product\/yoast-seo-wordpress\/ -->\n<title>Nos partenariats strat\u00e9giques europ\u00e9ens - Strat\u00e9gie Europe<\/title>\n<meta name=\"robots\" content=\"index, follow, max-snippet:-1, max-image-preview:large, max-video-preview:-1\" \/>\n<link rel=\"canonical\" href=\"https:\/\/www.univ-lorraine.fr\/strategie-europe\/nos-partenariats-strategiques-europeens\/\" \/>\n<meta property=\"og:locale\" content=\"fr_FR\" \/>\n<meta property=\"og:type\" content=\"article\" \/>\n<meta property=\"og:title\" content=\"Nos partenariats strat\u00e9giques europ\u00e9ens - Strat\u00e9gie Europe\" \/>\n<meta property=\"og:url\" content=\"https:\/\/www.univ-lorraine.fr\/strategie-europe\/nos-partenariats-strategiques-europeens\/\" \/>\n<meta property=\"og:site_name\" content=\"Strat\u00e9gie Europe\" \/>\n<meta property=\"article:modified_time\" content=\"2025-03-05T08:22:34+00:00\" \/>\n<meta property=\"og:image\" content=\"https:\/\/www.univ-lorraine.fr\/strategie-europe\/wp-content\/uploads\/sites\/53\/2025\/03\/europeanunionflagagainsteuropeanparliament.jpg\" \/>\n\t<meta property=\"og:image:width\" content=\"600\" \/>\n\t<meta property=\"og:image:height\" content=\"338\" \/>\n\t<meta property=\"og:image:type\" content=\"image\/jpeg\" \/>\n<meta name=\"twitter:card\" content=\"summary_large_image\" \/>\n<meta name=\"twitter:label1\" content=\"Dur\u00e9e de lecture estim\u00e9e\" \/>\n\t<meta name=\"twitter:data1\" content=\"1 minute\" \/>\n<script type=\"application\/ld+json\" class=\"yoast-schema-graph\">{\"@context\":\"https:\\\/\\\/schema.org\",\"@graph\":[{\"@type\":\"WebPage\",\"@id\":\"https:\\\/\\\/www.univ-lorraine.fr\\\/strategie-europe\\\/nos-partenariats-strategiques-europeens\\\/\",\"url\":\"https:\\\/\\\/www.univ-lorraine.fr\\\/strategie-europe\\\/nos-partenariats-strategiques-europeens\\\/\",\"name\":\"Nos partenariats strat\u00e9giques europ\u00e9ens - Strat\u00e9gie Europe\",\"isPartOf\":{\"@id\":\"https:\\\/\\\/www.univ-lorraine.fr\\\/strategie-europe\\\/#website\"},\"primaryImageOfPage\":{\"@id\":\"https:\\\/\\\/www.univ-lorraine.fr\\\/strategie-europe\\\/nos-partenariats-strategiques-europeens\\\/#primaryimage\"},\"image\":{\"@id\":\"https:\\\/\\\/www.univ-lorraine.fr\\\/strategie-europe\\\/nos-partenariats-strategiques-europeens\\\/#primaryimage\"},\"thumbnailUrl\":\"https:\\\/\\\/www.univ-lorraine.fr\\\/strategie-europe\\\/wp-content\\\/uploads\\\/sites\\\/53\\\/2025\\\/03\\\/europeanunionflagagainsteuropeanparliament.jpg\",\"datePublished\":\"2025-01-06T14:58:09+00:00\",\"dateModified\":\"2025-03-05T08:22:34+00:00\",\"breadcrumb\":{\"@id\":\"https:\\\/\\\/www.univ-lorraine.fr\\\/strategie-europe\\\/nos-partenariats-strategiques-europeens\\\/#breadcrumb\"},\"inLanguage\":\"fr-FR\",\"potentialAction\":[{\"@type\":\"ReadAction\",\"target\":[\"https:\\\/\\\/www.univ-lorraine.fr\\\/strategie-europe\\\/nos-partenariats-strategiques-europeens\\\/\"]}]},{\"@type\":\"ImageObject\",\"inLanguage\":\"fr-FR\",\"@id\":\"https:\\\/\\\/www.univ-lorraine.fr\\\/strategie-europe\\\/nos-partenariats-strategiques-europeens\\\/#primaryimage\",\"url\":\"https:\\\/\\\/www.univ-lorraine.fr\\\/strategie-europe\\\/wp-content\\\/uploads\\\/sites\\\/53\\\/2025\\\/03\\\/europeanunionflagagainsteuropeanparliament.jpg\",\"contentUrl\":\"https:\\\/\\\/www.univ-lorraine.fr\\\/strategie-europe\\\/wp-content\\\/uploads\\\/sites\\\/53\\\/2025\\\/03\\\/europeanunionflagagainsteuropeanparliament.jpg\",\"width\":600,\"height\":338,\"caption\":\"European Union flags in front of the blurred European Parliament in Brussels, Belgium\"},{\"@type\":\"BreadcrumbList\",\"@id\":\"https:\\\/\\\/www.univ-lorraine.fr\\\/strategie-europe\\\/nos-partenariats-strategiques-europeens\\\/#breadcrumb\",\"itemListElement\":[{\"@type\":\"ListItem\",\"position\":1,\"name\":\"Accueil\",\"item\":\"https:\\\/\\\/www.univ-lorraine.fr\\\/strategie-europe\\\/\"},{\"@type\":\"ListItem\",\"position\":2,\"name\":\"Nos partenariats strat\u00e9giques europ\u00e9ens\"}]},{\"@type\":\"WebSite\",\"@id\":\"https:\\\/\\\/www.univ-lorraine.fr\\\/strategie-europe\\\/#website\",\"url\":\"https:\\\/\\\/www.univ-lorraine.fr\\\/strategie-europe\\\/\",\"name\":\"Strat\u00e9gie Europe\",\"description\":\"Faire dialoguer les savoirs, c\u2019est innover\",\"publisher\":{\"@id\":\"https:\\\/\\\/www.univ-lorraine.fr\\\/strategie-europe\\\/#organization\"},\"potentialAction\":[{\"@type\":\"SearchAction\",\"target\":{\"@type\":\"EntryPoint\",\"urlTemplate\":\"https:\\\/\\\/www.univ-lorraine.fr\\\/strategie-europe\\\/?s={search_term_string}\"},\"query-input\":{\"@type\":\"PropertyValueSpecification\",\"valueRequired\":true,\"valueName\":\"search_term_string\"}}],\"inLanguage\":\"fr-FR\"},{\"@type\":\"Organization\",\"@id\":\"https:\\\/\\\/www.univ-lorraine.fr\\\/strategie-europe\\\/#organization\",\"name\":\"Universit\u00e9 de Lorraine\",\"url\":\"https:\\\/\\\/www.univ-lorraine.fr\\\/strategie-europe\\\/\",\"logo\":{\"@type\":\"ImageObject\",\"inLanguage\":\"fr-FR\",\"@id\":\"https:\\\/\\\/www.univ-lorraine.fr\\\/strategie-europe\\\/#\\\/schema\\\/logo\\\/image\\\/\",\"url\":\"https:\\\/\\\/www.univ-lorraine.fr\\\/strategie-europe\\\/wp-content\\\/uploads\\\/sites\\\/53\\\/2021\\\/01\\\/LOGO_UL.png\",\"contentUrl\":\"https:\\\/\\\/www.univ-lorraine.fr\\\/strategie-europe\\\/wp-content\\\/uploads\\\/sites\\\/53\\\/2021\\\/01\\\/LOGO_UL.png\",\"width\":138,\"height\":48,\"caption\":\"Universit\u00e9 de Lorraine\"},\"image\":{\"@id\":\"https:\\\/\\\/www.univ-lorraine.fr\\\/strategie-europe\\\/#\\\/schema\\\/logo\\\/image\\\/\"}}]}<\/script>\n<!-- \/ Yoast SEO plugin. -->","yoast_head_json":{"title":"Nos partenariats strat\u00e9giques europ\u00e9ens - Strat\u00e9gie Europe","robots":{"index":"index","follow":"follow","max-snippet":"max-snippet:-1","max-image-preview":"max-image-preview:large","max-video-preview":"max-video-preview:-1"},"canonical":"https:\/\/www.univ-lorraine.fr\/strategie-europe\/nos-partenariats-strategiques-europeens\/","og_locale":"fr_FR","og_type":"article","og_title":"Nos partenariats strat\u00e9giques europ\u00e9ens - Strat\u00e9gie Europe","og_url":"https:\/\/www.univ-lorraine.fr\/strategie-europe\/nos-partenariats-strategiques-europeens\/","og_site_name":"Strat\u00e9gie Europe","article_modified_time":"2025-03-05T08:22:34+00:00","og_image":[{"width":600,"height":338,"url":"https:\/\/www.univ-lorraine.fr\/strategie-europe\/wp-content\/uploads\/sites\/53\/2025\/03\/europeanunionflagagainsteuropeanparliament.jpg","type":"image\/jpeg"}],"twitter_card":"summary_large_image","twitter_misc":{"Dur\u00e9e de lecture estim\u00e9e":"1 minute"},"schema":{"@context":"https:\/\/schema.org","@graph":[{"@type":"WebPage","@id":"https:\/\/www.univ-lorraine.fr\/strategie-europe\/nos-partenariats-strategiques-europeens\/","url":"https:\/\/www.univ-lorraine.fr\/strategie-europe\/nos-partenariats-strategiques-europeens\/","name":"Nos partenariats strat\u00e9giques europ\u00e9ens - Strat\u00e9gie Europe","isPartOf":{"@id":"https:\/\/www.univ-lorraine.fr\/strategie-europe\/#website"},"primaryImageOfPage":{"@id":"https:\/\/www.univ-lorraine.fr\/strategie-europe\/nos-partenariats-strategiques-europeens\/#primaryimage"},"image":{"@id":"https:\/\/www.univ-lorraine.fr\/strategie-europe\/nos-partenariats-strategiques-europeens\/#primaryimage"},"thumbnailUrl":"https:\/\/www.univ-lorraine.fr\/strategie-europe\/wp-content\/uploads\/sites\/53\/2025\/03\/europeanunionflagagainsteuropeanparliament.jpg","datePublished":"2025-01-06T14:58:09+00:00","dateModified":"2025-03-05T08:22:34+00:00","breadcrumb":{"@id":"https:\/\/www.univ-lorraine.fr\/strategie-europe\/nos-partenariats-strategiques-europeens\/#breadcrumb"},"inLanguage":"fr-FR","potentialAction":[{"@type":"ReadAction","target":["https:\/\/www.univ-lorraine.fr\/strategie-europe\/nos-partenariats-strategiques-europeens\/"]}]},{"@type":"ImageObject","inLanguage":"fr-FR","@id":"https:\/\/www.univ-lorraine.fr\/strategie-europe\/nos-partenariats-strategiques-europeens\/#primaryimage","url":"https:\/\/www.univ-lorraine.fr\/strategie-europe\/wp-content\/uploads\/sites\/53\/2025\/03\/europeanunionflagagainsteuropeanparliament.jpg","contentUrl":"https:\/\/www.univ-lorraine.fr\/strategie-europe\/wp-content\/uploads\/sites\/53\/2025\/03\/europeanunionflagagainsteuropeanparliament.jpg","width":600,"height":338,"caption":"European Union flags in front of the blurred European Parliament in Brussels, Belgium"},{"@type":"BreadcrumbList","@id":"https:\/\/www.univ-lorraine.fr\/strategie-europe\/nos-partenariats-strategiques-europeens\/#breadcrumb","itemListElement":[{"@type":"ListItem","position":1,"name":"Accueil","item":"https:\/\/www.univ-lorraine.fr\/strategie-europe\/"},{"@type":"ListItem","position":2,"name":"Nos partenariats strat\u00e9giques europ\u00e9ens"}]},{"@type":"WebSite","@id":"https:\/\/www.univ-lorraine.fr\/strategie-europe\/#website","url":"https:\/\/www.univ-lorraine.fr\/strategie-europe\/","name":"Strat\u00e9gie Europe","description":"Faire dialoguer les savoirs, c\u2019est innover","publisher":{"@id":"https:\/\/www.univ-lorraine.fr\/strategie-europe\/#organization"},"potentialAction":[{"@type":"SearchAction","target":{"@type":"EntryPoint","urlTemplate":"https:\/\/www.univ-lorraine.fr\/strategie-europe\/?s={search_term_string}"},"query-input":{"@type":"PropertyValueSpecification","valueRequired":true,"valueName":"search_term_string"}}],"inLanguage":"fr-FR"},{"@type":"Organization","@id":"https:\/\/www.univ-lorraine.fr\/strategie-europe\/#organization","name":"Universit\u00e9 de Lorraine","url":"https:\/\/www.univ-lorraine.fr\/strategie-europe\/","logo":{"@type":"ImageObject","inLanguage":"fr-FR","@id":"https:\/\/www.univ-lorraine.fr\/strategie-europe\/#\/schema\/logo\/image\/","url":"https:\/\/www.univ-lorraine.fr\/strategie-europe\/wp-content\/uploads\/sites\/53\/2021\/01\/LOGO_UL.png","contentUrl":"https:\/\/www.univ-lorraine.fr\/strategie-europe\/wp-content\/uploads\/sites\/53\/2021\/01\/LOGO_UL.png","width":138,"height":48,"caption":"Universit\u00e9 de Lorraine"},"image":{"@id":"https:\/\/www.univ-lorraine.fr\/strategie-europe\/#\/schema\/logo\/image\/"}}]}},"_links":{"self":[{"href":"https:\/\/www.univ-lorraine.fr\/strategie-europe\/wp-json\/wp\/v2\/pages\/289","targetHints":{"allow":["GET"]}}],"collection":[{"href":"https:\/\/www.univ-lorraine.fr\/strategie-europe\/wp-json\/wp\/v2\/pages"}],"about":[{"href":"https:\/\/www.univ-lorraine.fr\/strategie-europe\/wp-json\/wp\/v2\/types\/page"}],"author":[{"embeddable":true,"href":"https:\/\/www.univ-lorraine.fr\/strategie-europe\/wp-json\/wp\/v2\/users\/7"}],"replies":[{"embeddable":true,"href":"https:\/\/www.univ-lorraine.fr\/strategie-europe\/wp-json\/wp\/v2\/comments?post=289"}],"version-history":[{"count":13,"href":"https:\/\/www.univ-lorraine.fr\/strategie-europe\/wp-json\/wp\/v2\/pages\/289\/revisions"}],"predecessor-version":[{"id":862,"href":"https:\/\/www.univ-lorraine.fr\/strategie-europe\/wp-json\/wp\/v2\/pages\/289\/revisions\/862"}],"wp:attachment":[{"href":"https:\/\/www.univ-lorraine.fr\/strategie-europe\/wp-json\/wp\/v2\/media?parent=289"}],"curies":[{"name":"wp","href":"https:\/\/api.w.org\/{rel}","templated":true}]}}