{"id":210,"date":"2022-03-16T09:28:09","date_gmt":"2022-03-16T08:28:09","guid":{"rendered":"https:\/\/www.univ-lorraine.fr\/transition-ecologique\/?page_id=210"},"modified":"2025-11-03T09:57:17","modified_gmt":"2025-11-03T08:57:17","slug":"declaration-accessibilite","status":"publish","type":"page","link":"https:\/\/www.univ-lorraine.fr\/transition-ecologique\/declaration-accessibilite\/","title":{"rendered":"D\u00e9claration d&rsquo;accessibilit\u00e9"},"content":{"rendered":"\n<div class=\"wp-block-columns is-layout-flex wp-container-core-columns-is-layout-9d6595d7 wp-block-columns-is-layout-flex\">\n<div class=\"wp-block-column is-layout-flow wp-block-column-is-layout-flow\">\n<p>L&rsquo;Universit\u00e9 de Lorraine s\u2019engage \u00e0 rendre ses sites internet, intranet, extranet et ses progiciels accessibles (et ses applications mobiles et mobilier urbain num\u00e9rique) conform\u00e9ment \u00e0 l\u2019article 47 de la loi n\u00b02005-102 du 11 f\u00e9vrier 2005.<\/p>\n\n\n\n<p>\u00c0 cette fin, elle met en \u0153uvre la strat\u00e9gie et les actions suivantes&nbsp;:<\/p>\n\n\n\n<ul class=\"wp-block-list\">\n<li>Sch\u00e9ma pluriannuel de mise en accessibilit\u00e9 2025-2027 (en cours de r\u00e9daction)<\/li>\n\n\n\n<li>Actions r\u00e9alis\u00e9es en 2023-2024<\/li>\n\n\n\n<li>Sch\u00e9ma directeur du handicap : bilan 2022 et grandes orientations 2023<\/li>\n\n\n\n<li>Plan d\u2019actions 2025-2026 en cours de r\u00e9daction<\/li>\n<\/ul>\n\n\n\n<p>Cette d\u00e9claration d\u2019accessibilit\u00e9 s\u2019applique \u00e0<a href=\" https:\/\/iut-epinal.univ-lorraine.fr\/\"> <\/a><a href=\"https:\/\/www.univ-lorraine.fr\/transition-ecologique\/\">https:\/\/www.univ-lorraine.fr\/transition-ecologique\/<\/a><\/p>\n\n\n\n<div style=\"height:40px\" aria-hidden=\"true\" class=\"wp-block-spacer\"><\/div>\n\n\n\n<h2 class=\"wp-block-heading\">\u00c9TAT DE CONFORMIT\u00c9<\/h2>\n\n\n\n<p>Le <a href=\"http:\/\/lisec.univ-lorraine.fr\"> <\/a>site <a href=\"https:\/\/www.univ-lorraine.fr\/transition-ecologique\/\">https:\/\/www.univ-lorraine.fr\/transition-ecologique\/<\/a> est <strong>partiellement conforme avec le r\u00e9f\u00e9rentiel g\u00e9n\u00e9ral d\u2019am\u00e9lioration de l\u2019accessibilit\u00e9 (RGAA)<\/strong>, version 4.1 en raison des non-conformit\u00e9s \u00e9num\u00e9r\u00e9es ci-dessous et de sa r\u00e9alisation avec un outil d\u2019audit automatique Tanaguru.<\/p>\n\n\n\n<h3 class=\"wp-block-heading\"><strong>R\u00e9sultats des tests<\/strong><\/h3>\n\n\n\n<p>L\u2019audit de conformit\u00e9 automatique du site r\u00e9alis\u00e9 par la plateforme <a href=\"https:\/\/www.tanaguru.com\/\" target=\"_blank\" rel=\"noreferrer noopener\">Tanaguru<\/a> r\u00e9v\u00e8le que :<\/p>\n\n\n\n<ul class=\"wp-block-list\">\n<li>Plus de 80% des crit\u00e8res du RGAA version 4.1 test\u00e9s avec la plateforme d\u2019audit automatique sont respect\u00e9s<\/li>\n<\/ul>\n\n\n\n<h3 class=\"wp-block-heading\"><strong>Contenus non accessibles<\/strong><\/h3>\n\n\n\n<p>Les contenus list\u00e9s ci-dessous ne sont pas accessibles pour les raisons suivantes :<\/p>\n\n\n\n<ul class=\"wp-block-list\">\n<li>Des erreurs&nbsp; concernant des champs de formulaires restent \u00e0 corriger dans les pages contenant des filtres issus des PODS  (<a href=\"http:\/\/rgaa.tanaguru.com\/rgaa4-criteres.html#test-11-1-1\">RGAA4.1 &#8211; 11.1.1<\/a>.)<\/li>\n\n\n\n<li>PODS ne pr\u00e9voit pas de label associ\u00e9 au champs alors que ceci est une r\u00e8gle d&rsquo;accessibilit\u00e9  incontournable<\/li>\n<\/ul>\n\n\n\n<div style=\"height:40px\" aria-hidden=\"true\" class=\"wp-block-spacer\"><\/div>\n\n\n\n<h2 class=\"wp-block-heading\">\u00c9TABLISSEMENT DE CETTE D\u00c9CLARATION D&rsquo;ACCESSIBILIT\u00c9<\/h2>\n\n\n\n<p>Cette d\u00e9claration a \u00e9t\u00e9 \u00e9tablie le 04\/04\/2025.<\/p>\n\n\n\n<h3 class=\"wp-block-heading\">Technologies utilis\u00e9es <\/h3>\n\n\n\n<ul class=\"wp-block-list\">\n<li>CSS 3<\/li>\n\n\n\n<li>HTML5<\/li>\n\n\n\n<li>JavaScript<\/li>\n\n\n\n<li>CMS&nbsp;WordPress<\/li>\n\n\n\n<li>&#8230;<\/li>\n<\/ul>\n<\/div>\n\n\n\n<div class=\"wp-block-column is-layout-flow wp-block-column-is-layout-flow\">\n<h3 class=\"wp-block-heading\">Outils pour \u00e9valuer l\u2019accessibilit\u00e9&nbsp; <\/h3>\n\n\n\n<ul class=\"wp-block-list\">\n<li>Contrast color<\/li>\n\n\n\n<li>Wave<\/li>\n\n\n\n<li>Tanaguru engine<\/li>\n\n\n\n<li>Tanaguru webext<\/li>\n\n\n\n<li>NVDA<\/li>\n<\/ul>\n\n\n<div class=\"gb-container gb-container-2fcec2c2\">\n\n<h3 class=\"wp-block-heading\">Pages du site ayant fait l\u2019objet de la v\u00e9rification de conformit\u00e9<\/h3>\n\n<\/div>\n\n\n<ol class=\"wp-block-list\">\n<li><a href=\"\/transition-ecologique\/\">Page d\u2019accueil <\/a><\/li>\n\n\n\n<li><a href=\"\/transition-ecologique\/politique-de-confidentialite\/\">Politique de confidentialit\u00e9<\/a><\/li>\n\n\n\n<li><a href=\"\/transition-ecologique\/aide-a-la-navigation\/\">Aide \u00e0 la navigation<\/a><\/li>\n\n\n\n<li><a href=\"\/transition-ecologique\/plan-du-site\/\">Plan du site<\/a><\/li>\n\n\n\n<li><a href=\"\/transition-ecologique\/alimentation\/\">Alimentation<\/a><\/li>\n\n\n\n<li><a href=\"\/transition-ecologique\/numerique-responsable\/\">Num\u00e9rique responsable<\/a><\/li>\n\n\n\n<li><a href=\"https:\/\/www.univ-lorraine.fr\/transition-ecologique\/utilisation-responsable\/\">Energie et eau <\/a><\/li>\n\n\n\n<li><a href=\"\/transition-ecologique\/mobilites\/\">Mobilit\u00e9<\/a><\/li>\n\n\n\n<li><a href=\"\/transition-ecologique\/les-actions-de-luniversite-de-lorraine\/\">Toutes nos actions<\/a><\/li>\n\n\n\n<li><a href=\"\/transition-ecologique\/contact\/\">Contact<\/a><\/li>\n\n\n\n<li><a href=\"\/transition-ecologique\/sengager\/\">S&rsquo;engager<\/a><\/li>\n\n\n\n<li><a href=\"https:\/\/www.univ-lorraine.fr\/transition-ecologique\/ressources\/\">Ressources<\/a><\/li>\n<\/ol>\n\n\n\n<div style=\"height:40px\" aria-hidden=\"true\" class=\"wp-block-spacer\"><\/div>\n\n\n\n<h2 class=\"wp-block-heading\">RETOUR D&rsquo;INFORMATION&nbsp; ET CONTACT<\/h2>\n\n\n\n<p>Si vous n\u2019arrivez pas \u00e0 acc\u00e9der \u00e0 un contenu ou \u00e0 un service, vous pouvez contacter le responsable du <strong><a href=\"https:\/\/www.univ-lorraine.fr\/transition-ecologique\/\">site \u00ab\u00a0transition \u00e9cologique<\/a><\/strong>\u00a0\u00bb pour \u00eatre orient\u00e9 vers une alternative accessible ou obtenir le contenu sous une autre forme.<\/p>\n\n\n\n<ul class=\"wp-block-list\">\n<li>Envoyez un message via le<a href=\"\/transition-ecologique\/contact\/\"> formulaire de contact du site <\/a>;<\/li>\n\n\n\n<li>Contacter le <a href=\"&#109;a&#x69;l&#x74;&#111;&#x3a;&#100;&#x6e;&#45;a&#x63;c&#x65;&#115;&#x73;&#105;&#x62;&#105;&#x6c;&#105;t&#x65;-&#x77;&#101;&#x62;&#64;&#x75;&#110;i&#x76;-&#x6c;&#111;&#x72;&#114;&#x61;&#105;&#x6e;&#101;&#46;&#x66;r\">responsable accessibilit\u00e9 num\u00e9rique<\/a> de l\u2019universit\u00e9 de Lorraine \u00e0&nbsp;<a href=\"&#x6d;&#x61;&#105;&#108;t&#x6f;&#x3a;&#x64;&#110;&#45;a&#x63;&#x63;&#x65;&#115;&#115;i&#x62;&#x69;&#x6c;&#105;&#116;e&#x2d;&#x77;&#x65;&#98;&#64;u&#x6e;&#x69;&#x76;&#45;lo&#x72;&#x72;&#97;&#105;ne&#x2e;&#x66;&#114;\">dn&#45;&#97;&#99;&#x63;&#x65;&#x73;&#x73;ib&#105;&#108;&#105;&#x74;&#x65;&#x2d;&#x77;eb&#64;&#117;&#110;&#x69;&#x76;&#x2d;&#x6c;or&#114;&#97;&#105;&#x6e;&#x65;&#x2e;&#x66;r<\/a>.<\/li>\n<\/ul>\n\n\n\n<div style=\"height:40px\" aria-hidden=\"true\" class=\"wp-block-spacer\"><\/div>\n\n\n\n<h2 class=\"wp-block-heading\">VOIES DE RECOURS<\/h2>\n\n\n\n<p>Si vous constatez un d\u00e9faut d\u2019accessibilit\u00e9 vous emp\u00eachant d\u2019acc\u00e9der \u00e0 un contenu ou une fonctionnalit\u00e9 du site, que le signalez et que vous ne parvenez pas \u00e0 obtenir une r\u00e9ponse de notre part, vous \u00eates en droit de faire parvenir vos dol\u00e9ances ou une demande de saisine au D\u00e9fenseur des droits.<\/p>\n\n\n\n<p>Plusieurs moyens sont \u00e0 votre disposition :<\/p>\n\n\n\n<ul class=\"wp-block-list\">\n<li><a href=\"https:\/\/formulaire.defenseurdesdroits.fr\" target=\"_blank\" rel=\"noreferrer noopener\">\u00c9crire un message au D\u00e9fenseur des droits<\/a><\/li>\n\n\n\n<li><a href=\"https:\/\/www.defenseurdesdroits.fr\/saisir\/delegues\" target=\"_blank\" rel=\"noreferrer noopener\">Contacter le d\u00e9l\u00e9gu\u00e9 du D\u00e9fenseur des droits dans votre r\u00e9gion<\/a><\/li>\n\n\n\n<li>Envoyer un courrier par la poste (gratuit, ne pas mettre de timbre)<br>D\u00e9fenseur des droits<br>Libre r\u00e9ponse 71120<br>75342 Paris CEDEX 07<\/li>\n<\/ul>\n<\/div>\n<\/div>\n","protected":false},"excerpt":{"rendered":"<p>L&rsquo;Universit\u00e9 de Lorraine s\u2019engage \u00e0 rendre ses sites internet, intranet, extranet et ses progiciels accessibles (et ses applications mobiles et mobilier urbain num\u00e9rique) conform\u00e9ment \u00e0 l\u2019article 47 de la loi n\u00b02005-102 du 11 f\u00e9vrier 2005. \u00c0 cette fin, elle met en \u0153uvre la strat\u00e9gie et les actions suivantes&nbsp;: Cette d\u00e9claration d\u2019accessibilit\u00e9 s\u2019applique \u00e0 https:\/\/www.univ-lorraine.fr\/transition-ecologique\/ \u00c9TAT &#8230; <a title=\"D\u00e9claration d&rsquo;accessibilit\u00e9\" class=\"read-more\" href=\"https:\/\/www.univ-lorraine.fr\/transition-ecologique\/declaration-accessibilite\/\" aria-label=\"En savoir plus sur D\u00e9claration d&rsquo;accessibilit\u00e9\">Lire plus<\/a><\/p>\n","protected":false},"author":3,"featured_media":0,"parent":0,"menu_order":0,"comment_status":"closed","ping_status":"closed","template":"","meta":{"inline_featured_image":false,"footnotes":""},"class_list":["post-210","page","type-page","status-publish"],"yoast_head":"<!-- This site is optimized with the Yoast SEO plugin v27.4 - https:\/\/yoast.com\/product\/yoast-seo-wordpress\/ -->\n<title>D\u00e9claration d&#039;accessibilit\u00e9 - Transition \u00e9cologique<\/title>\n<meta name=\"robots\" content=\"index, follow, max-snippet:-1, max-image-preview:large, max-video-preview:-1\" \/>\n<link rel=\"canonical\" href=\"https:\/\/www.univ-lorraine.fr\/transition-ecologique\/declaration-accessibilite\/\" \/>\n<meta property=\"og:locale\" content=\"fr_FR\" \/>\n<meta property=\"og:type\" content=\"article\" \/>\n<meta property=\"og:title\" content=\"D\u00e9claration d&#039;accessibilit\u00e9 - Transition \u00e9cologique\" \/>\n<meta property=\"og:description\" content=\"L&rsquo;Universit\u00e9 de Lorraine s\u2019engage \u00e0 rendre ses sites internet, intranet, extranet et ses progiciels accessibles (et ses applications mobiles et mobilier urbain num\u00e9rique) conform\u00e9ment \u00e0 l\u2019article 47 de la loi n\u00b02005-102 du 11 f\u00e9vrier 2005. \u00c0 cette fin, elle met en \u0153uvre la strat\u00e9gie et les actions suivantes&nbsp;: Cette d\u00e9claration d\u2019accessibilit\u00e9 s\u2019applique \u00e0 https:\/\/www.univ-lorraine.fr\/transition-ecologique\/ \u00c9TAT ... Lire plus\" \/>\n<meta property=\"og:url\" content=\"https:\/\/www.univ-lorraine.fr\/transition-ecologique\/declaration-accessibilite\/\" \/>\n<meta property=\"og:site_name\" content=\"Transition \u00e9cologique\" \/>\n<meta property=\"article:modified_time\" content=\"2025-11-03T08:57:17+00:00\" \/>\n<meta name=\"twitter:card\" content=\"summary_large_image\" \/>\n<script type=\"application\/ld+json\" class=\"yoast-schema-graph\">{\"@context\":\"https:\\\/\\\/schema.org\",\"@graph\":[{\"@type\":\"WebPage\",\"@id\":\"https:\\\/\\\/www.univ-lorraine.fr\\\/transition-ecologique\\\/declaration-accessibilite\\\/\",\"url\":\"https:\\\/\\\/www.univ-lorraine.fr\\\/transition-ecologique\\\/declaration-accessibilite\\\/\",\"name\":\"D\u00e9claration d'accessibilit\u00e9 - Transition \u00e9cologique\",\"isPartOf\":{\"@id\":\"https:\\\/\\\/www.univ-lorraine.fr\\\/transition-ecologique\\\/#website\"},\"datePublished\":\"2022-03-16T08:28:09+00:00\",\"dateModified\":\"2025-11-03T08:57:17+00:00\",\"breadcrumb\":{\"@id\":\"https:\\\/\\\/www.univ-lorraine.fr\\\/transition-ecologique\\\/declaration-accessibilite\\\/#breadcrumb\"},\"inLanguage\":\"fr-FR\",\"potentialAction\":[{\"@type\":\"ReadAction\",\"target\":[\"https:\\\/\\\/www.univ-lorraine.fr\\\/transition-ecologique\\\/declaration-accessibilite\\\/\"]}]},{\"@type\":\"BreadcrumbList\",\"@id\":\"https:\\\/\\\/www.univ-lorraine.fr\\\/transition-ecologique\\\/declaration-accessibilite\\\/#breadcrumb\",\"itemListElement\":[{\"@type\":\"ListItem\",\"position\":1,\"name\":\"Accueil\",\"item\":\"https:\\\/\\\/www.univ-lorraine.fr\\\/transition-ecologique\\\/\"},{\"@type\":\"ListItem\",\"position\":2,\"name\":\"D\u00e9claration d&rsquo;accessibilit\u00e9\"}]},{\"@type\":\"WebSite\",\"@id\":\"https:\\\/\\\/www.univ-lorraine.fr\\\/transition-ecologique\\\/#website\",\"url\":\"https:\\\/\\\/www.univ-lorraine.fr\\\/transition-ecologique\\\/\",\"name\":\"Transition \u00e9cologique\",\"description\":\"Faire dialoguer les savoirs, c\u2019est innover\",\"publisher\":{\"@id\":\"https:\\\/\\\/www.univ-lorraine.fr\\\/transition-ecologique\\\/#organization\"},\"potentialAction\":[{\"@type\":\"SearchAction\",\"target\":{\"@type\":\"EntryPoint\",\"urlTemplate\":\"https:\\\/\\\/www.univ-lorraine.fr\\\/transition-ecologique\\\/?s={search_term_string}\"},\"query-input\":{\"@type\":\"PropertyValueSpecification\",\"valueRequired\":true,\"valueName\":\"search_term_string\"}}],\"inLanguage\":\"fr-FR\"},{\"@type\":\"Organization\",\"@id\":\"https:\\\/\\\/www.univ-lorraine.fr\\\/transition-ecologique\\\/#organization\",\"name\":\"Universit\u00e9 de Lorraine\",\"url\":\"https:\\\/\\\/www.univ-lorraine.fr\\\/transition-ecologique\\\/\",\"logo\":{\"@type\":\"ImageObject\",\"inLanguage\":\"fr-FR\",\"@id\":\"https:\\\/\\\/www.univ-lorraine.fr\\\/transition-ecologique\\\/#\\\/schema\\\/logo\\\/image\\\/\",\"url\":\"https:\\\/\\\/www.univ-lorraine.fr\\\/transition-ecologique\\\/wp-content\\\/uploads\\\/sites\\\/49\\\/2021\\\/01\\\/LOGO_UL.png\",\"contentUrl\":\"https:\\\/\\\/www.univ-lorraine.fr\\\/transition-ecologique\\\/wp-content\\\/uploads\\\/sites\\\/49\\\/2021\\\/01\\\/LOGO_UL.png\",\"width\":138,\"height\":48,\"caption\":\"Universit\u00e9 de Lorraine\"},\"image\":{\"@id\":\"https:\\\/\\\/www.univ-lorraine.fr\\\/transition-ecologique\\\/#\\\/schema\\\/logo\\\/image\\\/\"}}]}<\/script>\n<!-- \/ Yoast SEO plugin. -->","yoast_head_json":{"title":"D\u00e9claration d'accessibilit\u00e9 - Transition \u00e9cologique","robots":{"index":"index","follow":"follow","max-snippet":"max-snippet:-1","max-image-preview":"max-image-preview:large","max-video-preview":"max-video-preview:-1"},"canonical":"https:\/\/www.univ-lorraine.fr\/transition-ecologique\/declaration-accessibilite\/","og_locale":"fr_FR","og_type":"article","og_title":"D\u00e9claration d'accessibilit\u00e9 - Transition \u00e9cologique","og_description":"L&rsquo;Universit\u00e9 de Lorraine s\u2019engage \u00e0 rendre ses sites internet, intranet, extranet et ses progiciels accessibles (et ses applications mobiles et mobilier urbain num\u00e9rique) conform\u00e9ment \u00e0 l\u2019article 47 de la loi n\u00b02005-102 du 11 f\u00e9vrier 2005. \u00c0 cette fin, elle met en \u0153uvre la strat\u00e9gie et les actions suivantes&nbsp;: Cette d\u00e9claration d\u2019accessibilit\u00e9 s\u2019applique \u00e0 https:\/\/www.univ-lorraine.fr\/transition-ecologique\/ \u00c9TAT ... Lire plus","og_url":"https:\/\/www.univ-lorraine.fr\/transition-ecologique\/declaration-accessibilite\/","og_site_name":"Transition \u00e9cologique","article_modified_time":"2025-11-03T08:57:17+00:00","twitter_card":"summary_large_image","schema":{"@context":"https:\/\/schema.org","@graph":[{"@type":"WebPage","@id":"https:\/\/www.univ-lorraine.fr\/transition-ecologique\/declaration-accessibilite\/","url":"https:\/\/www.univ-lorraine.fr\/transition-ecologique\/declaration-accessibilite\/","name":"D\u00e9claration d'accessibilit\u00e9 - Transition \u00e9cologique","isPartOf":{"@id":"https:\/\/www.univ-lorraine.fr\/transition-ecologique\/#website"},"datePublished":"2022-03-16T08:28:09+00:00","dateModified":"2025-11-03T08:57:17+00:00","breadcrumb":{"@id":"https:\/\/www.univ-lorraine.fr\/transition-ecologique\/declaration-accessibilite\/#breadcrumb"},"inLanguage":"fr-FR","potentialAction":[{"@type":"ReadAction","target":["https:\/\/www.univ-lorraine.fr\/transition-ecologique\/declaration-accessibilite\/"]}]},{"@type":"BreadcrumbList","@id":"https:\/\/www.univ-lorraine.fr\/transition-ecologique\/declaration-accessibilite\/#breadcrumb","itemListElement":[{"@type":"ListItem","position":1,"name":"Accueil","item":"https:\/\/www.univ-lorraine.fr\/transition-ecologique\/"},{"@type":"ListItem","position":2,"name":"D\u00e9claration d&rsquo;accessibilit\u00e9"}]},{"@type":"WebSite","@id":"https:\/\/www.univ-lorraine.fr\/transition-ecologique\/#website","url":"https:\/\/www.univ-lorraine.fr\/transition-ecologique\/","name":"Transition \u00e9cologique","description":"Faire dialoguer les savoirs, c\u2019est innover","publisher":{"@id":"https:\/\/www.univ-lorraine.fr\/transition-ecologique\/#organization"},"potentialAction":[{"@type":"SearchAction","target":{"@type":"EntryPoint","urlTemplate":"https:\/\/www.univ-lorraine.fr\/transition-ecologique\/?s={search_term_string}"},"query-input":{"@type":"PropertyValueSpecification","valueRequired":true,"valueName":"search_term_string"}}],"inLanguage":"fr-FR"},{"@type":"Organization","@id":"https:\/\/www.univ-lorraine.fr\/transition-ecologique\/#organization","name":"Universit\u00e9 de Lorraine","url":"https:\/\/www.univ-lorraine.fr\/transition-ecologique\/","logo":{"@type":"ImageObject","inLanguage":"fr-FR","@id":"https:\/\/www.univ-lorraine.fr\/transition-ecologique\/#\/schema\/logo\/image\/","url":"https:\/\/www.univ-lorraine.fr\/transition-ecologique\/wp-content\/uploads\/sites\/49\/2021\/01\/LOGO_UL.png","contentUrl":"https:\/\/www.univ-lorraine.fr\/transition-ecologique\/wp-content\/uploads\/sites\/49\/2021\/01\/LOGO_UL.png","width":138,"height":48,"caption":"Universit\u00e9 de Lorraine"},"image":{"@id":"https:\/\/www.univ-lorraine.fr\/transition-ecologique\/#\/schema\/logo\/image\/"}}]}},"_links":{"self":[{"href":"https:\/\/www.univ-lorraine.fr\/transition-ecologique\/wp-json\/wp\/v2\/pages\/210","targetHints":{"allow":["GET"]}}],"collection":[{"href":"https:\/\/www.univ-lorraine.fr\/transition-ecologique\/wp-json\/wp\/v2\/pages"}],"about":[{"href":"https:\/\/www.univ-lorraine.fr\/transition-ecologique\/wp-json\/wp\/v2\/types\/page"}],"author":[{"embeddable":true,"href":"https:\/\/www.univ-lorraine.fr\/transition-ecologique\/wp-json\/wp\/v2\/users\/3"}],"replies":[{"embeddable":true,"href":"https:\/\/www.univ-lorraine.fr\/transition-ecologique\/wp-json\/wp\/v2\/comments?post=210"}],"version-history":[{"count":21,"href":"https:\/\/www.univ-lorraine.fr\/transition-ecologique\/wp-json\/wp\/v2\/pages\/210\/revisions"}],"predecessor-version":[{"id":4156,"href":"https:\/\/www.univ-lorraine.fr\/transition-ecologique\/wp-json\/wp\/v2\/pages\/210\/revisions\/4156"}],"wp:attachment":[{"href":"https:\/\/www.univ-lorraine.fr\/transition-ecologique\/wp-json\/wp\/v2\/media?parent=210"}],"curies":[{"name":"wp","href":"https:\/\/api.w.org\/{rel}","templated":true}]}}