{"id":6333,"date":"2023-12-05T13:49:29","date_gmt":"2023-12-05T12:49:29","guid":{"rendered":"https:\/\/www.univ-lorraine.fr\/welcome\/?page_id=6333"},"modified":"2024-12-12T17:30:45","modified_gmt":"2024-12-12T16:30:45","slug":"workshop-social-security-mutation-cpam-paris-talent-passport","status":"publish","type":"page","link":"https:\/\/www.univ-lorraine.fr\/welcome\/en\/workshop-social-security-mutation-cpam-paris-talent-passport\/","title":{"rendered":"Workshop: social security mutation cpam paris \u2013 talent passport"},"content":{"rendered":"<div class=\"gb-grid-wrapper gb-grid-wrapper-4bc837bf\">\n<div class=\"gb-grid-column gb-grid-column-5117eded\"><div class=\"gb-container gb-container-5117eded\">\n\n<figure class=\"wp-block-image size-large\"><img decoding=\"async\" width=\"1024\" height=\"1003\" src=\"https:\/\/www.univ-lorraine.fr\/welcome\/wp-content\/uploads\/sites\/41\/2023\/04\/cpam-des-passeports-talents-nouveau-1-1024x1003.png\" alt=\"\" class=\"wp-image-6310\" srcset=\"https:\/\/www.univ-lorraine.fr\/welcome\/wp-content\/uploads\/sites\/41\/2023\/04\/cpam-des-passeports-talents-nouveau-1-1024x1003.png 1024w, https:\/\/www.univ-lorraine.fr\/welcome\/wp-content\/uploads\/sites\/41\/2023\/04\/cpam-des-passeports-talents-nouveau-1-300x294.png 300w, https:\/\/www.univ-lorraine.fr\/welcome\/wp-content\/uploads\/sites\/41\/2023\/04\/cpam-des-passeports-talents-nouveau-1-768x752.png 768w, https:\/\/www.univ-lorraine.fr\/welcome\/wp-content\/uploads\/sites\/41\/2023\/04\/cpam-des-passeports-talents-nouveau-1.png 1307w\" sizes=\"(max-width: 1024px) 100vw, 1024px\" \/><\/figure>\n\n<\/div><\/div>\n\n<div class=\"gb-grid-column gb-grid-column-4b2eb5bc\"><div class=\"gb-container gb-container-4b2eb5bc\">\n\n<p class=\"gb-headline gb-headline-612669e8 gb-headline-text\"><strong>The Euraxess Centers at the Universit\u00e9 de lorraine are organizing a workshop for international doctoral students and researchers to guide you through the process of changing your social security provider.<\/strong><\/p>\n\n\n\n<p>If you are currently affiliated with the local CPAM, are of non-European and non-Algerian nationality, and have obtained a hosting agreement as part of a doctoral contract or another research contract (EXCLUDING SCHOLARSHIPS), it is imperative to proceed with a change of provider (mutation) to be attached to CPAM Paris as a Talent Passport \u2013 researcher, employed in France.<\/p>\n\n<\/div><\/div>\n\n<div class=\"gb-grid-column gb-grid-column-f0ad6b9a\"><div class=\"gb-container gb-container-f0ad6b9a\">\n\n<h2 class=\"gb-headline gb-headline-bca913b6 gb-headline-text\">A workshop led by the Euraxess Centers from the Universit\u00e9 de Lorraine<\/h2>\n\n<\/div><\/div>\n\n<div class=\"gb-grid-column gb-grid-column-83239969\"><div class=\"gb-container gb-container-83239969\">\n\n<p><strong>Registration for participation in this workshop is mandatory.<\/strong> Prerequisites:<\/p>\n\n\n\n<ul class=\"wp-block-list\">\n<li>Be of non-European nationality (excluding Algerians);<\/li>\n\n\n\n<li>Have a social security number;<\/li>\n\n\n\n<li>Have obtained a hosting agreement (as part of a doctoral contract, a CIFRE thesis, an ATER contract, a research engineer contract, a beginner researcher contract, a confirmed researcher, or a postdoc contract).<\/li>\n<\/ul>\n\n\n\n<p>Not sure if you meet these criteria? Contact us at dr&#105;&#101;&#45;&#x65;&#x75;&#x72;&#x61;&#x78;es&#115;&#45;&#99;&#x6f;&#x6e;&#x74;&#x61;&#x63;t&#64;&#117;&#110;&#105;&#x76;&#x2d;&#x6c;&#x6f;&#x72;ra&#105;&#110;&#101;&#x2e;&#x66;&#x72;<\/p>\n\n\n\n<p><\/p>\n\n\n\n<p><\/p>\n\n<\/div><\/div>\n\n<div class=\"gb-grid-column gb-grid-column-540857d6\"><div class=\"gb-container gb-container-540857d6\">\n<div class=\"gb-container gb-container-b4ec0815\">\n\n<figure class=\"wp-block-image alignwide size-full\"><img decoding=\"async\" width=\"730\" height=\"601\" src=\"https:\/\/www.univ-lorraine.fr\/welcome\/wp-content\/uploads\/sites\/41\/2023\/04\/euraxess-vertical-hr.png\" alt=\"\" class=\"wp-image-5026\" srcset=\"https:\/\/www.univ-lorraine.fr\/welcome\/wp-content\/uploads\/sites\/41\/2023\/04\/euraxess-vertical-hr.png 730w, https:\/\/www.univ-lorraine.fr\/welcome\/wp-content\/uploads\/sites\/41\/2023\/04\/euraxess-vertical-hr-300x247.png 300w\" sizes=\"(max-width: 730px) 100vw, 730px\" \/><\/figure>\n\n<\/div>\n<\/div><\/div>\n\n<div class=\"gb-grid-column gb-grid-column-56c955c6\"><div class=\"gb-container gb-container-56c955c6\">\n<div class=\"gb-container gb-container-3d1dec43\">\n\n<p class=\"gb-headline gb-headline-2c9997c4 gb-headline-text\"><strong>The workshop takes place on :<\/strong><\/p>\n\n\n\n<p><strong>English Language Workshop:\u00a0<\/strong>January 22nd, 2024 from 10am to 11am. The link will be sent to you after your registration\u00a0<a href=\"https:\/\/enquetes.univ-lorraine.fr\/index.php\/528271?lang=en\">here<\/a>.<\/p>\n\n\n\n<p><strong><\/strong><strong>French Language Workshop:&nbsp;<\/strong>15 janvier 2025 de 10h00 \u00e0 11h . Le lien de participation vous sera adress\u00e9 apr\u00e8s votre inscription<strong>&nbsp;<a href=\"https:\/\/enquetes.univ-lorraine.fr\/index.php\/528271?lang=fr\">ici<\/a>.<\/strong><\/p>\n\n<\/div>\n<\/div><\/div>\n<\/div>\n\n\n<p><\/p>\n","protected":false},"excerpt":{"rendered":"","protected":false},"author":7,"featured_media":0,"parent":0,"menu_order":0,"comment_status":"closed","ping_status":"closed","template":"","meta":{"inline_featured_image":false,"footnotes":""},"class_list":["post-6333","page","type-page","status-publish"],"yoast_head":"<!-- This site is optimized with the Yoast SEO plugin v27.4 - https:\/\/yoast.com\/product\/yoast-seo-wordpress\/ -->\n<title>Workshop: social security mutation cpam paris \u2013 talent passport - Welcome<\/title>\n<meta name=\"robots\" content=\"index, follow, max-snippet:-1, max-image-preview:large, max-video-preview:-1\" \/>\n<link rel=\"canonical\" href=\"https:\/\/www.univ-lorraine.fr\/welcome\/en\/workshop-social-security-mutation-cpam-paris-talent-passport\/\" \/>\n<meta property=\"og:locale\" content=\"fr_FR\" \/>\n<meta property=\"og:type\" content=\"article\" \/>\n<meta property=\"og:title\" content=\"Workshop: social security mutation cpam paris \u2013 talent passport - Welcome\" \/>\n<meta property=\"og:url\" content=\"https:\/\/www.univ-lorraine.fr\/welcome\/en\/workshop-social-security-mutation-cpam-paris-talent-passport\/\" \/>\n<meta property=\"og:site_name\" content=\"Welcome\" \/>\n<meta property=\"article:modified_time\" content=\"2024-12-12T16:30:45+00:00\" \/>\n<meta property=\"og:image\" content=\"https:\/\/www.univ-lorraine.fr\/welcome\/wp-content\/uploads\/sites\/41\/2023\/04\/cpam-des-passeports-talents-nouveau-1.png\" \/>\n\t<meta property=\"og:image:width\" content=\"1307\" \/>\n\t<meta property=\"og:image:height\" content=\"1280\" \/>\n\t<meta property=\"og:image:type\" content=\"image\/png\" \/>\n<meta name=\"twitter:card\" content=\"summary_large_image\" \/>\n<meta name=\"twitter:label1\" content=\"Dur\u00e9e de lecture estim\u00e9e\" \/>\n\t<meta name=\"twitter:data1\" content=\"1 minute\" \/>\n<script type=\"application\/ld+json\" class=\"yoast-schema-graph\">{\"@context\":\"https:\\\/\\\/schema.org\",\"@graph\":[{\"@type\":\"WebPage\",\"@id\":\"https:\\\/\\\/www.univ-lorraine.fr\\\/welcome\\\/en\\\/workshop-social-security-mutation-cpam-paris-talent-passport\\\/\",\"url\":\"https:\\\/\\\/www.univ-lorraine.fr\\\/welcome\\\/en\\\/workshop-social-security-mutation-cpam-paris-talent-passport\\\/\",\"name\":\"Workshop: social security mutation cpam paris \u2013 talent passport - Welcome\",\"isPartOf\":{\"@id\":\"https:\\\/\\\/www.univ-lorraine.fr\\\/welcome\\\/#website\"},\"primaryImageOfPage\":{\"@id\":\"https:\\\/\\\/www.univ-lorraine.fr\\\/welcome\\\/en\\\/workshop-social-security-mutation-cpam-paris-talent-passport\\\/#primaryimage\"},\"image\":{\"@id\":\"https:\\\/\\\/www.univ-lorraine.fr\\\/welcome\\\/en\\\/workshop-social-security-mutation-cpam-paris-talent-passport\\\/#primaryimage\"},\"thumbnailUrl\":\"https:\\\/\\\/www.univ-lorraine.fr\\\/welcome\\\/wp-content\\\/uploads\\\/sites\\\/41\\\/2023\\\/04\\\/cpam-des-passeports-talents-nouveau-1-1024x1003.png\",\"datePublished\":\"2023-12-05T12:49:29+00:00\",\"dateModified\":\"2024-12-12T16:30:45+00:00\",\"breadcrumb\":{\"@id\":\"https:\\\/\\\/www.univ-lorraine.fr\\\/welcome\\\/en\\\/workshop-social-security-mutation-cpam-paris-talent-passport\\\/#breadcrumb\"},\"inLanguage\":\"fr-FR\",\"potentialAction\":[{\"@type\":\"ReadAction\",\"target\":[\"https:\\\/\\\/www.univ-lorraine.fr\\\/welcome\\\/en\\\/workshop-social-security-mutation-cpam-paris-talent-passport\\\/\"]}]},{\"@type\":\"ImageObject\",\"inLanguage\":\"fr-FR\",\"@id\":\"https:\\\/\\\/www.univ-lorraine.fr\\\/welcome\\\/en\\\/workshop-social-security-mutation-cpam-paris-talent-passport\\\/#primaryimage\",\"url\":\"https:\\\/\\\/www.univ-lorraine.fr\\\/welcome\\\/wp-content\\\/uploads\\\/sites\\\/41\\\/2023\\\/04\\\/cpam-des-passeports-talents-nouveau-1.png\",\"contentUrl\":\"https:\\\/\\\/www.univ-lorraine.fr\\\/welcome\\\/wp-content\\\/uploads\\\/sites\\\/41\\\/2023\\\/04\\\/cpam-des-passeports-talents-nouveau-1.png\",\"width\":1307,\"height\":1280},{\"@type\":\"BreadcrumbList\",\"@id\":\"https:\\\/\\\/www.univ-lorraine.fr\\\/welcome\\\/en\\\/workshop-social-security-mutation-cpam-paris-talent-passport\\\/#breadcrumb\",\"itemListElement\":[{\"@type\":\"ListItem\",\"position\":1,\"name\":\"Accueil\",\"item\":\"https:\\\/\\\/www.univ-lorraine.fr\\\/welcome\\\/\"},{\"@type\":\"ListItem\",\"position\":2,\"name\":\"Workshop: social security mutation cpam paris \u2013 talent passport\"}]},{\"@type\":\"WebSite\",\"@id\":\"https:\\\/\\\/www.univ-lorraine.fr\\\/welcome\\\/#website\",\"url\":\"https:\\\/\\\/www.univ-lorraine.fr\\\/welcome\\\/\",\"name\":\"Welcome\",\"description\":\"Faire dialoguer les savoirs, c\u2019est innover\",\"publisher\":{\"@id\":\"https:\\\/\\\/www.univ-lorraine.fr\\\/welcome\\\/#organization\"},\"potentialAction\":[{\"@type\":\"SearchAction\",\"target\":{\"@type\":\"EntryPoint\",\"urlTemplate\":\"https:\\\/\\\/www.univ-lorraine.fr\\\/welcome\\\/?s={search_term_string}\"},\"query-input\":{\"@type\":\"PropertyValueSpecification\",\"valueRequired\":true,\"valueName\":\"search_term_string\"}}],\"inLanguage\":\"fr-FR\"},{\"@type\":\"Organization\",\"@id\":\"https:\\\/\\\/www.univ-lorraine.fr\\\/welcome\\\/#organization\",\"name\":\"Universit\u00e9 de Lorraine\",\"url\":\"https:\\\/\\\/www.univ-lorraine.fr\\\/welcome\\\/\",\"logo\":{\"@type\":\"ImageObject\",\"inLanguage\":\"fr-FR\",\"@id\":\"https:\\\/\\\/www.univ-lorraine.fr\\\/welcome\\\/#\\\/schema\\\/logo\\\/image\\\/\",\"url\":\"https:\\\/\\\/www.univ-lorraine.fr\\\/welcome\\\/wp-content\\\/uploads\\\/sites\\\/41\\\/2021\\\/01\\\/LOGO_UL.png\",\"contentUrl\":\"https:\\\/\\\/www.univ-lorraine.fr\\\/welcome\\\/wp-content\\\/uploads\\\/sites\\\/41\\\/2021\\\/01\\\/LOGO_UL.png\",\"width\":138,\"height\":48,\"caption\":\"Universit\u00e9 de Lorraine\"},\"image\":{\"@id\":\"https:\\\/\\\/www.univ-lorraine.fr\\\/welcome\\\/#\\\/schema\\\/logo\\\/image\\\/\"}}]}<\/script>\n<!-- \/ Yoast SEO plugin. -->","yoast_head_json":{"title":"Workshop: social security mutation cpam paris \u2013 talent passport - Welcome","robots":{"index":"index","follow":"follow","max-snippet":"max-snippet:-1","max-image-preview":"max-image-preview:large","max-video-preview":"max-video-preview:-1"},"canonical":"https:\/\/www.univ-lorraine.fr\/welcome\/en\/workshop-social-security-mutation-cpam-paris-talent-passport\/","og_locale":"fr_FR","og_type":"article","og_title":"Workshop: social security mutation cpam paris \u2013 talent passport - Welcome","og_url":"https:\/\/www.univ-lorraine.fr\/welcome\/en\/workshop-social-security-mutation-cpam-paris-talent-passport\/","og_site_name":"Welcome","article_modified_time":"2024-12-12T16:30:45+00:00","og_image":[{"width":1307,"height":1280,"url":"https:\/\/www.univ-lorraine.fr\/welcome\/wp-content\/uploads\/sites\/41\/2023\/04\/cpam-des-passeports-talents-nouveau-1.png","type":"image\/png"}],"twitter_card":"summary_large_image","twitter_misc":{"Dur\u00e9e de lecture estim\u00e9e":"1 minute"},"schema":{"@context":"https:\/\/schema.org","@graph":[{"@type":"WebPage","@id":"https:\/\/www.univ-lorraine.fr\/welcome\/en\/workshop-social-security-mutation-cpam-paris-talent-passport\/","url":"https:\/\/www.univ-lorraine.fr\/welcome\/en\/workshop-social-security-mutation-cpam-paris-talent-passport\/","name":"Workshop: social security mutation cpam paris \u2013 talent passport - Welcome","isPartOf":{"@id":"https:\/\/www.univ-lorraine.fr\/welcome\/#website"},"primaryImageOfPage":{"@id":"https:\/\/www.univ-lorraine.fr\/welcome\/en\/workshop-social-security-mutation-cpam-paris-talent-passport\/#primaryimage"},"image":{"@id":"https:\/\/www.univ-lorraine.fr\/welcome\/en\/workshop-social-security-mutation-cpam-paris-talent-passport\/#primaryimage"},"thumbnailUrl":"https:\/\/www.univ-lorraine.fr\/welcome\/wp-content\/uploads\/sites\/41\/2023\/04\/cpam-des-passeports-talents-nouveau-1-1024x1003.png","datePublished":"2023-12-05T12:49:29+00:00","dateModified":"2024-12-12T16:30:45+00:00","breadcrumb":{"@id":"https:\/\/www.univ-lorraine.fr\/welcome\/en\/workshop-social-security-mutation-cpam-paris-talent-passport\/#breadcrumb"},"inLanguage":"fr-FR","potentialAction":[{"@type":"ReadAction","target":["https:\/\/www.univ-lorraine.fr\/welcome\/en\/workshop-social-security-mutation-cpam-paris-talent-passport\/"]}]},{"@type":"ImageObject","inLanguage":"fr-FR","@id":"https:\/\/www.univ-lorraine.fr\/welcome\/en\/workshop-social-security-mutation-cpam-paris-talent-passport\/#primaryimage","url":"https:\/\/www.univ-lorraine.fr\/welcome\/wp-content\/uploads\/sites\/41\/2023\/04\/cpam-des-passeports-talents-nouveau-1.png","contentUrl":"https:\/\/www.univ-lorraine.fr\/welcome\/wp-content\/uploads\/sites\/41\/2023\/04\/cpam-des-passeports-talents-nouveau-1.png","width":1307,"height":1280},{"@type":"BreadcrumbList","@id":"https:\/\/www.univ-lorraine.fr\/welcome\/en\/workshop-social-security-mutation-cpam-paris-talent-passport\/#breadcrumb","itemListElement":[{"@type":"ListItem","position":1,"name":"Accueil","item":"https:\/\/www.univ-lorraine.fr\/welcome\/"},{"@type":"ListItem","position":2,"name":"Workshop: social security mutation cpam paris \u2013 talent passport"}]},{"@type":"WebSite","@id":"https:\/\/www.univ-lorraine.fr\/welcome\/#website","url":"https:\/\/www.univ-lorraine.fr\/welcome\/","name":"Welcome","description":"Faire dialoguer les savoirs, c\u2019est innover","publisher":{"@id":"https:\/\/www.univ-lorraine.fr\/welcome\/#organization"},"potentialAction":[{"@type":"SearchAction","target":{"@type":"EntryPoint","urlTemplate":"https:\/\/www.univ-lorraine.fr\/welcome\/?s={search_term_string}"},"query-input":{"@type":"PropertyValueSpecification","valueRequired":true,"valueName":"search_term_string"}}],"inLanguage":"fr-FR"},{"@type":"Organization","@id":"https:\/\/www.univ-lorraine.fr\/welcome\/#organization","name":"Universit\u00e9 de Lorraine","url":"https:\/\/www.univ-lorraine.fr\/welcome\/","logo":{"@type":"ImageObject","inLanguage":"fr-FR","@id":"https:\/\/www.univ-lorraine.fr\/welcome\/#\/schema\/logo\/image\/","url":"https:\/\/www.univ-lorraine.fr\/welcome\/wp-content\/uploads\/sites\/41\/2021\/01\/LOGO_UL.png","contentUrl":"https:\/\/www.univ-lorraine.fr\/welcome\/wp-content\/uploads\/sites\/41\/2021\/01\/LOGO_UL.png","width":138,"height":48,"caption":"Universit\u00e9 de Lorraine"},"image":{"@id":"https:\/\/www.univ-lorraine.fr\/welcome\/#\/schema\/logo\/image\/"}}]}},"_links":{"self":[{"href":"https:\/\/www.univ-lorraine.fr\/welcome\/wp-json\/wp\/v2\/pages\/6333","targetHints":{"allow":["GET"]}}],"collection":[{"href":"https:\/\/www.univ-lorraine.fr\/welcome\/wp-json\/wp\/v2\/pages"}],"about":[{"href":"https:\/\/www.univ-lorraine.fr\/welcome\/wp-json\/wp\/v2\/types\/page"}],"author":[{"embeddable":true,"href":"https:\/\/www.univ-lorraine.fr\/welcome\/wp-json\/wp\/v2\/users\/7"}],"replies":[{"embeddable":true,"href":"https:\/\/www.univ-lorraine.fr\/welcome\/wp-json\/wp\/v2\/comments?post=6333"}],"version-history":[{"count":8,"href":"https:\/\/www.univ-lorraine.fr\/welcome\/wp-json\/wp\/v2\/pages\/6333\/revisions"}],"predecessor-version":[{"id":7860,"href":"https:\/\/www.univ-lorraine.fr\/welcome\/wp-json\/wp\/v2\/pages\/6333\/revisions\/7860"}],"wp:attachment":[{"href":"https:\/\/www.univ-lorraine.fr\/welcome\/wp-json\/wp\/v2\/media?parent=6333"}],"curies":[{"name":"wp","href":"https:\/\/api.w.org\/{rel}","templated":true}]}}