{"id":9409,"date":"2025-07-15T14:29:04","date_gmt":"2025-07-15T12:29:04","guid":{"rendered":"https:\/\/www.univ-lorraine.fr\/welcome\/?page_id=9409"},"modified":"2025-07-15T14:30:34","modified_gmt":"2025-07-15T12:30:34","slug":"formations-en-anglais","status":"publish","type":"page","link":"https:\/\/www.univ-lorraine.fr\/welcome\/luniversite-de-lorraine\/formations-en-anglais\/","title":{"rendered":"Formations en anglais"},"content":{"rendered":"<div id=\"ul-formation-form\"><a name=\"form\"><\/a><form id=\"ul-search-formation\" class=\"ul-search-formation-ajax-submit\" role=\"search\" method=\"get\" action=\"#form\"><fieldset><legend>Nos fili\u00e8res de formation<\/legend><h2 class=\"other_filter\">Autres filtres<\/h2><label class=\"label_input\" for=\"formation_query\">Chercher dans le titre de la formation<\/label><input type=\"search\" id=\"formation_query\" name=\"formation-query\" placeholder=\"Chercher dans le titre de la formation\" ><label class=\"label_input\" for=\"type_diplome\">Type de dipl\u00f4me<\/label><select name=\"type-diplome\" id=\"type_diplome\"><option value=\"\">Type de dipl\u00f4me<\/option><option value=\"master\" >Master<\/option><option value=\"diplome-duniversite-du-diplome-inter-universitaire-diu\" >Dipl\u00f4me d'Universit\u00e9 (DU) - Dipl\u00f4me Inter Universitaire (DIU)<\/option><option value=\"licence\" >Licence<\/option><option value=\"formation-professionnelle\" >Formation professionnelle<\/option><option value=\"daeu-diplome-dacces-aux-etudes-universitaires\" >DAEU (Dipl\u00f4me d'acc\u00e8s aux \u00e9tudes universitaires)<\/option><option value=\"classe-preparatoire\" >Classe pr\u00e9paratoire<\/option><option value=\"licence-professionnelle\" >Licence Professionnelle<\/option><option value=\"diplome-dingenieur\" >Dipl\u00f4me d'ing\u00e9nieur<\/option><option value=\"mastere\" >Mast\u00e8re<\/option><option value=\"diplome-national-de-sante\" >Dipl\u00f4me national de sant\u00e9<\/option><option value=\"diplome-paramedical\" >Dipl\u00f4me param\u00e9dical<\/option><option value=\"pass-las-acces-aux-etudes-de-sante\" >PASS-LAS - acc\u00e8s aux \u00e9tudes de sant\u00e9<\/option><option value=\"deust\" >DEUST<\/option><option value=\"b-u-t\" >B.U.T.<\/option><option value=\"capacite\" >Capacit\u00e9<\/option><\/select><input id=\"resetSearch\"  type=\"button\" value=\"R\u00e9initialiser les filtres\"\/><\/fieldset><\/form><\/div>\n\n\n<div id=\"ul-formation-result\"><div class=\"pagination-container\"><ul class=\"pagination\"><li><a href=\"\/welcome\/wp-json\/wp\/v2\/pages\/9409?pg=1\" class=\"page-change active-page\" data-page=\"1\" title=\"Aller \u00e0 la page 1 des r\u00e9sultats de recherche\">1<\/a><\/li><li><a href=\"\/welcome\/wp-json\/wp\/v2\/pages\/9409?pg=2\" class=\"page-change \" data-page=\"2\" title=\"Aller \u00e0 la page 2 des r\u00e9sultats de recherche\">2<\/a><\/li><li><a href=\"\/welcome\/wp-json\/wp\/v2\/pages\/9409?pg=3\" class=\"page-change \" data-page=\"3\" title=\"Aller \u00e0 la page 3 des r\u00e9sultats de recherche\">3<\/a><\/li><\/ul><\/div><ul id=\"ul-formation-result-list\"><a href=\"https:\/\/formations.univ-lorraine.fr\/fr\/diplomes-et-formations\/3379-european-master-in-lexicography-emlex.html\" target=\"_blank\" title=\"Lien externe dans une nouvelle fen\u00eatre : https:\/\/formations.univ-lorraine.fr\/fr\/diplomes-et-formations\/3379-european-master-in-lexicography-emlex.html\"><li class=\"ul-one-formation\"><div class=\"ul-formation-img\"><img decoding=\"async\" src=\"https:\/\/formations.univ-lorraine.fr\/img\/p\/4\/8\/5\/0\/4850-home_default.jpg\" alt=\"\"><\/div><div class=\"ul-formation-type\">Master<\/div><div class=\"ul-formation-name\">European Master in Lexicography (EMLex)<\/div><div class=\"ul-formation-desc\"><\/div><div class=\"ul-formation-localisation\">Nancy et agglom\u00e9ration<\/div><div class=\"ul-formation-niv-access\"><span class=\"ul-formation-label-niveau\">Niveau requis :<\/span>Bac+3<\/div><div class=\"ul-formation-cpf\"><span class=\"ul-formation-label-cpf\">\u00c9ligible CPF :<\/span>Non<\/div><\/li><\/a><a href=\"https:\/\/formations.univ-lorraine.fr\/fr\/master\/2265-master-chimie-pt-chimie-physique-et-analytique.html\" target=\"_blank\" title=\"Lien externe dans une nouvelle fen\u00eatre : https:\/\/formations.univ-lorraine.fr\/fr\/master\/2265-master-chimie-pt-chimie-physique-et-analytique.html\"><li class=\"ul-one-formation\"><div class=\"ul-formation-img\"><img decoding=\"async\" src=\"https:\/\/formations.univ-lorraine.fr\/img\/p\/3\/8\/1\/1\/3811-home_default.jpg\" alt=\"\"><\/div><div class=\"ul-formation-type\">Master<\/div><div class=\"ul-formation-name\">Master Chimie PT Chimie Physique et Analytique<\/div><div class=\"ul-formation-desc\">Le parcours type Chimie Physique et Analytique du Master Chimie de l'Universit\u00e9 de Lorraine est une formation \u00e0 bac+5 dans laquelle les \u00e9tudiants acqui\u00e8rent la ma\u00eetrise des comp\u00e9t\u2026<\/div><div class=\"ul-formation-localisation\">Nancy et agglom\u00e9ration<\/div><div class=\"ul-formation-niv-access\"><span class=\"ul-formation-label-niveau\">Niveau requis :<\/span>Bac+3, Bac+4<\/div><div class=\"ul-formation-cpf\"><span class=\"ul-formation-label-cpf\">\u00c9ligible CPF :<\/span>Oui<\/div><\/li><\/a><a href=\"https:\/\/formations.univ-lorraine.fr\/fr\/master\/2167-master-forests-and-their-environment.html\" target=\"_blank\" title=\"Lien externe dans une nouvelle fen\u00eatre : https:\/\/formations.univ-lorraine.fr\/fr\/master\/2167-master-forests-and-their-environment.html\"><li class=\"ul-one-formation\"><div class=\"ul-formation-img\"><img decoding=\"async\" src=\"https:\/\/formations.univ-lorraine.fr\/img\/p\/3\/7\/1\/3\/3713-home_default.jpg\" alt=\"\"><\/div><div class=\"ul-formation-type\">Master<\/div><div class=\"ul-formation-name\">Master Forests and their environment<\/div><div class=\"ul-formation-desc\">L'objectif de la mention\u00a0\u00a0Agrosciences, Environnement, Territoires, Paysage, For\u00eat est de donner \u00e0 des \u00e9tudiants ayant d\u00e9j\u00e0 une premi\u00e8re formation en biologie, chimie ou sciences \u2026<\/div><div class=\"ul-formation-localisation\">Nancy et agglom\u00e9ration<\/div><div class=\"ul-formation-niv-access\"><span class=\"ul-formation-label-niveau\">Niveau requis :<\/span>Bac+3, Bac+4<\/div><div class=\"ul-formation-cpf\"><span class=\"ul-formation-label-cpf\">\u00c9ligible CPF :<\/span>Oui<\/div><\/li><\/a><a href=\"https:\/\/formations.univ-lorraine.fr\/fr\/master\/2369-master-genie-des-procedes-et-des-bio-procedes-pt-chemical-engineering-process-and-sustainability-chips.html\" target=\"_blank\" title=\"Lien externe dans une nouvelle fen\u00eatre : https:\/\/formations.univ-lorraine.fr\/fr\/master\/2369-master-genie-des-procedes-et-des-bio-procedes-pt-chemical-engineering-process-and-sustainability-chips.html\"><li class=\"ul-one-formation\"><div class=\"ul-formation-img\"><img decoding=\"async\" src=\"https:\/\/formations.univ-lorraine.fr\/img\/p\/3\/9\/1\/5\/3915-home_default.jpg\" alt=\"\"><\/div><div class=\"ul-formation-type\">Master<\/div><div class=\"ul-formation-name\">Master G\u00e9nie des Proc\u00e9d\u00e9s et des Bio-proc\u00e9d\u00e9s PT Chemical Engineering Process and Sustainability (CHIPS)<\/div><div class=\"ul-formation-desc\">Le parcours type CHIPS (Chemical Engineering Process and Sustainability) du Master GPBP (G\u00e9nie des Proc\u00e9d\u00e9s et des Bio-Proc\u00e9d\u00e9s) de l\u2019Universit\u00e9 de Lorraine comporte trois semestr\u2026<\/div><div class=\"ul-formation-localisation\">Nancy et agglom\u00e9ration<\/div><div class=\"ul-formation-niv-access\"><span class=\"ul-formation-label-niveau\">Niveau requis :<\/span>Bac+3, Bac+4, Bac+5 et plus<\/div><div class=\"ul-formation-cpf\"><span class=\"ul-formation-label-cpf\">\u00c9ligible CPF :<\/span>Oui<\/div><\/li><\/a><a href=\"https:\/\/formations.univ-lorraine.fr\/fr\/master\/2331-master-informatique-pt-securite-de-l-information-et-des-systemes-sis.html\" target=\"_blank\" title=\"Lien externe dans une nouvelle fen\u00eatre : https:\/\/formations.univ-lorraine.fr\/fr\/master\/2331-master-informatique-pt-securite-de-l-information-et-des-systemes-sis.html\"><li class=\"ul-one-formation\"><div class=\"ul-formation-img\"><img decoding=\"async\" src=\"https:\/\/formations.univ-lorraine.fr\/img\/p\/3\/8\/7\/7\/3877-home_default.jpg\" alt=\"\"><\/div><div class=\"ul-formation-type\">Master<\/div><div class=\"ul-formation-name\">Master Informatique PT S\u00e9curit\u00e9 de l'Information et des Syst\u00e8mes (SIS)<\/div><div class=\"ul-formation-desc\">Le master mention \u00ab Informatique \u00bb propose une formation avanc\u00e9e, fondamentale et appliqu\u00e9e, dans plusieurs domaines de l\u2019informatique. Les th\u00e8mes abord\u00e9s concernent les sciences \u2026<\/div><div class=\"ul-formation-localisation\">Metz et agglom\u00e9ration, Nancy et agglom\u00e9ration<\/div><div class=\"ul-formation-niv-access\"><span class=\"ul-formation-label-niveau\">Niveau requis :<\/span>Bac+3, Bac+4<\/div><div class=\"ul-formation-cpf\"><span class=\"ul-formation-label-cpf\">\u00c9ligible CPF :<\/span>Oui<\/div><\/li><\/a><\/ul><div class=\"pagination-container\"><ul class=\"pagination\"><li><a href=\"\/welcome\/wp-json\/wp\/v2\/pages\/9409?pg=1\" class=\"page-change active-page\" data-page=\"1\" title=\"Aller \u00e0 la page 1 des r\u00e9sultats de recherche\">1<\/a><\/li><li><a href=\"\/welcome\/wp-json\/wp\/v2\/pages\/9409?pg=2\" class=\"page-change \" data-page=\"2\" title=\"Aller \u00e0 la page 2 des r\u00e9sultats de recherche\">2<\/a><\/li><li><a href=\"\/welcome\/wp-json\/wp\/v2\/pages\/9409?pg=3\" class=\"page-change \" data-page=\"3\" title=\"Aller \u00e0 la page 3 des r\u00e9sultats de recherche\">3<\/a><\/li><\/ul><\/div><\/div>\n\n\n\n<p><\/p>\n","protected":false},"excerpt":{"rendered":"","protected":false},"author":7,"featured_media":0,"parent":267,"menu_order":0,"comment_status":"closed","ping_status":"closed","template":"","meta":{"inline_featured_image":false,"footnotes":""},"class_list":["post-9409","page","type-page","status-publish"],"yoast_head":"<!-- This site is optimized with the Yoast SEO plugin v27.4 - https:\/\/yoast.com\/product\/yoast-seo-wordpress\/ -->\n<title>Formations en anglais - Welcome<\/title>\n<meta name=\"robots\" content=\"index, follow, max-snippet:-1, max-image-preview:large, max-video-preview:-1\" \/>\n<link rel=\"canonical\" href=\"https:\/\/www.univ-lorraine.fr\/welcome\/luniversite-de-lorraine\/formations-en-anglais\/\" \/>\n<meta property=\"og:locale\" content=\"fr_FR\" \/>\n<meta property=\"og:type\" content=\"article\" \/>\n<meta property=\"og:title\" content=\"Formations en anglais - Welcome\" \/>\n<meta property=\"og:url\" content=\"https:\/\/www.univ-lorraine.fr\/welcome\/luniversite-de-lorraine\/formations-en-anglais\/\" \/>\n<meta property=\"og:site_name\" content=\"Welcome\" \/>\n<meta property=\"article:modified_time\" content=\"2025-07-15T12:30:34+00:00\" \/>\n<meta name=\"twitter:card\" content=\"summary_large_image\" \/>\n<script type=\"application\/ld+json\" class=\"yoast-schema-graph\">{\"@context\":\"https:\\\/\\\/schema.org\",\"@graph\":[{\"@type\":\"WebPage\",\"@id\":\"https:\\\/\\\/www.univ-lorraine.fr\\\/welcome\\\/luniversite-de-lorraine\\\/formations-en-anglais\\\/\",\"url\":\"https:\\\/\\\/www.univ-lorraine.fr\\\/welcome\\\/luniversite-de-lorraine\\\/formations-en-anglais\\\/\",\"name\":\"Formations en anglais - Welcome\",\"isPartOf\":{\"@id\":\"https:\\\/\\\/www.univ-lorraine.fr\\\/welcome\\\/#website\"},\"datePublished\":\"2025-07-15T12:29:04+00:00\",\"dateModified\":\"2025-07-15T12:30:34+00:00\",\"breadcrumb\":{\"@id\":\"https:\\\/\\\/www.univ-lorraine.fr\\\/welcome\\\/luniversite-de-lorraine\\\/formations-en-anglais\\\/#breadcrumb\"},\"inLanguage\":\"fr-FR\",\"potentialAction\":[{\"@type\":\"ReadAction\",\"target\":[\"https:\\\/\\\/www.univ-lorraine.fr\\\/welcome\\\/luniversite-de-lorraine\\\/formations-en-anglais\\\/\"]}]},{\"@type\":\"BreadcrumbList\",\"@id\":\"https:\\\/\\\/www.univ-lorraine.fr\\\/welcome\\\/luniversite-de-lorraine\\\/formations-en-anglais\\\/#breadcrumb\",\"itemListElement\":[{\"@type\":\"ListItem\",\"position\":1,\"name\":\"Accueil\",\"item\":\"https:\\\/\\\/www.univ-lorraine.fr\\\/welcome\\\/\"},{\"@type\":\"ListItem\",\"position\":2,\"name\":\"L&rsquo;Universit\u00e9 de Lorraine\",\"item\":\"https:\\\/\\\/www.univ-lorraine.fr\\\/welcome\\\/luniversite-de-lorraine\\\/\"},{\"@type\":\"ListItem\",\"position\":3,\"name\":\"Formations en anglais\"}]},{\"@type\":\"WebSite\",\"@id\":\"https:\\\/\\\/www.univ-lorraine.fr\\\/welcome\\\/#website\",\"url\":\"https:\\\/\\\/www.univ-lorraine.fr\\\/welcome\\\/\",\"name\":\"Welcome\",\"description\":\"Faire dialoguer les savoirs, c\u2019est innover\",\"publisher\":{\"@id\":\"https:\\\/\\\/www.univ-lorraine.fr\\\/welcome\\\/#organization\"},\"potentialAction\":[{\"@type\":\"SearchAction\",\"target\":{\"@type\":\"EntryPoint\",\"urlTemplate\":\"https:\\\/\\\/www.univ-lorraine.fr\\\/welcome\\\/?s={search_term_string}\"},\"query-input\":{\"@type\":\"PropertyValueSpecification\",\"valueRequired\":true,\"valueName\":\"search_term_string\"}}],\"inLanguage\":\"fr-FR\"},{\"@type\":\"Organization\",\"@id\":\"https:\\\/\\\/www.univ-lorraine.fr\\\/welcome\\\/#organization\",\"name\":\"Universit\u00e9 de Lorraine\",\"url\":\"https:\\\/\\\/www.univ-lorraine.fr\\\/welcome\\\/\",\"logo\":{\"@type\":\"ImageObject\",\"inLanguage\":\"fr-FR\",\"@id\":\"https:\\\/\\\/www.univ-lorraine.fr\\\/welcome\\\/#\\\/schema\\\/logo\\\/image\\\/\",\"url\":\"https:\\\/\\\/www.univ-lorraine.fr\\\/welcome\\\/wp-content\\\/uploads\\\/sites\\\/41\\\/2021\\\/01\\\/LOGO_UL.png\",\"contentUrl\":\"https:\\\/\\\/www.univ-lorraine.fr\\\/welcome\\\/wp-content\\\/uploads\\\/sites\\\/41\\\/2021\\\/01\\\/LOGO_UL.png\",\"width\":138,\"height\":48,\"caption\":\"Universit\u00e9 de Lorraine\"},\"image\":{\"@id\":\"https:\\\/\\\/www.univ-lorraine.fr\\\/welcome\\\/#\\\/schema\\\/logo\\\/image\\\/\"}}]}<\/script>\n<!-- \/ Yoast SEO plugin. -->","yoast_head_json":{"title":"Formations en anglais - Welcome","robots":{"index":"index","follow":"follow","max-snippet":"max-snippet:-1","max-image-preview":"max-image-preview:large","max-video-preview":"max-video-preview:-1"},"canonical":"https:\/\/www.univ-lorraine.fr\/welcome\/luniversite-de-lorraine\/formations-en-anglais\/","og_locale":"fr_FR","og_type":"article","og_title":"Formations en anglais - Welcome","og_url":"https:\/\/www.univ-lorraine.fr\/welcome\/luniversite-de-lorraine\/formations-en-anglais\/","og_site_name":"Welcome","article_modified_time":"2025-07-15T12:30:34+00:00","twitter_card":"summary_large_image","schema":{"@context":"https:\/\/schema.org","@graph":[{"@type":"WebPage","@id":"https:\/\/www.univ-lorraine.fr\/welcome\/luniversite-de-lorraine\/formations-en-anglais\/","url":"https:\/\/www.univ-lorraine.fr\/welcome\/luniversite-de-lorraine\/formations-en-anglais\/","name":"Formations en anglais - Welcome","isPartOf":{"@id":"https:\/\/www.univ-lorraine.fr\/welcome\/#website"},"datePublished":"2025-07-15T12:29:04+00:00","dateModified":"2025-07-15T12:30:34+00:00","breadcrumb":{"@id":"https:\/\/www.univ-lorraine.fr\/welcome\/luniversite-de-lorraine\/formations-en-anglais\/#breadcrumb"},"inLanguage":"fr-FR","potentialAction":[{"@type":"ReadAction","target":["https:\/\/www.univ-lorraine.fr\/welcome\/luniversite-de-lorraine\/formations-en-anglais\/"]}]},{"@type":"BreadcrumbList","@id":"https:\/\/www.univ-lorraine.fr\/welcome\/luniversite-de-lorraine\/formations-en-anglais\/#breadcrumb","itemListElement":[{"@type":"ListItem","position":1,"name":"Accueil","item":"https:\/\/www.univ-lorraine.fr\/welcome\/"},{"@type":"ListItem","position":2,"name":"L&rsquo;Universit\u00e9 de Lorraine","item":"https:\/\/www.univ-lorraine.fr\/welcome\/luniversite-de-lorraine\/"},{"@type":"ListItem","position":3,"name":"Formations en anglais"}]},{"@type":"WebSite","@id":"https:\/\/www.univ-lorraine.fr\/welcome\/#website","url":"https:\/\/www.univ-lorraine.fr\/welcome\/","name":"Welcome","description":"Faire dialoguer les savoirs, c\u2019est innover","publisher":{"@id":"https:\/\/www.univ-lorraine.fr\/welcome\/#organization"},"potentialAction":[{"@type":"SearchAction","target":{"@type":"EntryPoint","urlTemplate":"https:\/\/www.univ-lorraine.fr\/welcome\/?s={search_term_string}"},"query-input":{"@type":"PropertyValueSpecification","valueRequired":true,"valueName":"search_term_string"}}],"inLanguage":"fr-FR"},{"@type":"Organization","@id":"https:\/\/www.univ-lorraine.fr\/welcome\/#organization","name":"Universit\u00e9 de Lorraine","url":"https:\/\/www.univ-lorraine.fr\/welcome\/","logo":{"@type":"ImageObject","inLanguage":"fr-FR","@id":"https:\/\/www.univ-lorraine.fr\/welcome\/#\/schema\/logo\/image\/","url":"https:\/\/www.univ-lorraine.fr\/welcome\/wp-content\/uploads\/sites\/41\/2021\/01\/LOGO_UL.png","contentUrl":"https:\/\/www.univ-lorraine.fr\/welcome\/wp-content\/uploads\/sites\/41\/2021\/01\/LOGO_UL.png","width":138,"height":48,"caption":"Universit\u00e9 de Lorraine"},"image":{"@id":"https:\/\/www.univ-lorraine.fr\/welcome\/#\/schema\/logo\/image\/"}}]}},"_links":{"self":[{"href":"https:\/\/www.univ-lorraine.fr\/welcome\/wp-json\/wp\/v2\/pages\/9409","targetHints":{"allow":["GET"]}}],"collection":[{"href":"https:\/\/www.univ-lorraine.fr\/welcome\/wp-json\/wp\/v2\/pages"}],"about":[{"href":"https:\/\/www.univ-lorraine.fr\/welcome\/wp-json\/wp\/v2\/types\/page"}],"author":[{"embeddable":true,"href":"https:\/\/www.univ-lorraine.fr\/welcome\/wp-json\/wp\/v2\/users\/7"}],"replies":[{"embeddable":true,"href":"https:\/\/www.univ-lorraine.fr\/welcome\/wp-json\/wp\/v2\/comments?post=9409"}],"version-history":[{"count":2,"href":"https:\/\/www.univ-lorraine.fr\/welcome\/wp-json\/wp\/v2\/pages\/9409\/revisions"}],"predecessor-version":[{"id":9411,"href":"https:\/\/www.univ-lorraine.fr\/welcome\/wp-json\/wp\/v2\/pages\/9409\/revisions\/9411"}],"up":[{"embeddable":true,"href":"https:\/\/www.univ-lorraine.fr\/welcome\/wp-json\/wp\/v2\/pages\/267"}],"wp:attachment":[{"href":"https:\/\/www.univ-lorraine.fr\/welcome\/wp-json\/wp\/v2\/media?parent=9409"}],"curies":[{"name":"wp","href":"https:\/\/api.w.org\/{rel}","templated":true}]}}